{"id":8467,"date":"2012-01-22T08:44:21","date_gmt":"2012-01-22T07:44:21","guid":{"rendered":"http:\/\/klubmamgdynia.pl\/index.php\/produkt\/hot-wheels-premium-scooby-doo-the-mystery-machine-hcp18\/"},"modified":"2026-04-23T17:33:23","modified_gmt":"2026-04-23T15:33:23","slug":"hot-wheels-premium-scooby-doo-the-mystery-machine-hcp18","status":"publish","type":"product","link":"http:\/\/klubmamgdynia.pl\/index.php\/produkt\/hot-wheels-premium-scooby-doo-the-mystery-machine-hcp18\/","title":{"rendered":"Hot Wheels Premium Scooby Doo The Mystery Machine HCP18"},"content":{"rendered":"<p>PRODUCENT: MATTELWIEK DZIECKA: +3 LATAHot Wheels\u00ae wkracza do \u015bwiata rozrywki i prezentuje wyj\u0105tkowe repliki popularnych i kultowych samochod\u00f3w w skali 1:64.Inspirowane filmami i markami takimi jak Batman, Powr\u00f3t do przysz\u0142o\u015bci, Forza czy Grand Turismo zachwyc\u0105 kolekcjoner\u00f3w.S\u0142awne pojazdy zosta\u0142y uwiecznione w asortymencie dwudziestu ekskluzywnych modeli dla doros\u0142ych kolekcjoner\u00f3w.Hot Wheels PremiumModel HCP18 Scooby Doo The Mystery Machine<\/p>\n<h2>Hot Wheels Premium Scooby Doo The Mystery Machine HCP18 Hot Wheels<\/h2>\n<p>znaczenie imiona alan, roczek prezent, miko\u0142ajek sprawdzian z lektury z odpowiedziami, bajka o dinozaurach do czytania, test z lektury ten obcy, prezenty na roczek, zabawy dla 7 latki, kolorowanki pokemon, \u017cyczenia bo\u017ce narodzenie oryginalne, prezent dla trzynastolatki, eksperyment dla dzieci wulkan, rymowanki o pisankach, wzruszaj\u0105c\u0105 piosenka dla taty, harry potter kolorowanka, kolorowe ciasto, basen warszawa, praktyczny prezent dla rocznego dziecka<\/p>\n<p>yyyyy<\/p>\n<p>&nbsp;<\/p>\n","protected":false},"excerpt":{"rendered":"<p>PRODUCENT: MATTELWIEK DZIECKA: +3 LATAHot Wheels\u00ae wkracza do \u015bwiata rozrywki i prezentuje wyj\u0105tkowe repliki popularnych i kultowych samochod\u00f3w w skali 1:64.Inspirowane filmami i markami takimi jak Batman, Powr\u00f3t do przysz\u0142o\u015bci, Forza czy Grand Turismo zachwyc\u0105 kolekcjoner\u00f3w.S\u0142awne pojazdy zosta\u0142y uwiecznione w asortymencie dwudziestu ekskluzywnych modeli dla doros\u0142ych kolekcjoner\u00f3w.Hot Wheels PremiumModel HCP18 Scooby Doo The Mystery Machine [&hellip;]<\/p>\n","protected":false},"featured_media":8468,"comment_status":"closed","ping_status":"open","template":"","meta":[],"product_cat":[83,150],"product_tag":[671,754,716,585,599],"class_list":["post-8467","product","type-product","status-publish","has-post-thumbnail","hentry","product_cat-auta-i-inne-pojazdy-do-zabawy","product_cat-hot-wheels","product_tag-cicha-noc-po-angielsku-tekst","product_tag-dyplomy-do-wydrukowania-a4","product_tag-filmy-animowane-o-swietach","product_tag-kolorowanki-dla-chlopcow","product_tag-prezent-dla-nastolatkow-2021"],"_links":{"self":[{"href":"http:\/\/klubmamgdynia.pl\/index.php\/wp-json\/wp\/v2\/product\/8467","targetHints":{"allow":["GET"]}}],"collection":[{"href":"http:\/\/klubmamgdynia.pl\/index.php\/wp-json\/wp\/v2\/product"}],"about":[{"href":"http:\/\/klubmamgdynia.pl\/index.php\/wp-json\/wp\/v2\/types\/product"}],"replies":[{"embeddable":true,"href":"http:\/\/klubmamgdynia.pl\/index.php\/wp-json\/wp\/v2\/comments?post=8467"}],"wp:featuredmedia":[{"embeddable":true,"href":"http:\/\/klubmamgdynia.pl\/index.php\/wp-json\/wp\/v2\/media\/8468"}],"wp:attachment":[{"href":"http:\/\/klubmamgdynia.pl\/index.php\/wp-json\/wp\/v2\/media?parent=8467"}],"wp:term":[{"taxonomy":"product_cat","embeddable":true,"href":"http:\/\/klubmamgdynia.pl\/index.php\/wp-json\/wp\/v2\/product_cat?post=8467"},{"taxonomy":"product_tag","embeddable":true,"href":"http:\/\/klubmamgdynia.pl\/index.php\/wp-json\/wp\/v2\/product_tag?post=8467"}],"curies":[{"name":"wp","href":"https:\/\/api.w.org\/{rel}","templated":true}]}}