{"id":8471,"date":"2016-04-01T00:08:17","date_gmt":"2016-03-31T22:08:17","guid":{"rendered":"http:\/\/klubmamgdynia.pl\/index.php\/produkt\/zabawka-interaktywna-dla-dzieci-pilot-z-muzyka\/"},"modified":"2026-05-01T17:35:38","modified_gmt":"2026-05-01T15:35:38","slug":"zabawka-interaktywna-dla-dzieci-pilot-z-muzyka","status":"publish","type":"product","link":"http:\/\/klubmamgdynia.pl\/index.php\/produkt\/zabawka-interaktywna-dla-dzieci-pilot-z-muzyka\/","title":{"rendered":"Zabawka interaktywna dla dzieci pilot z muzyk\u0105"},"content":{"rendered":"<p>Zabawka interaktywna dla dzieci pilot z muzyk\u0105Rewelacyjna zabawka interaktywna zaprojektowana z my\u015bl\u0105 o najm\u0142odszych pociechach.Jasne stonowane kolory, przyci\u0105gn\u0105 uwag\u0119 Twojego dziecka i zach\u0119c\u0105 do zabawy.Wykonana z dba\u0142o\u015bci\u0105 o ka\u017cdy szczeg\u00f3\u0142.Pilot wykonany s\u0105 z wysokiej jako\u015bci materia\u0142\u00f3w i jest ca\u0142kowicie bezpieczny.Zabawka jest \u0142atwa do uchwycenia i utrzymania w r\u0105czkach dziecka.Szereg r\u00f3\u017cnych funkcji uatrakcyjni zabaw\u0119 i pomo\u017ce dziecku w poznawaniu \u015bwiata.Zabawka ma na celu nauk\u0119 poprzez zabaw\u0119.Dziecko dzi\u0119ki pilotowi pozna nowe d\u017awi\u0119ki i zacznie poznawa\u0107 nowe j\u0119zyki: angielski, hiszpa\u0144ski i francuski.Pozna liczenie w trzech j\u0119zykach.Magiczna zabawka, kt\u00f3ra zajmie malucha na d\u0142ugie godziny i przyniesie mu mn\u00f3stwo atrakcji i rado\u015bci.Doskona\u0142y pomys\u0142 na prezent!Interaktywny pilot:- gra r\u00f3\u017cn\u0105 muzyk\u0119,- uczy malucha liczb w trzech dost\u0119pnych j\u0119zykach: angielski, francuski, hiszpa\u0144ski,- uczy kszta\u0142t\u00f3w,- pod\u015bwietla si\u0119.Zalety:- Solidnie wykonana,- stonowana kolorystyka,- Posiada efekty \u015bwietlne i d\u017awi\u0119kowe,- Nauka przez zabawk\u0119,- Wspomaga nauk\u0119 j\u0119zyka angielskiego, francuskiego i hiszpa\u0144skiego,- Pomocna podczas nauki liczb i d\u017awi\u0119k\u00f3w,- Du\u017ca liczba bod\u017ac\u00f3w.Przeznaczona dla dzieci od 6-36 miesi\u0119cy.Pilot zasilany na baterie, kt\u00f3re nie s\u0105 do\u0142\u0105czone do zestawu. ( 2 baterie AAA)Zapakowane w kartonowe pude\u0142ko.Kolor: Szary pilot z kolorowymi przyciskami.Wymiary pude\u0142ka:11cm x 21 cm x 5 cm<\/p>\n<h2>Zabawka interaktywna dla dzieci pilot z muzyk\u0105 Kik<\/h2>\n<p>jan pawe\u0142 2 rysunek \u0142atwy dla dzieci, warszawa dla dzieci, test z dynastii mizio\u0142k\u00f3w, filmy animowane o \u015bwi\u0119tach, quizy online, zagadki logiczne, aniela imie<\/p>\n<p>yyyyy<\/p>\n<p>&nbsp;<\/p>\n","protected":false},"excerpt":{"rendered":"<p>Zabawka interaktywna dla dzieci pilot z muzyk\u0105Rewelacyjna zabawka interaktywna zaprojektowana z my\u015bl\u0105 o najm\u0142odszych pociechach.Jasne stonowane kolory, przyci\u0105gn\u0105 uwag\u0119 Twojego dziecka i zach\u0119c\u0105 do zabawy.Wykonana z dba\u0142o\u015bci\u0105 o ka\u017cdy szczeg\u00f3\u0142.Pilot wykonany s\u0105 z wysokiej jako\u015bci materia\u0142\u00f3w i jest ca\u0142kowicie bezpieczny.Zabawka jest \u0142atwa do uchwycenia i utrzymania w r\u0105czkach dziecka.Szereg r\u00f3\u017cnych funkcji uatrakcyjni zabaw\u0119 i pomo\u017ce [&hellip;]<\/p>\n","protected":false},"featured_media":8472,"comment_status":"closed","ping_status":"open","template":"","meta":[],"product_cat":[165,155],"product_tag":[658,867,654,672],"class_list":["post-8471","product","type-product","status-publish","has-post-thumbnail","hentry","product_cat-kik","product_cat-zabawki-muzyczne","product_tag-alan-znaczenie-imienia","product_tag-kolorowanki-dla-dziewczynek","product_tag-krotkie-bajki-dla-dzieci-do-czytania","product_tag-trudne-zagadki-z-odpowiedziami"],"_links":{"self":[{"href":"http:\/\/klubmamgdynia.pl\/index.php\/wp-json\/wp\/v2\/product\/8471","targetHints":{"allow":["GET"]}}],"collection":[{"href":"http:\/\/klubmamgdynia.pl\/index.php\/wp-json\/wp\/v2\/product"}],"about":[{"href":"http:\/\/klubmamgdynia.pl\/index.php\/wp-json\/wp\/v2\/types\/product"}],"replies":[{"embeddable":true,"href":"http:\/\/klubmamgdynia.pl\/index.php\/wp-json\/wp\/v2\/comments?post=8471"}],"wp:featuredmedia":[{"embeddable":true,"href":"http:\/\/klubmamgdynia.pl\/index.php\/wp-json\/wp\/v2\/media\/8472"}],"wp:attachment":[{"href":"http:\/\/klubmamgdynia.pl\/index.php\/wp-json\/wp\/v2\/media?parent=8471"}],"wp:term":[{"taxonomy":"product_cat","embeddable":true,"href":"http:\/\/klubmamgdynia.pl\/index.php\/wp-json\/wp\/v2\/product_cat?post=8471"},{"taxonomy":"product_tag","embeddable":true,"href":"http:\/\/klubmamgdynia.pl\/index.php\/wp-json\/wp\/v2\/product_tag?post=8471"}],"curies":[{"name":"wp","href":"https:\/\/api.w.org\/{rel}","templated":true}]}}