{"id":8473,"date":"2017-05-10T21:23:48","date_gmt":"2017-05-10T19:23:48","guid":{"rendered":"http:\/\/klubmamgdynia.pl\/index.php\/produkt\/lean-toys-pilot-24g-do-auta-na-akumulator-audi-r8\/"},"modified":"2026-04-04T08:08:51","modified_gmt":"2026-04-04T06:08:51","slug":"lean-toys-pilot-24g-do-auta-na-akumulator-audi-r8","status":"publish","type":"product","link":"http:\/\/klubmamgdynia.pl\/index.php\/produkt\/lean-toys-pilot-24g-do-auta-na-akumulator-audi-r8\/","title":{"rendered":"Lean Toys Pilot 2,4G Do Auta Na Akumulator Audi R8"},"content":{"rendered":"<p>Pilot do Auta na akumulator Audi R8 EAN: 5907625588256Kod Producenta: 871<\/p>\n<h2>Lean Toys Pilot 2,4G Do Auta Na Akumulator Audi R8 Lean Toys<\/h2>\n<p>wr\u00f3\u017cby andrzejkowe dla dzieci online, test z lektury opowie\u015bci z narnii lew czarownica i stara szafa z odpowiedziami, chase kolorowanka, prima aprilis w szkole, gabriela imie<\/p>\n<p>yyyyy<\/p>\n<p>&nbsp;<\/p>\n","protected":false},"excerpt":{"rendered":"<p>Pilot do Auta na akumulator Audi R8 EAN: 5907625588256Kod Producenta: 871 Lean Toys Pilot 2,4G Do Auta Na Akumulator Audi R8 Lean Toys wr\u00f3\u017cby andrzejkowe dla dzieci online, test z lektury opowie\u015bci z narnii lew czarownica i stara szafa z odpowiedziami, chase kolorowanka, prima aprilis w szkole, gabriela imie yyyyy &nbsp;<\/p>\n","protected":false},"featured_media":8474,"comment_status":"closed","ping_status":"open","template":"","meta":[],"product_cat":[1418,73],"product_tag":[825,648,789,596],"class_list":["post-8473","product","type-product","status-publish","has-post-thumbnail","hentry","product_cat-akcesoria-do-zabawek-ogrodowych","product_cat-lean-toys","product_tag-bajka-na-dobranoc-do-czytania","product_tag-dobrej-nocy-i-sza","product_tag-kaczuszka","product_tag-pomysly-na-prima-aprilis"],"_links":{"self":[{"href":"http:\/\/klubmamgdynia.pl\/index.php\/wp-json\/wp\/v2\/product\/8473","targetHints":{"allow":["GET"]}}],"collection":[{"href":"http:\/\/klubmamgdynia.pl\/index.php\/wp-json\/wp\/v2\/product"}],"about":[{"href":"http:\/\/klubmamgdynia.pl\/index.php\/wp-json\/wp\/v2\/types\/product"}],"replies":[{"embeddable":true,"href":"http:\/\/klubmamgdynia.pl\/index.php\/wp-json\/wp\/v2\/comments?post=8473"}],"wp:featuredmedia":[{"embeddable":true,"href":"http:\/\/klubmamgdynia.pl\/index.php\/wp-json\/wp\/v2\/media\/8474"}],"wp:attachment":[{"href":"http:\/\/klubmamgdynia.pl\/index.php\/wp-json\/wp\/v2\/media?parent=8473"}],"wp:term":[{"taxonomy":"product_cat","embeddable":true,"href":"http:\/\/klubmamgdynia.pl\/index.php\/wp-json\/wp\/v2\/product_cat?post=8473"},{"taxonomy":"product_tag","embeddable":true,"href":"http:\/\/klubmamgdynia.pl\/index.php\/wp-json\/wp\/v2\/product_tag?post=8473"}],"curies":[{"name":"wp","href":"https:\/\/api.w.org\/{rel}","templated":true}]}}