{"id":848,"date":"2014-03-18T04:56:02","date_gmt":"2014-03-18T03:56:02","guid":{"rendered":"http:\/\/klubmamgdynia.pl\/index.php\/produkt\/sigikid-lalka-z-myszka-40882\/"},"modified":"2026-05-02T15:36:01","modified_gmt":"2026-05-02T13:36:01","slug":"sigikid-lalka-z-myszka-40882","status":"publish","type":"product","link":"http:\/\/klubmamgdynia.pl\/index.php\/produkt\/sigikid-lalka-z-myszka-40882\/","title":{"rendered":"Sigikid Lalka Z Myszk\u0105 40882"},"content":{"rendered":"<p>Mi\u0119kka i kolorowa maskotka aktywizuj\u0105ca Dziewczynka z myszk\u0105 niemieckiej marki sigikid. Rekomendowana dla dzieci powy\u017cej 6 miesi\u0105ca \u017cycia. Uszyta z r\u00f3\u017cnych tkanin, materia\u0142\u00f3w, faktur oraz wystaj\u0105cych element\u00f3w (m. in. myszka w kieszonce), rozwija zdolno\u015bci poznawcze maluszka (np. odkrywanie ukrytych funkcji czy zwi\u0105zk\u00f3w przyczynowo-skutkowych), jak r\u00f3wnie\u017c tzw. ma\u0142\u0105 motoryk\u0119 (chwytanie, naciskanie i potrz\u0105sanie). Aktywizuje przede wszystkim zmys\u0142 s\u0142uchu (szele\u015bci, piszczy i grzechocze), wzroku i dotyku, mo\u017ce pe\u0142ni\u0107 tak\u017ce funkcj\u0119 grzechotki i stymuluj\u0105cego gryzaka \u2013 na n\u00f3\u017cce laleczki umieszczony jest fakturowany gryzaczek. Myszka piszczy, kwiatek w r\u0105czce i jedna z kitek \u2013 szeleszcz\u0105, a druga kitka jest z rozci\u0105gliwych tasiemek.Idealnie nadaje si\u0119 na prezent. Przytulanka zapakowana jest w estetyczne, a przede wszystkim bardzo pomys\u0142owe, wielofunkcyjne opakowanie. Najlepsze w nim jest to, \u017ce wystarczy obr\u00f3ci\u0107 je na drug\u0105 stron\u0119 i ju\u017c mamy pi\u0119knie zapakowany prezent, kt\u00f3ry w dodatku mo\u017cna jeszcze pokolorowa\u0107. Kolorowe pude\u0142ko, w kt\u00f3rym znajduje si\u0119 zabawka, wykonane jest z wysokiej jako\u015bci kartonu. Sprawdzi si\u0119 \u015bwietnie w dzieci\u0119cym pokoju do przechowywania drobiazg\u00f3w, jak kredki, klocki i inne ma\u0142e zabawki.Mo\u017cna pra\u0107 w pralce w temperaturze do 30\u00b0C.seria: PlayQkategoria: wielofunkcyjneindeks: 40882producent: sigikidbezpieczne od: 0+wiek rekomendowany: 6m+materia\u0142: poliester, wype\u0142nienie: poliesterdesign: Niemcywymiary produktu: 36 x 11 x 8 cmwaga produktu: 277 gbezpiecze\u0144stwo i jako\u015b\u0107: EN71, CE (\u0142\u0105cznie z REACH), ASTM, LFGB, \u00d6ko-Tex 100Kolekcja PlayQ to seria mi\u0119kkich, bajecznie kolorowych wielofunkcyjnych zabawek sensorycznych, aktywizuj\u0105cych zmys\u0142y, motoryk\u0119 i post\u0119py poznawcze dziecka. Wszystkie pluszowe zabawki sigikid z kolekcji PLAYQ s\u0105 bezpieczne dla dzieci ju\u017c od pierwszych dni \u017cycia, dodatkowo ka\u017cda zabawka ma wskazany rekomendowany wiek u\u017cytkowania, w zale\u017cno\u015bci od potrzeb rozwojowych maluszka.Your browser does not support the video tag.sigikid to rodzinna niemiecka marka, kt\u00f3ra od ponad 50 lat tworzy oryginalne zabawki dla dzieci. Idealne do przytulania i dzielenia si\u0119 mi\u0142o\u015bci\u0105, zabawki sigikid wykonane s\u0105 z najwy\u017cszej jako\u015bci materia\u0142\u00f3w i w pe\u0142ni bezpieczne dla dzieci od urodzenia. Stworzone by wspiera\u0107 dzieci w rozwoju, tak aby mog\u0142y poznawa\u0107 \u015bwiat rado\u015bnie i z nieograniczon\u0105 ciekawo\u015bci\u0105.Zabawki sigikid to gwarancja maksymalnego bezpiecze\u0144stwa. Testowane s\u0105 w zabawie, a tak\u017ce przez niezale\u017cne laboratoria i spe\u0142niaj\u0105 najwy\u017csze wymagania jako\u015bci. S\u0105 \u0142atwe do utrzymania w czysto\u015bci (nadaj\u0105 si\u0119 do prania), trwa\u0142e, zaprojektowane z humorem i wyobra\u017ani\u0105. Dost\u0119pne s\u0105 niemal w ca\u0142ej Europie, a tak\u017ce w USA i Azji. Dzi\u0119ki nim \u015bwiat staje si\u0119 nieco bardziej przytulny, a przez to \u2013 troch\u0119 lepszy!<\/p>\n<h2>Sigikid Lalka Z Myszk\u0105 40882 Sigikid<\/h2>\n<p>zgadywanki dla dzieci, jak narysowa\u0107, bajka o miko\u0142aju do czytania, malgorzata imi\u0119, audiobooki dla dzieci za darmo, szymon znaczenie imiona, szablon krokus kolorowanka, proste szczere \u017cyczenia bo\u017conarodzeniowe, prezenty dla nastolatek, zaproszenia do druku, park ujazdowski, imi\u0119 mira, zaproszenia na urodziny dla dzieci do druku, bajki dla niemowl\u0105t do czytania, pola imie, krzy\u017c\u00f3wki dla dzieci do druku, maly kotek kotek kolorowanka, zagadki \u015bmieszne dla dzieci, regina, quizy online, origami dla dzieci<\/p>\n<p>yyyyy<\/p>\n<p>&nbsp;<\/p>\n","protected":false},"excerpt":{"rendered":"<p>Mi\u0119kka i kolorowa maskotka aktywizuj\u0105ca Dziewczynka z myszk\u0105 niemieckiej marki sigikid. Rekomendowana dla dzieci powy\u017cej 6 miesi\u0105ca \u017cycia. Uszyta z r\u00f3\u017cnych tkanin, materia\u0142\u00f3w, faktur oraz wystaj\u0105cych element\u00f3w (m. in. myszka w kieszonce), rozwija zdolno\u015bci poznawcze maluszka (np. odkrywanie ukrytych funkcji czy zwi\u0105zk\u00f3w przyczynowo-skutkowych), jak r\u00f3wnie\u017c tzw. ma\u0142\u0105 motoryk\u0119 (chwytanie, naciskanie i potrz\u0105sanie). Aktywizuje przede wszystkim [&hellip;]<\/p>\n","protected":false},"featured_media":849,"comment_status":"closed","ping_status":"open","template":"","meta":[],"product_cat":[65,298],"product_tag":[719,580,657,579],"class_list":["post-848","product","type-product","status-publish","has-post-thumbnail","hentry","product_cat-lalki","product_cat-sigikid","product_tag-dziecko-cytaty-zlote-mysli","product_tag-janusz","product_tag-lol-kolorowanka","product_tag-quiz-opowiesci-z-narnii-lew-czarownica-i-stara-szafa"],"_links":{"self":[{"href":"http:\/\/klubmamgdynia.pl\/index.php\/wp-json\/wp\/v2\/product\/848","targetHints":{"allow":["GET"]}}],"collection":[{"href":"http:\/\/klubmamgdynia.pl\/index.php\/wp-json\/wp\/v2\/product"}],"about":[{"href":"http:\/\/klubmamgdynia.pl\/index.php\/wp-json\/wp\/v2\/types\/product"}],"replies":[{"embeddable":true,"href":"http:\/\/klubmamgdynia.pl\/index.php\/wp-json\/wp\/v2\/comments?post=848"}],"wp:featuredmedia":[{"embeddable":true,"href":"http:\/\/klubmamgdynia.pl\/index.php\/wp-json\/wp\/v2\/media\/849"}],"wp:attachment":[{"href":"http:\/\/klubmamgdynia.pl\/index.php\/wp-json\/wp\/v2\/media?parent=848"}],"wp:term":[{"taxonomy":"product_cat","embeddable":true,"href":"http:\/\/klubmamgdynia.pl\/index.php\/wp-json\/wp\/v2\/product_cat?post=848"},{"taxonomy":"product_tag","embeddable":true,"href":"http:\/\/klubmamgdynia.pl\/index.php\/wp-json\/wp\/v2\/product_tag?post=848"}],"curies":[{"name":"wp","href":"https:\/\/api.w.org\/{rel}","templated":true}]}}