{"id":8497,"date":"2024-07-31T05:16:02","date_gmt":"2024-07-31T03:16:02","guid":{"rendered":"http:\/\/klubmamgdynia.pl\/?post_type=product&#038;p=8497"},"modified":"2026-05-17T23:08:57","modified_gmt":"2026-05-17T21:08:57","slug":"death-end-request-2-gra-ns","status":"publish","type":"product","link":"http:\/\/klubmamgdynia.pl\/index.php\/produkt\/death-end-request-2-gra-ns\/","title":{"rendered":"Death end re;Quest 2 (Gra NS)"},"content":{"rendered":"<p>Kontynuacja jRPG-a z 2019 roku, oferuj\u0105ca zupe\u0142nie now\u0105 histori\u0119 w konwencji horroru osadzon\u0105 w \u015bwiecie znanym z Death end re;Quest<\/p>\n<h2>Death end re;Quest 2 (Gra NS) Compile Heart<\/h2>\n<p>co kupi\u0107 na roczek dla dziewczynki, wiosenne zagadki, motto dla nauczyciela, zaczarowana zagroda &#8211; test, prezenty na 1 roczek, lego ninjago kolorowanka, krzy\u017c\u00f3wki dla dzieci, upominek dla nastolatk\u00f3w, gad\u017cety dla m\u0142odzie\u017cy 2020, audiobook dla dzieci za darmo, kolorowanka antystresowa, prezent dla 13 latki na \u015bwi\u0119ta, halloween dla dzieci warszawa 2021, kira, bursztynek, karty pracy do druku litery, atrakcje dla dzieci warszawa<\/p>\n<p>yyyyy<\/p>\n<p>&nbsp;<\/p>\n","protected":false},"excerpt":{"rendered":"<p>Kontynuacja jRPG-a z 2019 roku, oferuj\u0105ca zupe\u0142nie now\u0105 histori\u0119 w konwencji horroru osadzon\u0105 w \u015bwiecie znanym z Death end re;Quest Death end re;Quest 2 (Gra NS) Compile Heart co kupi\u0107 na roczek dla dziewczynki, wiosenne zagadki, motto dla nauczyciela, zaczarowana zagroda &#8211; test, prezenty na 1 roczek, lego ninjago kolorowanka, krzy\u017c\u00f3wki dla dzieci, upominek dla [&hellip;]<\/p>\n","protected":false},"featured_media":8498,"comment_status":"closed","ping_status":"open","template":"","meta":[],"product_cat":[1724,348],"product_tag":[650,776,669,715],"class_list":["post-8497","product","type-product","status-publish","has-post-thumbnail","hentry","product_cat-compile-heart","product_cat-gry-nintendo-switch","product_tag-choinka-z-bibuly","product_tag-dobrej-nocy","product_tag-kolorowanki","product_tag-zosia-samosia"],"_links":{"self":[{"href":"http:\/\/klubmamgdynia.pl\/index.php\/wp-json\/wp\/v2\/product\/8497","targetHints":{"allow":["GET"]}}],"collection":[{"href":"http:\/\/klubmamgdynia.pl\/index.php\/wp-json\/wp\/v2\/product"}],"about":[{"href":"http:\/\/klubmamgdynia.pl\/index.php\/wp-json\/wp\/v2\/types\/product"}],"replies":[{"embeddable":true,"href":"http:\/\/klubmamgdynia.pl\/index.php\/wp-json\/wp\/v2\/comments?post=8497"}],"wp:featuredmedia":[{"embeddable":true,"href":"http:\/\/klubmamgdynia.pl\/index.php\/wp-json\/wp\/v2\/media\/8498"}],"wp:attachment":[{"href":"http:\/\/klubmamgdynia.pl\/index.php\/wp-json\/wp\/v2\/media?parent=8497"}],"wp:term":[{"taxonomy":"product_cat","embeddable":true,"href":"http:\/\/klubmamgdynia.pl\/index.php\/wp-json\/wp\/v2\/product_cat?post=8497"},{"taxonomy":"product_tag","embeddable":true,"href":"http:\/\/klubmamgdynia.pl\/index.php\/wp-json\/wp\/v2\/product_tag?post=8497"}],"curies":[{"name":"wp","href":"https:\/\/api.w.org\/{rel}","templated":true}]}}