{"id":850,"date":"2016-04-13T06:52:30","date_gmt":"2016-04-13T04:52:30","guid":{"rendered":"http:\/\/klubmamgdynia.pl\/index.php\/produkt\/topkiz-influheroes-pawel-malinowski-lalka\/"},"modified":"2026-04-24T22:01:53","modified_gmt":"2026-04-24T20:01:53","slug":"topkiz-influheroes-pawel-malinowski-lalka","status":"publish","type":"product","link":"http:\/\/klubmamgdynia.pl\/index.php\/produkt\/topkiz-influheroes-pawel-malinowski-lalka\/","title":{"rendered":"Topkiz Influheroes Pawe\u0142 Malinowski Lalka"},"content":{"rendered":"<h2>Topkiz Influheroes Pawe\u0142 Malinowski Lalka Orbico<\/h2>\n<p>carmen imi\u0119, kreatywne zabawy dla 10 latka, dzieci cytaty, test narnia lew czarownica i stara szafa, kolorowanki dla dziewczynek 10 lat, agroturystyka dla dzieci ze zwierz\u0119tami, kornelia, literki do nauki pisania do druku, ja\u015bmina imi\u0119, pikachu do druku, sara, trudne zagadki na inteligencj\u0119, zagadki o wiosnie<\/p>\n<p>yyyyy<\/p>\n<p>&nbsp;<\/p>\n","protected":false},"excerpt":{"rendered":"<p>Topkiz Influheroes Pawe\u0142 Malinowski Lalka Orbico carmen imi\u0119, kreatywne zabawy dla 10 latka, dzieci cytaty, test narnia lew czarownica i stara szafa, kolorowanki dla dziewczynek 10 lat, agroturystyka dla dzieci ze zwierz\u0119tami, kornelia, literki do nauki pisania do druku, ja\u015bmina imi\u0119, pikachu do druku, sara, trudne zagadki na inteligencj\u0119, zagadki o wiosnie yyyyy &nbsp;<\/p>\n","protected":false},"featured_media":851,"comment_status":"closed","ping_status":"open","template":"","meta":[],"product_cat":[65,299],"product_tag":[844,622,618,810,870,581],"class_list":["post-850","product","type-product","status-publish","has-post-thumbnail","hentry","product_cat-lalki","product_cat-orbico","product_tag-co-kupic-na-roczek","product_tag-fajne-zagadki","product_tag-lato-lato-lato-czeka-tekst","product_tag-nauka-zegara-do-druku","product_tag-prezent-dla-chlopca-na-roczek","product_tag-zagadki-dla-8-latka"],"_links":{"self":[{"href":"http:\/\/klubmamgdynia.pl\/index.php\/wp-json\/wp\/v2\/product\/850","targetHints":{"allow":["GET"]}}],"collection":[{"href":"http:\/\/klubmamgdynia.pl\/index.php\/wp-json\/wp\/v2\/product"}],"about":[{"href":"http:\/\/klubmamgdynia.pl\/index.php\/wp-json\/wp\/v2\/types\/product"}],"replies":[{"embeddable":true,"href":"http:\/\/klubmamgdynia.pl\/index.php\/wp-json\/wp\/v2\/comments?post=850"}],"wp:featuredmedia":[{"embeddable":true,"href":"http:\/\/klubmamgdynia.pl\/index.php\/wp-json\/wp\/v2\/media\/851"}],"wp:attachment":[{"href":"http:\/\/klubmamgdynia.pl\/index.php\/wp-json\/wp\/v2\/media?parent=850"}],"wp:term":[{"taxonomy":"product_cat","embeddable":true,"href":"http:\/\/klubmamgdynia.pl\/index.php\/wp-json\/wp\/v2\/product_cat?post=850"},{"taxonomy":"product_tag","embeddable":true,"href":"http:\/\/klubmamgdynia.pl\/index.php\/wp-json\/wp\/v2\/product_tag?post=850"}],"curies":[{"name":"wp","href":"https:\/\/api.w.org\/{rel}","templated":true}]}}