{"id":8505,"date":"2013-04-05T22:02:54","date_gmt":"2013-04-05T20:02:54","guid":{"rendered":"http:\/\/klubmamgdynia.pl\/index.php\/produkt\/import-leantoys-auto-r-c-zdalnie-sterowane-obracajace-sie-2-4g\/"},"modified":"2026-04-06T00:42:31","modified_gmt":"2026-04-05T22:42:31","slug":"import-leantoys-auto-r-c-zdalnie-sterowane-obracajace-sie-2-4g","status":"publish","type":"product","link":"http:\/\/klubmamgdynia.pl\/index.php\/produkt\/import-leantoys-auto-r-c-zdalnie-sterowane-obracajace-sie-2-4g\/","title":{"rendered":"Import Leantoys Auto R\/C Zdalnie Sterowane Obracaj\u0105ce Si\u0119 2.4G"},"content":{"rendered":"<p>Je\u015bli Twojemu dziecku znudzi\u0142y si\u0119 tradycyjne zdalnie sterowane samochodziki to nasz terenowy akrobatyczny pojazd b\u0119dzie dla niego idealn\u0105 now\u0105 zabawk\u0105. Pojazd R\/C z nap\u0119dem na cztery ko\u0142a marki Crazon to prawdziwa innowacja je\u015bli chodzi o czerpanie przyjemno\u015bci z kierowania samochodzikiem. Auto na swoich ko\u0142ach posiada specjalny bie\u017cnik, kt\u00f3ry znacz\u0105co poprawia przyczepno\u015b\u0107. Sp\u00f3d pojazdu jest cz\u0119\u015bciowo wodoodporny, zatem przeje\u017cd\u017canie przez p\u0142ytkie ka\u0142u\u017ce nie jest dla niego problemem. Kolejn\u0105 z funkcjonalno\u015bci oferowanych przez ten samochodzik jest wykonywanie obrotu o 180 stopni w celu nag\u0142ej zmiany kierunku jazdy.Pilot za pomoc\u0105 kt\u00f3rego kieruje si\u0119 autkiem dzia\u0142a na cz\u0119stotliwo\u015bci 2.4 GHz. Pojazd zasilany jest do\u0142\u0105czonym do zestawu akumulatorem, kt\u00f3ry \u0142adowany jest za pomoc\u0105 kabelka z ko\u0144c\u00f3wk\u0105 USB. Dzi\u0119ki temu rozwi\u0105zaniu nie musisz przejmowa\u0107 si\u0119 dokupywaniem nowych baterii.Specyfikacja Pojazdu:Wymiary autka: 22 cm x 20 cm x 12,5 cm,Nap\u0119d: 4&#215;4,Maksymalna pr\u0119dko\u015b\u0107: ok. 20 km\/h,Cz\u0119stotliwo\u015b\u0107 pilota: 2,4 GHz,Zasi\u0119g dzia\u0142ania pilota: ok. 25 m,Zasilanie: Do\u0142\u0105czony do zestawu akumulator,\u0141adowanie: Do\u0142\u0105czony do zestawu przew\u00f3d USB,Dodatkowe cechy: Przewr\u00f3t o 180\u00b0Wymiary opakowania: 31,5 cm x 27 cm x 21 cm.<\/p>\n<h2>Import Leantoys Auto R\/C Zdalnie Sterowane Obracaj\u0105ce Si\u0119 2.4G Leantoys<\/h2>\n<p>test z lektury narnia lew czarownica i stara szafa, zaproszenia na urodziny do wydruku czarno bia\u0142e, historia pluszowego misia, \u015bwinka peppa do druku, zagadki o bajkach, zagadki na logiczne my\u015blenie, prezent dla jedenastolatki, stanis\u0142awa znaczenie imienia, podchwytliwe zagadki i odpowiedzi, zagadki logiczne z odpowiedziami, dziewczynka z parku pytania i odpowiedzi<\/p>\n<p>yyyyy<\/p>\n<p>&nbsp;<\/p>\n","protected":false},"excerpt":{"rendered":"<p>Je\u015bli Twojemu dziecku znudzi\u0142y si\u0119 tradycyjne zdalnie sterowane samochodziki to nasz terenowy akrobatyczny pojazd b\u0119dzie dla niego idealn\u0105 now\u0105 zabawk\u0105. Pojazd R\/C z nap\u0119dem na cztery ko\u0142a marki Crazon to prawdziwa innowacja je\u015bli chodzi o czerpanie przyjemno\u015bci z kierowania samochodzikiem. Auto na swoich ko\u0142ach posiada specjalny bie\u017cnik, kt\u00f3ry znacz\u0105co poprawia przyczepno\u015b\u0107. Sp\u00f3d pojazdu jest cz\u0119\u015bciowo [&hellip;]<\/p>\n","protected":false},"featured_media":8506,"comment_status":"closed","ping_status":"open","template":"","meta":[],"product_cat":[1726,337],"product_tag":[817,867,729,816,835],"class_list":["post-8505","product","type-product","status-publish","has-post-thumbnail","hentry","product_cat-leantoys","product_cat-zabawki-zdalnie-sterowane","product_tag-bajka-terapeutyczna-o-emocjach","product_tag-kolorowanki-dla-dziewczynek","product_tag-madre-bajki-dla-dzieci-do-czytania","product_tag-place-zabaw-warszawa","product_tag-radosc-dziecka-cytaty"],"_links":{"self":[{"href":"http:\/\/klubmamgdynia.pl\/index.php\/wp-json\/wp\/v2\/product\/8505","targetHints":{"allow":["GET"]}}],"collection":[{"href":"http:\/\/klubmamgdynia.pl\/index.php\/wp-json\/wp\/v2\/product"}],"about":[{"href":"http:\/\/klubmamgdynia.pl\/index.php\/wp-json\/wp\/v2\/types\/product"}],"replies":[{"embeddable":true,"href":"http:\/\/klubmamgdynia.pl\/index.php\/wp-json\/wp\/v2\/comments?post=8505"}],"wp:featuredmedia":[{"embeddable":true,"href":"http:\/\/klubmamgdynia.pl\/index.php\/wp-json\/wp\/v2\/media\/8506"}],"wp:attachment":[{"href":"http:\/\/klubmamgdynia.pl\/index.php\/wp-json\/wp\/v2\/media?parent=8505"}],"wp:term":[{"taxonomy":"product_cat","embeddable":true,"href":"http:\/\/klubmamgdynia.pl\/index.php\/wp-json\/wp\/v2\/product_cat?post=8505"},{"taxonomy":"product_tag","embeddable":true,"href":"http:\/\/klubmamgdynia.pl\/index.php\/wp-json\/wp\/v2\/product_tag?post=8505"}],"curies":[{"name":"wp","href":"https:\/\/api.w.org\/{rel}","templated":true}]}}