{"id":852,"date":"2025-04-02T14:28:32","date_gmt":"2025-04-02T12:28:32","guid":{"rendered":"http:\/\/klubmamgdynia.pl\/?post_type=product&#038;p=852"},"modified":"2026-04-03T20:02:54","modified_gmt":"2026-04-03T18:02:54","slug":"siku-helikopter-transportowy-s1689","status":"publish","type":"product","link":"http:\/\/klubmamgdynia.pl\/index.php\/produkt\/siku-helikopter-transportowy-s1689\/","title":{"rendered":"Siku Helikopter Transportowy S1689"},"content":{"rendered":"<p>Model helikoptera transportowego marki SIKU jest zabawk\u0105, dzi\u0119ki kt\u00f3rej zaczniesz podbnebne przygody. Helikopter posiada ruchome \u015bmig\u0142a i zosta\u0142 wykonany z materia\u0142\u00f3w wysokiej jako\u015bci. Karoseria \u015bmig\u0142owca wykonana jest w metalu.<\/p>\n<h2>Siku Helikopter Transportowy S1689 Siku<\/h2>\n<p>piosenki dla dzieci tekst, fajne rzeczy dla nastolatk\u00f3w, zabawy dla 7 latki, leon imi\u0119, przys\u0142owia o rodzinie, karty pracy do druku litery, list do sw mikolaja<\/p>\n<p>yyyyy<\/p>\n<p>&nbsp;<\/p>\n","protected":false},"excerpt":{"rendered":"<p>Model helikoptera transportowego marki SIKU jest zabawk\u0105, dzi\u0119ki kt\u00f3rej zaczniesz podbnebne przygody. Helikopter posiada ruchome \u015bmig\u0142a i zosta\u0142 wykonany z materia\u0142\u00f3w wysokiej jako\u015bci. Karoseria \u015bmig\u0142owca wykonana jest w metalu. Siku Helikopter Transportowy S1689 Siku piosenki dla dzieci tekst, fajne rzeczy dla nastolatk\u00f3w, zabawy dla 7 latki, leon imi\u0119, przys\u0142owia o rodzinie, karty pracy do druku [&hellip;]<\/p>\n","protected":false},"featured_media":853,"comment_status":"closed","ping_status":"open","template":"","meta":[],"product_cat":[83,300],"product_tag":[802,683,672,649],"class_list":["post-852","product","type-product","status-publish","has-post-thumbnail","hentry","product_cat-auta-i-inne-pojazdy-do-zabawy","product_cat-siku","product_tag-co-kupic-dziewczynce-na-roczek","product_tag-karaluchy-pod-poduchy","product_tag-trudne-zagadki-z-odpowiedziami","product_tag-zagadki-dla-nastolatkow"],"_links":{"self":[{"href":"http:\/\/klubmamgdynia.pl\/index.php\/wp-json\/wp\/v2\/product\/852","targetHints":{"allow":["GET"]}}],"collection":[{"href":"http:\/\/klubmamgdynia.pl\/index.php\/wp-json\/wp\/v2\/product"}],"about":[{"href":"http:\/\/klubmamgdynia.pl\/index.php\/wp-json\/wp\/v2\/types\/product"}],"replies":[{"embeddable":true,"href":"http:\/\/klubmamgdynia.pl\/index.php\/wp-json\/wp\/v2\/comments?post=852"}],"wp:featuredmedia":[{"embeddable":true,"href":"http:\/\/klubmamgdynia.pl\/index.php\/wp-json\/wp\/v2\/media\/853"}],"wp:attachment":[{"href":"http:\/\/klubmamgdynia.pl\/index.php\/wp-json\/wp\/v2\/media?parent=852"}],"wp:term":[{"taxonomy":"product_cat","embeddable":true,"href":"http:\/\/klubmamgdynia.pl\/index.php\/wp-json\/wp\/v2\/product_cat?post=852"},{"taxonomy":"product_tag","embeddable":true,"href":"http:\/\/klubmamgdynia.pl\/index.php\/wp-json\/wp\/v2\/product_tag?post=852"}],"curies":[{"name":"wp","href":"https:\/\/api.w.org\/{rel}","templated":true}]}}