{"id":8527,"date":"2021-05-23T03:24:17","date_gmt":"2021-05-23T01:24:17","guid":{"rendered":"http:\/\/klubmamgdynia.pl\/index.php\/produkt\/leantoys-lalka-bobas-45-cm-niebieskie-ubranie\/"},"modified":"2026-04-04T04:06:06","modified_gmt":"2026-04-04T02:06:06","slug":"leantoys-lalka-bobas-45-cm-niebieskie-ubranie","status":"publish","type":"product","link":"http:\/\/klubmamgdynia.pl\/index.php\/produkt\/leantoys-lalka-bobas-45-cm-niebieskie-ubranie\/","title":{"rendered":"LeanToys Lalka Bobas 45 cm Niebieskie Ubranie"},"content":{"rendered":"<p>Lalka Bobas 45 cm Niebieskie UbranieOto zabawka, dzi\u0119ki kt\u00f3rej podarujesz swojemu dziecku nie tylko \u015bwietnego kompana do wsp\u00f3lnej zabawy, ale r\u00f3wnie\u017c zapewnisz bod\u017ace potrzebne do jego prawid\u0142owego rozwoju. Przedstawiamy pi\u0119kn\u0105 lalk\u0119, kt\u00f3ra ucieszy ka\u017cd\u0105 malutk\u0105 dziewczynk\u0119. Uroczy bobasek z pogodn\u0105 buzi\u0105 , sprawia wra\u017cenie prawdziwego dziecka. Realistycznie wykonane rysy twarzy. Lalka ma rozpromienion\u0105, s\u0142odk\u0105 mink\u0119 i du\u017ce oczka jak prawdziwy bobasek. Zosta\u0142a wykonana z wytrzyma\u0142ych solidnych materia\u0142\u00f3w. Lalka ma tu\u0142\u00f3w mi\u0119kki. Laleczka ubrana jest w niebiesk\u0105 pi\u017camk\u0119 z elementami bia\u0142ego. Ubranko z \u0142atwo\u015bci\u0105 mo\u017cna zdj\u0105\u0107 i wypra\u0107, dzi\u0119ki czemu \u0142atwo j\u0105 utrzyma\u0107 w czysto\u015bci. Dodatkow\u0105 zalet\u0105 jest do\u0142\u0105czona do zestawu butelka, dzi\u0119ki kt\u00f3rym dziecko mo\u017ce karmi\u0107 lalk\u0119, smoczek do usypiania oraz niebieski \u015bliniaczek. Laleczka wydaje 12 r\u00f3\u017cnych d\u017awi\u0119k\u00f3w.Elementy zestawu:- laleczka bobas- bia\u0142y smoczek- butelka- \u015bliniaczekD\u0142ugo\u015b\u0107 lalki: 45.8 cmWymiary pude\u0142ka:48.5 cm x 26 cm x 12.5 cmZabawka zasilana jest trzema bateriami AG13 (w zestawie). Lalka przeznaczona jest dla dzieci powy\u017cej 3. roku \u017cycia. Zabawka posiada certyfikat CE i jest zgodna z norm\u0105 EN 71. Bobas zapakowany jest w kolorowe pude\u0142ko z przezroczyst\u0105 witrynk\u0105, dzi\u0119ki czemu nadaj\u0105 si\u0119 na prezent dla dziecka.<\/p>\n<h2>LeanToys Lalka Bobas 45 cm Niebieskie Ubranie Lean Toys<\/h2>\n<p>dziecko cytaty z\u0142ote my\u015bli, kolorowanki miasto dzieci, kuku\u0142eczka kuka tekst, mi\u0142osz imi\u0119, maski karnawa\u0142owe dla dzieci szablony, quiz o zwierz\u0119tach domowych, psi patrol kolorowanka do druku, co na roczek, ferie warszawa 2022, do druku dla dzieci, najpi\u0119kniejsze cytaty o przyja\u017ani<\/p>\n<p>yyyyy<\/p>\n<p>&nbsp;<\/p>\n","protected":false},"excerpt":{"rendered":"<p>Lalka Bobas 45 cm Niebieskie UbranieOto zabawka, dzi\u0119ki kt\u00f3rej podarujesz swojemu dziecku nie tylko \u015bwietnego kompana do wsp\u00f3lnej zabawy, ale r\u00f3wnie\u017c zapewnisz bod\u017ace potrzebne do jego prawid\u0142owego rozwoju. Przedstawiamy pi\u0119kn\u0105 lalk\u0119, kt\u00f3ra ucieszy ka\u017cd\u0105 malutk\u0105 dziewczynk\u0119. Uroczy bobasek z pogodn\u0105 buzi\u0105 , sprawia wra\u017cenie prawdziwego dziecka. Realistycznie wykonane rysy twarzy. Lalka ma rozpromienion\u0105, s\u0142odk\u0105 mink\u0119 [&hellip;]<\/p>\n","protected":false},"featured_media":8528,"comment_status":"closed","ping_status":"open","template":"","meta":[],"product_cat":[65,73],"product_tag":[780,599,857,811],"class_list":["post-8527","product","type-product","status-publish","has-post-thumbnail","hentry","product_cat-lalki","product_cat-lean-toys","product_tag-krecik-bajka","product_tag-prezent-dla-nastolatkow-2021","product_tag-zagadki-dla-dzieci-7-8-lat","product_tag-zagadki-logiczne-dla-dzieci"],"_links":{"self":[{"href":"http:\/\/klubmamgdynia.pl\/index.php\/wp-json\/wp\/v2\/product\/8527","targetHints":{"allow":["GET"]}}],"collection":[{"href":"http:\/\/klubmamgdynia.pl\/index.php\/wp-json\/wp\/v2\/product"}],"about":[{"href":"http:\/\/klubmamgdynia.pl\/index.php\/wp-json\/wp\/v2\/types\/product"}],"replies":[{"embeddable":true,"href":"http:\/\/klubmamgdynia.pl\/index.php\/wp-json\/wp\/v2\/comments?post=8527"}],"wp:featuredmedia":[{"embeddable":true,"href":"http:\/\/klubmamgdynia.pl\/index.php\/wp-json\/wp\/v2\/media\/8528"}],"wp:attachment":[{"href":"http:\/\/klubmamgdynia.pl\/index.php\/wp-json\/wp\/v2\/media?parent=8527"}],"wp:term":[{"taxonomy":"product_cat","embeddable":true,"href":"http:\/\/klubmamgdynia.pl\/index.php\/wp-json\/wp\/v2\/product_cat?post=8527"},{"taxonomy":"product_tag","embeddable":true,"href":"http:\/\/klubmamgdynia.pl\/index.php\/wp-json\/wp\/v2\/product_tag?post=8527"}],"curies":[{"name":"wp","href":"https:\/\/api.w.org\/{rel}","templated":true}]}}