{"id":8533,"date":"2025-08-02T09:52:58","date_gmt":"2025-08-02T07:52:58","guid":{"rendered":"http:\/\/klubmamgdynia.pl\/?post_type=product&#038;p=8533"},"modified":"2026-04-05T19:07:50","modified_gmt":"2026-04-05T17:07:50","slug":"harry-potter-zestaw-papeterii-notatnik-30x30x1cm","status":"publish","type":"product","link":"http:\/\/klubmamgdynia.pl\/index.php\/produkt\/harry-potter-zestaw-papeterii-notatnik-30x30x1cm\/","title":{"rendered":"Harry Potter Zestaw Papeterii Notatnik (30X30X1Cm)"},"content":{"rendered":"<p>Dzieci zas\u0142uguj\u0105 na to co najlepsze, dlatego przedstawiamy Ci Zestaw Papeterii Harry Potter Notatnik (30 x 30 x 1 cm), idealny dla tych, kt\u00f3rzy szukaj\u0105 produkt\u00f3w wysokiej jako\u015bci dla dzieci! Zdob\u0105d\u017a Harry Potter i inne produkty markowe i licencyjne w najlepszych cenach!Kolor: CzerwonyMateria\u0142: PapierWymiary ok.: 30 x 30 x 1 cmZawiera: NaklejkiKredki x 6Notatnik&#8230;<\/p>\n<h2>Harry Potter Zestaw Papeterii Notatnik (30X30X1Cm) <\/h2>\n<p>miko\u0142ajki 2021 warszawa, estera, opis o rodzinie, zagadki matematyczne dla przedszkolak\u00f3w, koty rysunki, miriam imie, trudne zagadki na inteligencje, buziak gify na dobranoc smieszne, m\u00f3j przyjaciel mi\u015b scenariusz zaj\u0119\u0107 w przedszkolu, ma\u0142o nas do pieczenia chleba<\/p>\n<p>yyyyy<\/p>\n<p>&nbsp;<\/p>\n","protected":false},"excerpt":{"rendered":"<p>Dzieci zas\u0142uguj\u0105 na to co najlepsze, dlatego przedstawiamy Ci Zestaw Papeterii Harry Potter Notatnik (30 x 30 x 1 cm), idealny dla tych, kt\u00f3rzy szukaj\u0105 produkt\u00f3w wysokiej jako\u015bci dla dzieci! Zdob\u0105d\u017a Harry Potter i inne produkty markowe i licencyjne w najlepszych cenach!Kolor: CzerwonyMateria\u0142: PapierWymiary ok.: 30 x 30 x 1 cmZawiera: NaklejkiKredki x 6Notatnik&#8230; Harry [&hellip;]<\/p>\n","protected":false},"featured_media":8534,"comment_status":"closed","ping_status":"open","template":"","meta":[],"product_cat":[325],"product_tag":[777,589,641],"class_list":["post-8533","product","type-product","status-publish","has-post-thumbnail","hentry","product_cat-szkolne-artykuly-papiernicze","product_tag-co-na-roczek","product_tag-prezent-dla-rocznego-dziecka","product_tag-trudne-zagadki-logiczne"],"_links":{"self":[{"href":"http:\/\/klubmamgdynia.pl\/index.php\/wp-json\/wp\/v2\/product\/8533","targetHints":{"allow":["GET"]}}],"collection":[{"href":"http:\/\/klubmamgdynia.pl\/index.php\/wp-json\/wp\/v2\/product"}],"about":[{"href":"http:\/\/klubmamgdynia.pl\/index.php\/wp-json\/wp\/v2\/types\/product"}],"replies":[{"embeddable":true,"href":"http:\/\/klubmamgdynia.pl\/index.php\/wp-json\/wp\/v2\/comments?post=8533"}],"wp:featuredmedia":[{"embeddable":true,"href":"http:\/\/klubmamgdynia.pl\/index.php\/wp-json\/wp\/v2\/media\/8534"}],"wp:attachment":[{"href":"http:\/\/klubmamgdynia.pl\/index.php\/wp-json\/wp\/v2\/media?parent=8533"}],"wp:term":[{"taxonomy":"product_cat","embeddable":true,"href":"http:\/\/klubmamgdynia.pl\/index.php\/wp-json\/wp\/v2\/product_cat?post=8533"},{"taxonomy":"product_tag","embeddable":true,"href":"http:\/\/klubmamgdynia.pl\/index.php\/wp-json\/wp\/v2\/product_tag?post=8533"}],"curies":[{"name":"wp","href":"https:\/\/api.w.org\/{rel}","templated":true}]}}