{"id":8537,"date":"2022-05-25T02:40:47","date_gmt":"2022-05-25T00:40:47","guid":{"rendered":"http:\/\/klubmamgdynia.pl\/index.php\/produkt\/mochtoys-klocki-zestaw-jezyki-wafle-50el-tuba\/"},"modified":"2026-04-06T01:37:38","modified_gmt":"2026-04-05T23:37:38","slug":"mochtoys-klocki-zestaw-jezyki-wafle-50el-tuba","status":"publish","type":"product","link":"http:\/\/klubmamgdynia.pl\/index.php\/produkt\/mochtoys-klocki-zestaw-jezyki-wafle-50el-tuba\/","title":{"rendered":"Mochtoys Klocki Zestaw Je\u017cyki Wafle 50El. Tuba"},"content":{"rendered":"<p>Ten zestaw klock\u00f3w konstrukcyjnych zosta\u0142 opracowany z my\u015bl\u0105 o inspirowaniu ma\u0142ych budowniczych i zach\u0119caniu ich do kreatywnej zabawy w budowanie. Prosta konstrukcja i \u0142atwo\u015b\u0107 \u0142\u0105czenia oferuj\u0105 wiele mo\u017cliwo\u015bci tw\u00f3rczego konstruowania przestrzennych budowli. Twoje dziecko mo\u017ce zbudowa\u0107 co tylko zechce i stworzy\u0107 sw\u00f3j w\u0142asny pi\u0119kny \u015bwiat. Wszystkie klocki s\u0105 wykonane z najwy\u017cszej jako\u015bci, bezpiecznego plastiku, kt\u00f3ry dzi\u0119ki swojej elastyczno\u015bci, mo\u017cna wygina\u0107.Klocki s\u0105 idealne dla dzieci od 12 miesi\u0105ca \u017cycia, kt\u00f3re dopiero poznaj\u0105 zabaw\u0119 klockami i ucz\u0105 si\u0119 uk\u0142ada\u0107 oraz dopasowywa\u0107 ze sob\u0105 r\u00f3\u017cne elementy i kszta\u0142ty. \u017bywe, kontrastowe barwy przyci\u0105gn\u0105 uwag\u0119 maluszka i zach\u0119c\u0105 do nauki i zabawy. Wraz z rozwojem umiej\u0119tno\u015bci kreatywnego budowania Twoje dziecko b\u0119dzie mog\u0142o tworzy\u0107 coraz to nowe budowle i przestrzenie. Zabawa klockami da twojemu dziecku wiele godzin wspania\u0142ej zabawy.Funkcje klock\u00f3w:- Poznawanie pierwszych figur geometrycznych;- rozw\u00f3j logicznego my\u015blenia;- doskonalenie wyobra\u017ani przestrzennej;- rozw\u00f3j zdolno\u015bci manualnych;- rozw\u00f3j koordynacji wzrokowo-ruchowej;- rozw\u00f3j percepcji.Zestaw zawiera 50 element\u00f3w.Firma Mochtoys jest jednym z czo\u0142owych producent\u00f3w zabawek z tworzyw sztucznych w Europie. Zosta\u0142a za\u0142o\u017cona w 1993 roku i aktualnie posiada dwie nowoczesne fabryki i magazyny. Produkty firmy Mochtoys s\u0105 sprzedawane z powodzeniem na rynku krajowym i w ca\u0142ej Europie od ponad 20 lat. Mo\u017cna je znale\u017a\u0107 na p\u00f3\u0142kach najwi\u0119kszych sieci handlowych oraz w tradycyjnych sklepach z artyku\u0142ami dla dzieci.<\/p>\n<h2>Mochtoys Klocki Zestaw Je\u017cyki Wafle 50El. Tuba Mochtoys<\/h2>\n<p>gdzie strumyk p\u0142ynie z wolna, quiz o \u015bwi\u0119tym miko\u0142aju, dzie\u0144 pluszowego misia napis, dyplomy szablony pdf, pikachu kolorowanka, pomys\u0142y na pakowanie prezent\u00f3w, bajki na dobranoc dla dzieci, szopka do druku, piosenki o wakacjach, prezent na roczek dziewczynka, sa\u0142atki dla dzieci<\/p>\n<p>yyyyy<\/p>\n<p>&nbsp;<\/p>\n","protected":false},"excerpt":{"rendered":"<p>Ten zestaw klock\u00f3w konstrukcyjnych zosta\u0142 opracowany z my\u015bl\u0105 o inspirowaniu ma\u0142ych budowniczych i zach\u0119caniu ich do kreatywnej zabawy w budowanie. Prosta konstrukcja i \u0142atwo\u015b\u0107 \u0142\u0105czenia oferuj\u0105 wiele mo\u017cliwo\u015bci tw\u00f3rczego konstruowania przestrzennych budowli. Twoje dziecko mo\u017ce zbudowa\u0107 co tylko zechce i stworzy\u0107 sw\u00f3j w\u0142asny pi\u0119kny \u015bwiat. Wszystkie klocki s\u0105 wykonane z najwy\u017cszej jako\u015bci, bezpiecznego plastiku, kt\u00f3ry [&hellip;]<\/p>\n","protected":false},"featured_media":8538,"comment_status":"closed","ping_status":"open","template":"","meta":[],"product_cat":[113,319],"product_tag":[854,768,641],"class_list":["post-8537","product","type-product","status-publish","has-post-thumbnail","hentry","product_cat-klocki","product_cat-mochtoys","product_tag-cytaty-rodzina","product_tag-krotkie-zagadki-logiczne","product_tag-trudne-zagadki-logiczne"],"_links":{"self":[{"href":"http:\/\/klubmamgdynia.pl\/index.php\/wp-json\/wp\/v2\/product\/8537","targetHints":{"allow":["GET"]}}],"collection":[{"href":"http:\/\/klubmamgdynia.pl\/index.php\/wp-json\/wp\/v2\/product"}],"about":[{"href":"http:\/\/klubmamgdynia.pl\/index.php\/wp-json\/wp\/v2\/types\/product"}],"replies":[{"embeddable":true,"href":"http:\/\/klubmamgdynia.pl\/index.php\/wp-json\/wp\/v2\/comments?post=8537"}],"wp:featuredmedia":[{"embeddable":true,"href":"http:\/\/klubmamgdynia.pl\/index.php\/wp-json\/wp\/v2\/media\/8538"}],"wp:attachment":[{"href":"http:\/\/klubmamgdynia.pl\/index.php\/wp-json\/wp\/v2\/media?parent=8537"}],"wp:term":[{"taxonomy":"product_cat","embeddable":true,"href":"http:\/\/klubmamgdynia.pl\/index.php\/wp-json\/wp\/v2\/product_cat?post=8537"},{"taxonomy":"product_tag","embeddable":true,"href":"http:\/\/klubmamgdynia.pl\/index.php\/wp-json\/wp\/v2\/product_tag?post=8537"}],"curies":[{"name":"wp","href":"https:\/\/api.w.org\/{rel}","templated":true}]}}