{"id":8541,"date":"2012-06-16T17:12:01","date_gmt":"2012-06-16T15:12:01","guid":{"rendered":"http:\/\/klubmamgdynia.pl\/index.php\/produkt\/collecta-zwierzeta-prehistoryczne-dinozaur-beishanlong-88748\/"},"modified":"2026-05-17T22:58:12","modified_gmt":"2026-05-17T20:58:12","slug":"collecta-zwierzeta-prehistoryczne-dinozaur-beishanlong-88748","status":"publish","type":"product","link":"http:\/\/klubmamgdynia.pl\/index.php\/produkt\/collecta-zwierzeta-prehistoryczne-dinozaur-beishanlong-88748\/","title":{"rendered":"Collecta Zwierz\u0119ta Prehistoryczne Dinozaur Beishanlong (88748)"},"content":{"rendered":"<p>DINOZAUR BEISHANLONG DELUXE 1:40 SKALA to figurka kolekcjonerska firmy Collecta. Produkty tej firmy cechuje wysoka jako\u015b\u0107 wykonania oraz wiernie oddany kszta\u0142t oraz kolor zwierz\u0119cia. Ca\u0142a kolekcja obejmuje przesz\u0142o 553 gatunk\u00f3w, podzielonych na 9 kategorii i 4 grupy cenowe: S-small; M-medium; L-large; XL- X large; oraz figurki deluxe i akcesoria.Wiek 3+Kod paskowy: 4892900887487Kod wydawcy: 39516Format: 20.0&#215;17.0cmG\u0142\u0119boko\u015b\u0107 (mm): 40Dzia\u0142\/Kategorie: Zabawki \/ Figurki \/ Kolekcjonerskie \/ Zwierz\u0119ta \/ PrehistoryczneJ\u0119zyki: polskiGrupa towarowa: Zabawki<\/p>\n<h2>Collecta Zwierz\u0119ta Prehistoryczne Dinozaur Beishanlong (88748) Collecta<\/h2>\n<p>fajne prezenty dla nastolatk\u00f3w, wroc\u0142aw dla dzieci, trudne zadania matematyczne, oliwier, maurycy, pytania wielkanocne, bycie mam\u0105 cytaty, prezent dla nastolatki, miko\u0142ajek quiz, cytaty z ma\u0142ego ksi\u0119cia o przyja\u017ani, zagatki, kontynenty dla dzieci do druku, kolorowanki dla ch\u0142opc\u00f3w do druku, bajka o biedronce, jad\u0105 jad\u0105 misie tekst, kolorowanka kotki do druku, maska karnawa\u0142owa pdf, po\u0142\u0105cz kropki do druku \u0142atwe, atrakcje dla dzieci trojmiasto, jak narysowa\u0107 pikachu<\/p>\n<p>yyyyy<\/p>\n<p>&nbsp;<\/p>\n","protected":false},"excerpt":{"rendered":"<p>DINOZAUR BEISHANLONG DELUXE 1:40 SKALA to figurka kolekcjonerska firmy Collecta. Produkty tej firmy cechuje wysoka jako\u015b\u0107 wykonania oraz wiernie oddany kszta\u0142t oraz kolor zwierz\u0119cia. Ca\u0142a kolekcja obejmuje przesz\u0142o 553 gatunk\u00f3w, podzielonych na 9 kategorii i 4 grupy cenowe: S-small; M-medium; L-large; XL- X large; oraz figurki deluxe i akcesoria.Wiek 3+Kod paskowy: 4892900887487Kod wydawcy: 39516Format: 20.0&#215;17.0cmG\u0142\u0119boko\u015b\u0107 [&hellip;]<\/p>\n","protected":false},"featured_media":8542,"comment_status":"closed","ping_status":"open","template":"","meta":[],"product_cat":[490,95],"product_tag":[593,797,646,711,843],"class_list":["post-8541","product","type-product","status-publish","has-post-thumbnail","hentry","product_cat-collecta","product_cat-figurki-makiety-i-zestawy","product_tag-jak-narysowac-konia","product_tag-kiekrz","product_tag-prezent-na-pierwsze-urodziny","product_tag-prezenty-dla-nastolatkow","product_tag-smieszne-zagadki-dla-dzieci"],"_links":{"self":[{"href":"http:\/\/klubmamgdynia.pl\/index.php\/wp-json\/wp\/v2\/product\/8541","targetHints":{"allow":["GET"]}}],"collection":[{"href":"http:\/\/klubmamgdynia.pl\/index.php\/wp-json\/wp\/v2\/product"}],"about":[{"href":"http:\/\/klubmamgdynia.pl\/index.php\/wp-json\/wp\/v2\/types\/product"}],"replies":[{"embeddable":true,"href":"http:\/\/klubmamgdynia.pl\/index.php\/wp-json\/wp\/v2\/comments?post=8541"}],"wp:featuredmedia":[{"embeddable":true,"href":"http:\/\/klubmamgdynia.pl\/index.php\/wp-json\/wp\/v2\/media\/8542"}],"wp:attachment":[{"href":"http:\/\/klubmamgdynia.pl\/index.php\/wp-json\/wp\/v2\/media?parent=8541"}],"wp:term":[{"taxonomy":"product_cat","embeddable":true,"href":"http:\/\/klubmamgdynia.pl\/index.php\/wp-json\/wp\/v2\/product_cat?post=8541"},{"taxonomy":"product_tag","embeddable":true,"href":"http:\/\/klubmamgdynia.pl\/index.php\/wp-json\/wp\/v2\/product_tag?post=8541"}],"curies":[{"name":"wp","href":"https:\/\/api.w.org\/{rel}","templated":true}]}}