{"id":8545,"date":"2019-07-07T07:22:32","date_gmt":"2019-07-07T05:22:32","guid":{"rendered":"http:\/\/klubmamgdynia.pl\/index.php\/produkt\/jokomisiada-super-pietrowy-garaz-parking-mechanik-auta-za1858\/"},"modified":"2026-04-29T06:04:40","modified_gmt":"2026-04-29T04:04:40","slug":"jokomisiada-super-pietrowy-garaz-parking-mechanik-auta-za1858","status":"publish","type":"product","link":"http:\/\/klubmamgdynia.pl\/index.php\/produkt\/jokomisiada-super-pietrowy-garaz-parking-mechanik-auta-za1858\/","title":{"rendered":"JokoMisiada Super pi\u0119trowy GARA\u017b PARKING MECHANIK auta ZA1858"},"content":{"rendered":"<p>Rewelacyjny wielopoziomowy parking ze stacj\u0105 benzynow\u0105, podno\u015bnikiem, wind\u0105, myjni\u0105, warsztatem samochodowym. Parking przystosowany jest do &#8222;resorak\u00f3w&#8221;. Aby wjecha\u0107 na parking trzeba podnie\u015b\u0107 ramp\u0119. Za pomoc\u0105 windy autko mo\u017ce przemieszcza\u0107 si\u0119 na poszczeg\u00f3lne pi\u0119tra parkingu. Kiedy autko jest brudne koniecznie trzeba pojecha\u0107 na myjnie samochodow\u0105 i twoja bryka zn\u00f3w b\u0119dzie jak nowa. Je\u015bli brakuje benzyny bez problemu zatankujesz na stacji benzynowej. Gdy chcesz naprawi\u0107 sw\u00f3j samoch\u00f3d skorzystaj z podno\u015bnika, dzi\u0119ki kt\u00f3remu naprawisz zawieszenie czy zmienisz opon\u0119. Zestaw zawiera wiele dodatkowych element\u00f3w wspaniale urozmaicaj\u0105cych zabaw\u0119, takich jak znaki drogowe, pacho\u0142ki.W sk\u0142ad zestawu wchodzi:- 6 aut &#8211; &#8222;resoraki&#8221;- elementy parkingu- szlabany, chor\u0105giewka, znaki informacyjne- elementy drogi wjazdowej na parking- winda- dystrybutory na paliwoWymiary parkingu po roz\u0142o\u017ceniu:ok. 51 x 57 x 41 cmWymiary autka &#8211; &#8222;resoraka&#8221;:ok. 7cm x 3cm x 2,5cmZestaw wykonany bardzo starannie i efektownie z bardzo dobrej jako\u015bci plastiku. Zapewni mn\u00f3stwo kreatywnej zabawy, ka\u017cdemu ma\u0142emu fanowi motoryzacji.Zestaw zapakowany w bardzo \u0142adne kolorowe pude\u0142ko, idealnie nadaj\u0105ce si\u0119 na prezent.<\/p>\n<h2>JokoMisiada Super pi\u0119trowy GARA\u017b PARKING MECHANIK auta ZA1858 Jokomisiada<\/h2>\n<p>wiersz o g\u00f3rniku, kolorowanka anio\u0142ek, zagadka logiczna dla dzieci, karty pracy do druku litery, zabawki na roczek dla dziewczynki, mamo mamusiu pusto w mym brzusiu tekst, pomys\u0142 na prezent dla 7 latki, maski karnawa\u0142owe dla dzieci szablony<\/p>\n<p>yyyyy<\/p>\n<p>&nbsp;<\/p>\n","protected":false},"excerpt":{"rendered":"<p>Rewelacyjny wielopoziomowy parking ze stacj\u0105 benzynow\u0105, podno\u015bnikiem, wind\u0105, myjni\u0105, warsztatem samochodowym. Parking przystosowany jest do &#8222;resorak\u00f3w&#8221;. Aby wjecha\u0107 na parking trzeba podnie\u015b\u0107 ramp\u0119. Za pomoc\u0105 windy autko mo\u017ce przemieszcza\u0107 si\u0119 na poszczeg\u00f3lne pi\u0119tra parkingu. Kiedy autko jest brudne koniecznie trzeba pojecha\u0107 na myjnie samochodow\u0105 i twoja bryka zn\u00f3w b\u0119dzie jak nowa. Je\u015bli brakuje benzyny bez [&hellip;]<\/p>\n","protected":false},"featured_media":8546,"comment_status":"closed","ping_status":"open","template":"","meta":[],"product_cat":[131,141],"product_tag":[618,876,835,840,741],"class_list":["post-8545","product","type-product","status-publish","has-post-thumbnail","hentry","product_cat-jokomisiada","product_cat-parkingi-garaze-i-tory-wyscigowe","product_tag-lato-lato-lato-czeka-tekst","product_tag-przyjazn","product_tag-radosc-dziecka-cytaty","product_tag-stare-bajki","product_tag-wlochy"],"_links":{"self":[{"href":"http:\/\/klubmamgdynia.pl\/index.php\/wp-json\/wp\/v2\/product\/8545","targetHints":{"allow":["GET"]}}],"collection":[{"href":"http:\/\/klubmamgdynia.pl\/index.php\/wp-json\/wp\/v2\/product"}],"about":[{"href":"http:\/\/klubmamgdynia.pl\/index.php\/wp-json\/wp\/v2\/types\/product"}],"replies":[{"embeddable":true,"href":"http:\/\/klubmamgdynia.pl\/index.php\/wp-json\/wp\/v2\/comments?post=8545"}],"wp:featuredmedia":[{"embeddable":true,"href":"http:\/\/klubmamgdynia.pl\/index.php\/wp-json\/wp\/v2\/media\/8546"}],"wp:attachment":[{"href":"http:\/\/klubmamgdynia.pl\/index.php\/wp-json\/wp\/v2\/media?parent=8545"}],"wp:term":[{"taxonomy":"product_cat","embeddable":true,"href":"http:\/\/klubmamgdynia.pl\/index.php\/wp-json\/wp\/v2\/product_cat?post=8545"},{"taxonomy":"product_tag","embeddable":true,"href":"http:\/\/klubmamgdynia.pl\/index.php\/wp-json\/wp\/v2\/product_tag?post=8545"}],"curies":[{"name":"wp","href":"https:\/\/api.w.org\/{rel}","templated":true}]}}