{"id":8555,"date":"2023-04-24T19:06:46","date_gmt":"2023-04-24T17:06:46","guid":{"rendered":"http:\/\/klubmamgdynia.pl\/?post_type=product&#038;p=8555"},"modified":"2026-04-04T05:38:26","modified_gmt":"2026-04-04T03:38:26","slug":"ravensburger-spieleverlag-tiere-futtern-wersja-niemiecka","status":"publish","type":"product","link":"http:\/\/klubmamgdynia.pl\/index.php\/produkt\/ravensburger-spieleverlag-tiere-futtern-wersja-niemiecka\/","title":{"rendered":"Ravensburger Spieleverlag Tiere f\u00fcttern (wersja niemiecka)"},"content":{"rendered":"<p>Es raschelt im Gras! Da ist ein Igel. Wo lebt dieses stachelige Tier und was frisst es? Der Igel lebt in der Wiese und frisst gerne Schnecken. Kinder ordnen die Tiere den verschiedenen Lebensr\u00e4umen zu. Ob das stimmt, zeigt die passende Puzzleausstanzung.Legespiel zu beliebten Tieren, ihren Lebensr\u00e4umen und ihr Futter.<\/p>\n<h2>Ravensburger Spieleverlag Tiere f\u00fcttern (wersja niemiecka) <\/h2>\n<p>imi\u0119 iwo, prezent dla trzynastolatki, julian znaczenie imienia, testy z lektury tajemniczy ogr\u00f3d, gry i zabawy dla dzieci, quiz psi patrol, kolorowanki dla dziewczynek do druku, kuku\u0142eczka kuka tekst, smok wawelski bajka, cytaty korczaka, zagadki matematyczne dla dzieci, test asiunia, dzieci z bullerbyn quiz, ma\u0142y ksi\u0105\u017c\u0119 cytaty, gad\u017cety dla nastolatka<\/p>\n<p>yyyyy<\/p>\n<p>&nbsp;<\/p>\n","protected":false},"excerpt":{"rendered":"<p>Es raschelt im Gras! Da ist ein Igel. Wo lebt dieses stachelige Tier und was frisst es? Der Igel lebt in der Wiese und frisst gerne Schnecken. Kinder ordnen die Tiere den verschiedenen Lebensr\u00e4umen zu. Ob das stimmt, zeigt die passende Puzzleausstanzung.Legespiel zu beliebten Tieren, ihren Lebensr\u00e4umen und ihr Futter. Ravensburger Spieleverlag Tiere f\u00fcttern (wersja [&hellip;]<\/p>\n","protected":false},"featured_media":8556,"comment_status":"closed","ping_status":"open","template":"","meta":[],"product_cat":[130],"product_tag":[702,638,709,608],"class_list":["post-8555","product","type-product","status-publish","has-post-thumbnail","hentry","product_cat-gry-dzieciece","product_tag-co-kupic-na-roczek-dla-dziewczynki","product_tag-miastodzieci","product_tag-zagadki-dla-dzieci-6-7-lat","product_tag-zagadki-i-odpowiedzi"],"_links":{"self":[{"href":"http:\/\/klubmamgdynia.pl\/index.php\/wp-json\/wp\/v2\/product\/8555","targetHints":{"allow":["GET"]}}],"collection":[{"href":"http:\/\/klubmamgdynia.pl\/index.php\/wp-json\/wp\/v2\/product"}],"about":[{"href":"http:\/\/klubmamgdynia.pl\/index.php\/wp-json\/wp\/v2\/types\/product"}],"replies":[{"embeddable":true,"href":"http:\/\/klubmamgdynia.pl\/index.php\/wp-json\/wp\/v2\/comments?post=8555"}],"wp:featuredmedia":[{"embeddable":true,"href":"http:\/\/klubmamgdynia.pl\/index.php\/wp-json\/wp\/v2\/media\/8556"}],"wp:attachment":[{"href":"http:\/\/klubmamgdynia.pl\/index.php\/wp-json\/wp\/v2\/media?parent=8555"}],"wp:term":[{"taxonomy":"product_cat","embeddable":true,"href":"http:\/\/klubmamgdynia.pl\/index.php\/wp-json\/wp\/v2\/product_cat?post=8555"},{"taxonomy":"product_tag","embeddable":true,"href":"http:\/\/klubmamgdynia.pl\/index.php\/wp-json\/wp\/v2\/product_tag?post=8555"}],"curies":[{"name":"wp","href":"https:\/\/api.w.org\/{rel}","templated":true}]}}