{"id":8559,"date":"2011-06-21T13:41:19","date_gmt":"2011-06-21T11:41:19","guid":{"rendered":"http:\/\/klubmamgdynia.pl\/index.php\/produkt\/simba-disney-kraina-lodu-namiot-ogrodowy-zamek\/"},"modified":"2026-04-06T02:41:24","modified_gmt":"2026-04-06T00:41:24","slug":"simba-disney-kraina-lodu-namiot-ogrodowy-zamek","status":"publish","type":"product","link":"http:\/\/klubmamgdynia.pl\/index.php\/produkt\/simba-disney-kraina-lodu-namiot-ogrodowy-zamek\/","title":{"rendered":"Simba Disney Kraina Lodu Namiot Ogrodowy &#8211; Zamek"},"content":{"rendered":"<p>Simba Disney Kraina Lodu Namiot Ogrodowy Zamek<\/p>\n<p>Grupa Simba &amp; Dickie jest jednym z pi\u0119ciu najwi\u0119kszych w Europie producent\u00f3w i dystrybutor\u00f3w zabawek takich jak: lalki, samochody, zabawki interaktywne i wiele innych. Na rynek polski wprowadza zabawki uwielbiane przez dzieci we wszystkich cz\u0119\u015bciach \u015bwiata.\u00a0                            <\/p>\n<p>Namiot Simba Disney Kraina Lodu Namiot Ogrodowy Zamek\u00a0 Bardzo szybki monta\u017c i demonta\u017c. Wystarczy 5 minut i kryj\u00f3wka gotowa. Szerokie wygodne wej\u015bcie. Produkt wykonany z najwy\u017cszej jako\u015bci materia\u0142\u00f3w nieprzemakalnych. Po z\u0142o\u017ceniu zajmuje niewiele miejsca.Namiot Simba Disney Kraina Lodu Namiot Ogrodowy Zamek\u00a0 z pod\u0142og\u0105 z wizerunkiem postaci z bajki Frozen II gwarantujedu\u017co miejsca do zabawy.                            <\/p>\n<p>To dla nich tworzone s\u0105 kolekcje: Simba, Eichhorn, Heros, Dickie, Majorette, Smoby, Ecoiffier, Big.G\u0142\u00f3wny cel to dawanie dzieciom rado\u015bci i wywo\u0142ywanie u\u015bmiechu na buziach dzieci.\u00a0Ostrze\u017cenie:\u00a0Wy\u0142\u0105cznie do u\u017cytku domowego.Dane szczeg\u00f3\u0142owe:Wiek: od 3 latDla kogo: dla ch\u0142opc\u00f3w i dziewczynekWysoko\u015b\u0107 (razem z opakowaniem): 80Szeroko\u015b\u0107 (razem z opakowaniem): 270D\u0142ugo\u015b\u0107 (razem z opakowaniem): 360<\/p>\n<h2>Simba Disney Kraina Lodu Namiot Ogrodowy &#8211; Zamek John<\/h2>\n<p>parasol szablon do wydruku, co dla rocznego dziecka, znaczenie imiona justyna, miko\u0142ajki dla dzieci warszawa 2021, maski do druku kolorowe, zabawki na roczek, zagadki o zwierz\u0119tach domowych, piosenka dla taty przedszkole, bajki do czytania dla dzieci, wieliczka bon turystyczny, lucyna, fajne rzeczy dla nastolatk\u00f3w, s\u0142oneczko, everest psi patrol kolorowanka, starodawne \u017cyczenia bo\u017conarodzeniowe, prezent na roczek dla dziewczynki, smieszne zagadki<\/p>\n<p>yyyyy<\/p>\n<p>&nbsp;<\/p>\n","protected":false},"excerpt":{"rendered":"<p>Simba Disney Kraina Lodu Namiot Ogrodowy Zamek Grupa Simba &amp; Dickie jest jednym z pi\u0119ciu najwi\u0119kszych w Europie producent\u00f3w i dystrybutor\u00f3w zabawek takich jak: lalki, samochody, zabawki interaktywne i wiele innych. Na rynek polski wprowadza zabawki uwielbiane przez dzieci we wszystkich cz\u0119\u015bciach \u015bwiata.\u00a0 Namiot Simba Disney Kraina Lodu Namiot Ogrodowy Zamek\u00a0 Bardzo szybki monta\u017c i [&hellip;]<\/p>\n","protected":false},"featured_media":8560,"comment_status":"closed","ping_status":"open","template":"","meta":[],"product_cat":[282,1695],"product_tag":[702,851,730,866,798,737],"class_list":["post-8559","product","type-product","status-publish","has-post-thumbnail","hentry","product_cat-domki-i-namioty-dla-dzieci","product_cat-john","product_tag-co-kupic-na-roczek-dla-dziewczynki","product_tag-jak-narysowac-kota","product_tag-karyna","product_tag-opis-do-zdjecia-dziecka-na-fb","product_tag-prezenty-dla-nastolatki","product_tag-test-z-lektury-felix-net-i-nika-oraz-gang-niewidzialnych-ludzi"],"_links":{"self":[{"href":"http:\/\/klubmamgdynia.pl\/index.php\/wp-json\/wp\/v2\/product\/8559","targetHints":{"allow":["GET"]}}],"collection":[{"href":"http:\/\/klubmamgdynia.pl\/index.php\/wp-json\/wp\/v2\/product"}],"about":[{"href":"http:\/\/klubmamgdynia.pl\/index.php\/wp-json\/wp\/v2\/types\/product"}],"replies":[{"embeddable":true,"href":"http:\/\/klubmamgdynia.pl\/index.php\/wp-json\/wp\/v2\/comments?post=8559"}],"wp:featuredmedia":[{"embeddable":true,"href":"http:\/\/klubmamgdynia.pl\/index.php\/wp-json\/wp\/v2\/media\/8560"}],"wp:attachment":[{"href":"http:\/\/klubmamgdynia.pl\/index.php\/wp-json\/wp\/v2\/media?parent=8559"}],"wp:term":[{"taxonomy":"product_cat","embeddable":true,"href":"http:\/\/klubmamgdynia.pl\/index.php\/wp-json\/wp\/v2\/product_cat?post=8559"},{"taxonomy":"product_tag","embeddable":true,"href":"http:\/\/klubmamgdynia.pl\/index.php\/wp-json\/wp\/v2\/product_tag?post=8559"}],"curies":[{"name":"wp","href":"https:\/\/api.w.org\/{rel}","templated":true}]}}