{"id":8561,"date":"2020-01-02T09:03:25","date_gmt":"2020-01-02T08:03:25","guid":{"rendered":"http:\/\/klubmamgdynia.pl\/index.php\/produkt\/mochtoys-walizka-lekarska-czerwona-11584-zabawka\/"},"modified":"2026-04-24T07:46:47","modified_gmt":"2026-04-24T05:46:47","slug":"mochtoys-walizka-lekarska-czerwona-11584-zabawka","status":"publish","type":"product","link":"http:\/\/klubmamgdynia.pl\/index.php\/produkt\/mochtoys-walizka-lekarska-czerwona-11584-zabawka\/","title":{"rendered":"Mochtoys Walizka Lekarska Czerwona 11584 &#8211; Zabawka"},"content":{"rendered":"<p>WALIZKA LEKARSKA CZERWONA 11584 MOCHTOYS DOKTORWszystkie dzieci lubi\u0105 na\u015bladowa\u0107 doros\u0142ych, wi\u0119c na pewno zestaw ma\u0142ego lekarza zyska zainteresowanie wielu najm\u0142odszych. Dzi\u0119ki niemu maluch mo\u017ce leczy\u0107 swoje przytulanki i lalki.Zestaw 10 element\u00f3w zamkni\u0119ty jest w czerwonej walizce z wygodnym uchwytem do przenoszenia zabawki.W zestawie znajduje si\u0119 10 akcesori\u00f3w mi\u0119dzy innymi:stetoskop,no\u017cyczki,strzykawka,termometr,m\u0142oteczek.Zabawka wykonana z wysokiej jako\u015bci tworzywa sztucznego.Wiek: 3 lata+Wymiary walizki: 30 x 25 x 8 cmMOCH-15840Nr oferty xSale 9830290353<\/p>\n<h2>Mochtoys Walizka Lekarska Czerwona 11584 &#8211; Zabawka Mochtoys<\/h2>\n<p>zagadki matematyczne dla dzieci, prezent dla rocznego ch\u0142opca, prezent dla nastolatka, wzory dyplom\u00f3w dyplomy do druku, rzadkie imiona dla dziewczynek, kolorowanki do wydrukowania, wzruszaj\u0105ce s\u0142owa dla przyjaciela<\/p>\n<p>yyyyy<\/p>\n<p>&nbsp;<\/p>\n","protected":false},"excerpt":{"rendered":"<p>WALIZKA LEKARSKA CZERWONA 11584 MOCHTOYS DOKTORWszystkie dzieci lubi\u0105 na\u015bladowa\u0107 doros\u0142ych, wi\u0119c na pewno zestaw ma\u0142ego lekarza zyska zainteresowanie wielu najm\u0142odszych. Dzi\u0119ki niemu maluch mo\u017ce leczy\u0107 swoje przytulanki i lalki.Zestaw 10 element\u00f3w zamkni\u0119ty jest w czerwonej walizce z wygodnym uchwytem do przenoszenia zabawki.W zestawie znajduje si\u0119 10 akcesori\u00f3w mi\u0119dzy innymi:stetoskop,no\u017cyczki,strzykawka,termometr,m\u0142oteczek.Zabawka wykonana z wysokiej jako\u015bci tworzywa sztucznego.Wiek: [&hellip;]<\/p>\n","protected":false},"featured_media":8562,"comment_status":"closed","ping_status":"open","template":"","meta":[],"product_cat":[53,319],"product_tag":[749,678,588,767],"class_list":["post-8561","product","type-product","status-publish","has-post-thumbnail","hentry","product_cat-kaciki-zabaw","product_cat-mochtoys","product_tag-najlepsze-zarty-na-prima-aprilis","product_tag-prezent-na-roczek-dla-dziewczynki","product_tag-wzruszajace-slowa-dla-przyjaciela","product_tag-zaproszenia-urodzinowe-do-druku"],"_links":{"self":[{"href":"http:\/\/klubmamgdynia.pl\/index.php\/wp-json\/wp\/v2\/product\/8561","targetHints":{"allow":["GET"]}}],"collection":[{"href":"http:\/\/klubmamgdynia.pl\/index.php\/wp-json\/wp\/v2\/product"}],"about":[{"href":"http:\/\/klubmamgdynia.pl\/index.php\/wp-json\/wp\/v2\/types\/product"}],"replies":[{"embeddable":true,"href":"http:\/\/klubmamgdynia.pl\/index.php\/wp-json\/wp\/v2\/comments?post=8561"}],"wp:featuredmedia":[{"embeddable":true,"href":"http:\/\/klubmamgdynia.pl\/index.php\/wp-json\/wp\/v2\/media\/8562"}],"wp:attachment":[{"href":"http:\/\/klubmamgdynia.pl\/index.php\/wp-json\/wp\/v2\/media?parent=8561"}],"wp:term":[{"taxonomy":"product_cat","embeddable":true,"href":"http:\/\/klubmamgdynia.pl\/index.php\/wp-json\/wp\/v2\/product_cat?post=8561"},{"taxonomy":"product_tag","embeddable":true,"href":"http:\/\/klubmamgdynia.pl\/index.php\/wp-json\/wp\/v2\/product_tag?post=8561"}],"curies":[{"name":"wp","href":"https:\/\/api.w.org\/{rel}","templated":true}]}}