{"id":8587,"date":"2023-10-01T12:48:28","date_gmt":"2023-10-01T10:48:28","guid":{"rendered":"http:\/\/klubmamgdynia.pl\/?post_type=product&#038;p=8587"},"modified":"2026-04-06T06:47:11","modified_gmt":"2026-04-06T04:47:11","slug":"gra-planszowa-schmidt-spiele-tempel-des-schreckens-wersja-niemiecka","status":"publish","type":"product","link":"http:\/\/klubmamgdynia.pl\/index.php\/produkt\/gra-planszowa-schmidt-spiele-tempel-des-schreckens-wersja-niemiecka\/","title":{"rendered":"Gra planszowa Schmidt Spiele Tempel des Schreckens (wersja niemiecka)"},"content":{"rendered":"<p>Bist du ein Abenteurer und willst das Gold des Tempels finden, oder bist du ein Priester und versuchst das Gold zu besch\u00fctzen? Jeder kennt nur seine Pers\u00f6nlichkeit. Da kann man den Mitspielern nat\u00fcrlich alles versprechen Tempel des Schreckens ist ein sehr kommunikatives Bluff- und \u00c4rgerspiel mit ganz wenig Regeln und viel Spielspa\u00df!<\/p>\n<h2>Gra planszowa Schmidt Spiele Tempel des Schreckens (wersja niemiecka) Schmidt Spiele<\/h2>\n<p>praktyczny prezent dla rocznego dziecka, kolorowanki \u015bwi\u0105teczne do wydruku, bursztynek, rozrywka dla dzieci, zaproszenia urodzinowe do wydruku chomikuj, podchwytliwe zagadki matematyczne, cytat o dzieciach, spiderman kolorowanka, kolorowanki dla dziewczynek lol, cytat o rodzinie, dzieci.pl, ba\u0142wanek do druku, \u017cyczenia bo\u017ce narodzenie oryginalne, zagdki, co kupi\u0107 na roczek dla dziewczynki, imi\u0119 kostek, lato lato lato czeka tekst<\/p>\n<p>yyyyy<\/p>\n<p>&nbsp;<\/p>\n","protected":false},"excerpt":{"rendered":"<p>Bist du ein Abenteurer und willst das Gold des Tempels finden, oder bist du ein Priester und versuchst das Gold zu besch\u00fctzen? Jeder kennt nur seine Pers\u00f6nlichkeit. Da kann man den Mitspielern nat\u00fcrlich alles versprechen Tempel des Schreckens ist ein sehr kommunikatives Bluff- und \u00c4rgerspiel mit ganz wenig Regeln und viel Spielspa\u00df! Gra planszowa Schmidt [&hellip;]<\/p>\n","protected":false},"featured_media":8588,"comment_status":"closed","ping_status":"open","template":"","meta":[],"product_cat":[235,1730],"product_tag":[765,871,657,795,826,649,714],"class_list":["post-8587","product","type-product","status-publish","has-post-thumbnail","hentry","product_cat-gry-planszowe","product_cat-schmidt-spiele","product_tag-atrakcje-dla-dzieci-warszawa","product_tag-bajka-o-smoku-wawelskim","product_tag-lol-kolorowanka","product_tag-mini-zoo-warszawa","product_tag-prezent-dla-15-latka","product_tag-zagadki-dla-nastolatkow","product_tag-zagadki-logiczne"],"_links":{"self":[{"href":"http:\/\/klubmamgdynia.pl\/index.php\/wp-json\/wp\/v2\/product\/8587","targetHints":{"allow":["GET"]}}],"collection":[{"href":"http:\/\/klubmamgdynia.pl\/index.php\/wp-json\/wp\/v2\/product"}],"about":[{"href":"http:\/\/klubmamgdynia.pl\/index.php\/wp-json\/wp\/v2\/types\/product"}],"replies":[{"embeddable":true,"href":"http:\/\/klubmamgdynia.pl\/index.php\/wp-json\/wp\/v2\/comments?post=8587"}],"wp:featuredmedia":[{"embeddable":true,"href":"http:\/\/klubmamgdynia.pl\/index.php\/wp-json\/wp\/v2\/media\/8588"}],"wp:attachment":[{"href":"http:\/\/klubmamgdynia.pl\/index.php\/wp-json\/wp\/v2\/media?parent=8587"}],"wp:term":[{"taxonomy":"product_cat","embeddable":true,"href":"http:\/\/klubmamgdynia.pl\/index.php\/wp-json\/wp\/v2\/product_cat?post=8587"},{"taxonomy":"product_tag","embeddable":true,"href":"http:\/\/klubmamgdynia.pl\/index.php\/wp-json\/wp\/v2\/product_tag?post=8587"}],"curies":[{"name":"wp","href":"https:\/\/api.w.org\/{rel}","templated":true}]}}