{"id":8593,"date":"2020-06-01T10:28:41","date_gmt":"2020-06-01T08:28:41","guid":{"rendered":"http:\/\/klubmamgdynia.pl\/index.php\/produkt\/magicbox-super-zings-seria-1-superzings-50-szt\/"},"modified":"2026-04-29T00:03:23","modified_gmt":"2026-04-28T22:03:23","slug":"magicbox-super-zings-seria-1-superzings-50-szt","status":"publish","type":"product","link":"http:\/\/klubmamgdynia.pl\/index.php\/produkt\/magicbox-super-zings-seria-1-superzings-50-szt\/","title":{"rendered":"Magicbox Super Zings Seria 1 Superzings 50 Szt"},"content":{"rendered":"<p>Super Zings to wspania\u0142a zabawka dla ka\u017cdego dziecka, kt\u00f3re uwielbia tworzy\u0107 kolekcj\u0119 figurek. Figurka b\u0119dzie doskona\u0142ym pocz\u0105tkiem lub uzupe\u0142nieniem kolekcji z serii Super Zings.<\/p>\n<h2>Magicbox Super Zings Seria 1 Superzings 50 Szt Magic Box<\/h2>\n<p>linda, quizy \u015bwi\u0105teczne bo\u017ce narodzenie, podchwytliwe zagadki matematyczne, sandra imie, ninjago kolorowanki, zaproszenia urodzinowe do wydruku chomikuj, dzieci cytaty, kotki do druku, asiunia &#8211; test z lektury pdf, prezent na roczek dla ch\u0142opca, znajd\u017a r\u00f3\u017cnice<\/p>\n<p>yyyyy<\/p>\n<p>&nbsp;<\/p>\n","protected":false},"excerpt":{"rendered":"<p>Super Zings to wspania\u0142a zabawka dla ka\u017cdego dziecka, kt\u00f3re uwielbia tworzy\u0107 kolekcj\u0119 figurek. Figurka b\u0119dzie doskona\u0142ym pocz\u0105tkiem lub uzupe\u0142nieniem kolekcji z serii Super Zings. Magicbox Super Zings Seria 1 Superzings 50 Szt Magic Box linda, quizy \u015bwi\u0105teczne bo\u017ce narodzenie, podchwytliwe zagadki matematyczne, sandra imie, ninjago kolorowanki, zaproszenia urodzinowe do wydruku chomikuj, dzieci cytaty, kotki do [&hellip;]<\/p>\n","protected":false},"featured_media":8594,"comment_status":"closed","ping_status":"open","template":"","meta":[],"product_cat":[95,510],"product_tag":[613,810,703,647,679],"class_list":["post-8593","product","type-product","status-publish","has-post-thumbnail","hentry","product_cat-figurki-makiety-i-zestawy","product_cat-magic-box","product_tag-na-wyspach-bergamutach","product_tag-nauka-zegara-do-druku","product_tag-prezent-dla-nastolatki","product_tag-warszawa-z-dzieckiem","product_tag-zabawki-na-roczek-dla-dziewczynki"],"_links":{"self":[{"href":"http:\/\/klubmamgdynia.pl\/index.php\/wp-json\/wp\/v2\/product\/8593","targetHints":{"allow":["GET"]}}],"collection":[{"href":"http:\/\/klubmamgdynia.pl\/index.php\/wp-json\/wp\/v2\/product"}],"about":[{"href":"http:\/\/klubmamgdynia.pl\/index.php\/wp-json\/wp\/v2\/types\/product"}],"replies":[{"embeddable":true,"href":"http:\/\/klubmamgdynia.pl\/index.php\/wp-json\/wp\/v2\/comments?post=8593"}],"wp:featuredmedia":[{"embeddable":true,"href":"http:\/\/klubmamgdynia.pl\/index.php\/wp-json\/wp\/v2\/media\/8594"}],"wp:attachment":[{"href":"http:\/\/klubmamgdynia.pl\/index.php\/wp-json\/wp\/v2\/media?parent=8593"}],"wp:term":[{"taxonomy":"product_cat","embeddable":true,"href":"http:\/\/klubmamgdynia.pl\/index.php\/wp-json\/wp\/v2\/product_cat?post=8593"},{"taxonomy":"product_tag","embeddable":true,"href":"http:\/\/klubmamgdynia.pl\/index.php\/wp-json\/wp\/v2\/product_tag?post=8593"}],"curies":[{"name":"wp","href":"https:\/\/api.w.org\/{rel}","templated":true}]}}