{"id":8595,"date":"2020-05-05T14:43:54","date_gmt":"2020-05-05T12:43:54","guid":{"rendered":"http:\/\/klubmamgdynia.pl\/index.php\/produkt\/tommee-tippee-butelka-dekorowana-260-ml-samochody-boy\/"},"modified":"2026-04-23T02:55:41","modified_gmt":"2026-04-23T00:55:41","slug":"tommee-tippee-butelka-dekorowana-260-ml-samochody-boy","status":"publish","type":"product","link":"http:\/\/klubmamgdynia.pl\/index.php\/produkt\/tommee-tippee-butelka-dekorowana-260-ml-samochody-boy\/","title":{"rendered":"Tommee Tippee Butelka Dekorowana 260 Ml Samochody Boy"},"content":{"rendered":"<p>Tommee Tippe Butelka Dekorowana 260 mlButelka dekorowana zosta\u0142a zaprojektowana z my\u015bl\u0105 o najm\u0142odszych.Dzi\u0119ki smoczkowi, kt\u00f3ry imituje ruch matczynej piersi, mo\u017cna po\u0142\u0105czy\u0107 karmienie piersi\u0105 z karmieniem butelk\u0105.Smoczek jest mi\u0119kki, elastyczny i gi\u0119tki o wolnym przep\u0142ywie.\u0141atwe w utrzymaniu: mo\u017cliwo\u015b\u0107 sterylizacji, zamra\u017cania, podgrzewania w mikrofal\u00f3wce.Butelka o pojemno\u015bci 260 ml w kolorze r\u00f3\u017cowym z pi\u0119knymi obrazkami, kt\u00f3re na pewno zainteresuj\u0105 i pobudz\u0105 wyobra\u017ani\u0119 malucha.<\/p>\n<h2>Tommee Tippee Butelka Dekorowana 260 Ml Samochody Boy <\/h2>\n<p>ma\u0142y ksi\u0105\u017c\u0119 cytaty o przyja\u017ani, zabawy dla 7 latki, kwiecien plecien, malowane kamienie, \u0142amig\u0142\u00f3wki s\u0142owne, paula znaczenie imienia, peppa do czytania, kuba imi\u0119, test z lektury asiunia<\/p>\n<p>yyyyy<\/p>\n<p>&nbsp;<\/p>\n","protected":false},"excerpt":{"rendered":"<p>Tommee Tippe Butelka Dekorowana 260 mlButelka dekorowana zosta\u0142a zaprojektowana z my\u015bl\u0105 o najm\u0142odszych.Dzi\u0119ki smoczkowi, kt\u00f3ry imituje ruch matczynej piersi, mo\u017cna po\u0142\u0105czy\u0107 karmienie piersi\u0105 z karmieniem butelk\u0105.Smoczek jest mi\u0119kki, elastyczny i gi\u0119tki o wolnym przep\u0142ywie.\u0141atwe w utrzymaniu: mo\u017cliwo\u015b\u0107 sterylizacji, zamra\u017cania, podgrzewania w mikrofal\u00f3wce.Butelka o pojemno\u015bci 260 ml w kolorze r\u00f3\u017cowym z pi\u0119knymi obrazkami, kt\u00f3re na pewno [&hellip;]<\/p>\n","protected":false},"featured_media":8596,"comment_status":"closed","ping_status":"open","template":"","meta":[],"product_cat":[195],"product_tag":[854,632,796],"class_list":["post-8595","product","type-product","status-publish","has-post-thumbnail","hentry","product_cat-butelki","product_tag-cytaty-rodzina","product_tag-warszawa-atrakcje-dla-mlodziezy","product_tag-zagatki"],"_links":{"self":[{"href":"http:\/\/klubmamgdynia.pl\/index.php\/wp-json\/wp\/v2\/product\/8595","targetHints":{"allow":["GET"]}}],"collection":[{"href":"http:\/\/klubmamgdynia.pl\/index.php\/wp-json\/wp\/v2\/product"}],"about":[{"href":"http:\/\/klubmamgdynia.pl\/index.php\/wp-json\/wp\/v2\/types\/product"}],"replies":[{"embeddable":true,"href":"http:\/\/klubmamgdynia.pl\/index.php\/wp-json\/wp\/v2\/comments?post=8595"}],"wp:featuredmedia":[{"embeddable":true,"href":"http:\/\/klubmamgdynia.pl\/index.php\/wp-json\/wp\/v2\/media\/8596"}],"wp:attachment":[{"href":"http:\/\/klubmamgdynia.pl\/index.php\/wp-json\/wp\/v2\/media?parent=8595"}],"wp:term":[{"taxonomy":"product_cat","embeddable":true,"href":"http:\/\/klubmamgdynia.pl\/index.php\/wp-json\/wp\/v2\/product_cat?post=8595"},{"taxonomy":"product_tag","embeddable":true,"href":"http:\/\/klubmamgdynia.pl\/index.php\/wp-json\/wp\/v2\/product_tag?post=8595"}],"curies":[{"name":"wp","href":"https:\/\/api.w.org\/{rel}","templated":true}]}}