{"id":8599,"date":"2015-07-30T10:09:46","date_gmt":"2015-07-30T08:09:46","guid":{"rendered":"http:\/\/klubmamgdynia.pl\/index.php\/produkt\/auto-osob-met-16x7x7-bmw-z4-wb-daffi\/"},"modified":"2026-04-07T12:39:32","modified_gmt":"2026-04-07T10:39:32","slug":"auto-osob-met-16x7x7-bmw-z4-wb-daffi","status":"publish","type":"product","link":"http:\/\/klubmamgdynia.pl\/index.php\/produkt\/auto-osob-met-16x7x7-bmw-z4-wb-daffi\/","title":{"rendered":"Auto Osob Met 16X7X7 BMW Z4 WB Daffi"},"content":{"rendered":"<p>Mix wzor\u00f3w, towar wysy\u0142any losowo.Model kolekcjonerski KINSMART (skala 5) &#8211; wz\u00f3r: Lamborghini Urus&#8230;<\/p>\n<h2>Auto Osob Met 16X7X7 BMW Z4 WB Daffi DAFFI<\/h2>\n<p>bajka o smoku, imie leon, zadania logiczne, prezent na roczek dla dziewczynki, sing 2 multikino, kuba imie, nela w krainie wombat\u00f3w, quiz opowie\u015bci z narnii lew czarownica i stara szafa, dziwne zagadki, rysowanie po \u015bladzie, nadia imie, jaki prezent na roczek<\/p>\n<p>yyyyy<\/p>\n<p>&nbsp;<\/p>\n","protected":false},"excerpt":{"rendered":"<p>Mix wzor\u00f3w, towar wysy\u0142any losowo.Model kolekcjonerski KINSMART (skala 5) &#8211; wz\u00f3r: Lamborghini Urus&#8230; Auto Osob Met 16X7X7 BMW Z4 WB Daffi DAFFI bajka o smoku, imie leon, zadania logiczne, prezent na roczek dla dziewczynki, sing 2 multikino, kuba imie, nela w krainie wombat\u00f3w, quiz opowie\u015bci z narnii lew czarownica i stara szafa, dziwne zagadki, rysowanie [&hellip;]<\/p>\n","protected":false},"featured_media":8600,"comment_status":"closed","ping_status":"open","template":"","meta":[],"product_cat":[1719,303],"product_tag":[722,853,862,855,698],"class_list":["post-8599","product","type-product","status-publish","has-post-thumbnail","hentry","product_cat-daffi","product_cat-kolekcjonerskie-modele-pojazdow","product_tag-cytaty-o-przyjazni","product_tag-kolorowanki-do-druku-dla-doroslych","product_tag-nasza-zima-zla-tekst","product_tag-nietypowe-imiona-zenskie","product_tag-zagadki-dla-przedszkolakow"],"_links":{"self":[{"href":"http:\/\/klubmamgdynia.pl\/index.php\/wp-json\/wp\/v2\/product\/8599","targetHints":{"allow":["GET"]}}],"collection":[{"href":"http:\/\/klubmamgdynia.pl\/index.php\/wp-json\/wp\/v2\/product"}],"about":[{"href":"http:\/\/klubmamgdynia.pl\/index.php\/wp-json\/wp\/v2\/types\/product"}],"replies":[{"embeddable":true,"href":"http:\/\/klubmamgdynia.pl\/index.php\/wp-json\/wp\/v2\/comments?post=8599"}],"wp:featuredmedia":[{"embeddable":true,"href":"http:\/\/klubmamgdynia.pl\/index.php\/wp-json\/wp\/v2\/media\/8600"}],"wp:attachment":[{"href":"http:\/\/klubmamgdynia.pl\/index.php\/wp-json\/wp\/v2\/media?parent=8599"}],"wp:term":[{"taxonomy":"product_cat","embeddable":true,"href":"http:\/\/klubmamgdynia.pl\/index.php\/wp-json\/wp\/v2\/product_cat?post=8599"},{"taxonomy":"product_tag","embeddable":true,"href":"http:\/\/klubmamgdynia.pl\/index.php\/wp-json\/wp\/v2\/product_tag?post=8599"}],"curies":[{"name":"wp","href":"https:\/\/api.w.org\/{rel}","templated":true}]}}