{"id":8605,"date":"2011-12-07T01:49:21","date_gmt":"2011-12-07T00:49:21","guid":{"rendered":"http:\/\/klubmamgdynia.pl\/index.php\/produkt\/mochtoys-duza-hustawka-bezpieczna\/"},"modified":"2026-05-17T23:01:01","modified_gmt":"2026-05-17T21:01:01","slug":"mochtoys-duza-hustawka-bezpieczna","status":"publish","type":"product","link":"http:\/\/klubmamgdynia.pl\/index.php\/produkt\/mochtoys-duza-hustawka-bezpieczna\/","title":{"rendered":"Mochtoys Du\u017ca Hu\u015btawka Bezpieczna"},"content":{"rendered":"<p>Rewelacyjna plastikowa hu\u015btawka w intensywnych kolorach doskonale sprawdzi si\u0119 zar\u00f3wno w ogrodzie, jak i w domu.Mocowana jest na mocnum sznurze zako\u0144czonym metalowymi zaczepami.Do ka\u017cdej hu\u015btawki za\u0142\u0105czona instrukcja bezpiecznego zamocowania.Posiada niezb\u0119dne atesty i certyfikaty.Maksymalne obci\u0105\u017cenie do 20kg.Wymiary:Siedzisko szeroko\u015b\u0107 29 cm,g\u0142\u0119boko\u015b\u0107 20 cm,wysoko\u015b\u0107 oparcia 29 cmPrzeznaczona dla dzieci od 18- 36 miesi\u0105cy \u017cycia.Dost\u0119pna w kolorach pomara\u0144czowym, zielonym oraz r\u00f3\u017cowym.<\/p>\n<h2>Mochtoys Du\u017ca Hu\u015btawka Bezpieczna Mochtoys<\/h2>\n<p>maciej imie, maska wilka szablon, sandra imie, znajd\u017a r\u00f3\u017cnice do druku, lego ninjago kolorowanka, kolorowe kanapki kanapki dla dzieci, rysowanie po \u015bladzie, dzieci z bullerbyn quiz, anio\u0142ki w niebie pisz\u0105, stare piosenki dla dzieci teksty, cytaty o mamie, quiz o hejka tu lenka, krzy\u017c\u00f3wki dla dzieci, koreczki dla dzieci na urodziny, czerwony kapturek kolorowanka, prezent roczek<\/p>\n<p>yyyyy<\/p>\n<p>&nbsp;<\/p>\n","protected":false},"excerpt":{"rendered":"<p>Rewelacyjna plastikowa hu\u015btawka w intensywnych kolorach doskonale sprawdzi si\u0119 zar\u00f3wno w ogrodzie, jak i w domu.Mocowana jest na mocnum sznurze zako\u0144czonym metalowymi zaczepami.Do ka\u017cdej hu\u015btawki za\u0142\u0105czona instrukcja bezpiecznego zamocowania.Posiada niezb\u0119dne atesty i certyfikaty.Maksymalne obci\u0105\u017cenie do 20kg.Wymiary:Siedzisko szeroko\u015b\u0107 29 cm,g\u0142\u0119boko\u015b\u0107 20 cm,wysoko\u015b\u0107 oparcia 29 cmPrzeznaczona dla dzieci od 18- 36 miesi\u0105cy \u017cycia.Dost\u0119pna w kolorach pomara\u0144czowym, zielonym [&hellip;]<\/p>\n","protected":false},"featured_media":8606,"comment_status":"closed","ping_status":"open","template":"","meta":[],"product_cat":[319,285],"product_tag":[722,648,716,762,653,701],"class_list":["post-8605","product","type-product","status-publish","has-post-thumbnail","hentry","product_cat-mochtoys","product_cat-place-zabaw","product_tag-cytaty-o-przyjazni","product_tag-dobrej-nocy-i-sza","product_tag-filmy-animowane-o-swietach","product_tag-trudne-zagadki-dla-dzieci","product_tag-warszawa-dla-dzieci","product_tag-zgadywanki-dla-dzieci"],"_links":{"self":[{"href":"http:\/\/klubmamgdynia.pl\/index.php\/wp-json\/wp\/v2\/product\/8605","targetHints":{"allow":["GET"]}}],"collection":[{"href":"http:\/\/klubmamgdynia.pl\/index.php\/wp-json\/wp\/v2\/product"}],"about":[{"href":"http:\/\/klubmamgdynia.pl\/index.php\/wp-json\/wp\/v2\/types\/product"}],"replies":[{"embeddable":true,"href":"http:\/\/klubmamgdynia.pl\/index.php\/wp-json\/wp\/v2\/comments?post=8605"}],"wp:featuredmedia":[{"embeddable":true,"href":"http:\/\/klubmamgdynia.pl\/index.php\/wp-json\/wp\/v2\/media\/8606"}],"wp:attachment":[{"href":"http:\/\/klubmamgdynia.pl\/index.php\/wp-json\/wp\/v2\/media?parent=8605"}],"wp:term":[{"taxonomy":"product_cat","embeddable":true,"href":"http:\/\/klubmamgdynia.pl\/index.php\/wp-json\/wp\/v2\/product_cat?post=8605"},{"taxonomy":"product_tag","embeddable":true,"href":"http:\/\/klubmamgdynia.pl\/index.php\/wp-json\/wp\/v2\/product_tag?post=8605"}],"curies":[{"name":"wp","href":"https:\/\/api.w.org\/{rel}","templated":true}]}}