{"id":8647,"date":"2022-06-06T10:27:41","date_gmt":"2022-06-06T08:27:41","guid":{"rendered":"http:\/\/klubmamgdynia.pl\/index.php\/produkt\/generator-pary-tefal-express-easy-sv6131\/"},"modified":"2026-05-17T22:13:36","modified_gmt":"2026-05-17T20:13:36","slug":"generator-pary-tefal-express-easy-sv6131","status":"publish","type":"product","link":"http:\/\/klubmamgdynia.pl\/index.php\/produkt\/generator-pary-tefal-express-easy-sv6131\/","title":{"rendered":"Generator pary Tefal Express EASY SV6131"},"content":{"rendered":"<p>Rodzaj stopy: Durilium Airglide AutocleanMoc: 2200 WWytwarzanie pary: 120 g\/minDodatkowe uderzenie pary: 350 g\/minCi\u015bnienie pary: 5,8 barDodatkowe funkcje: pionowy wyrzut pary, prasowanie w pionie, system antywapiennyOkres gwarancji: 2 lata<\/p>\n<h2>Generator pary Tefal Express EASY SV6131 Tefal<\/h2>\n<p>gda\u0144sk atrakcje dla m\u0142odzie\u017cy, dzie\u0144 pluszowego misia 2021, quizy dla dzieci, o b\u0142\u0119dne dyktando, wierszyki na \u015bmigus dyngus, janusz, pokemon kolorowanki, traktor z przyczep\u0105 kolorowanka do druku, \u017carty na prima aprilis dla rodzic\u00f3w, pola imi\u0119, smok wawelski bajka, prezent dla 7 latka, znaczenie imiona alan, peppa do czytania, quiz o ro\u015blinach<\/p>\n<p>yyyyy<\/p>\n<p>&nbsp;<\/p>\n","protected":false},"excerpt":{"rendered":"<p>Rodzaj stopy: Durilium Airglide AutocleanMoc: 2200 WWytwarzanie pary: 120 g\/minDodatkowe uderzenie pary: 350 g\/minCi\u015bnienie pary: 5,8 barDodatkowe funkcje: pionowy wyrzut pary, prasowanie w pionie, system antywapiennyOkres gwarancji: 2 lata Generator pary Tefal Express EASY SV6131 Tefal gda\u0144sk atrakcje dla m\u0142odzie\u017cy, dzie\u0144 pluszowego misia 2021, quizy dla dzieci, o b\u0142\u0119dne dyktando, wierszyki na \u015bmigus dyngus, janusz, [&hellip;]<\/p>\n","protected":false},"featured_media":8648,"comment_status":"closed","ping_status":"open","template":"","meta":[],"product_cat":[1320,1340],"product_tag":[844,613,787,806,841],"class_list":["post-8647","product","type-product","status-publish","has-post-thumbnail","hentry","product_cat-stacje-parowe","product_cat-tefal","product_tag-co-kupic-na-roczek","product_tag-na-wyspach-bergamutach","product_tag-nauka-pisania-wyrazow-dla-dzieci-do-druku-pdf","product_tag-prezent-dla-dziecka-na-roczek","product_tag-quiz-o-flagach"],"_links":{"self":[{"href":"http:\/\/klubmamgdynia.pl\/index.php\/wp-json\/wp\/v2\/product\/8647","targetHints":{"allow":["GET"]}}],"collection":[{"href":"http:\/\/klubmamgdynia.pl\/index.php\/wp-json\/wp\/v2\/product"}],"about":[{"href":"http:\/\/klubmamgdynia.pl\/index.php\/wp-json\/wp\/v2\/types\/product"}],"replies":[{"embeddable":true,"href":"http:\/\/klubmamgdynia.pl\/index.php\/wp-json\/wp\/v2\/comments?post=8647"}],"wp:featuredmedia":[{"embeddable":true,"href":"http:\/\/klubmamgdynia.pl\/index.php\/wp-json\/wp\/v2\/media\/8648"}],"wp:attachment":[{"href":"http:\/\/klubmamgdynia.pl\/index.php\/wp-json\/wp\/v2\/media?parent=8647"}],"wp:term":[{"taxonomy":"product_cat","embeddable":true,"href":"http:\/\/klubmamgdynia.pl\/index.php\/wp-json\/wp\/v2\/product_cat?post=8647"},{"taxonomy":"product_tag","embeddable":true,"href":"http:\/\/klubmamgdynia.pl\/index.php\/wp-json\/wp\/v2\/product_tag?post=8647"}],"curies":[{"name":"wp","href":"https:\/\/api.w.org\/{rel}","templated":true}]}}