{"id":8651,"date":"2022-10-07T17:59:47","date_gmt":"2022-10-07T15:59:47","guid":{"rendered":"http:\/\/klubmamgdynia.pl\/index.php\/produkt\/papo-zloty-smok-z-skrzydlamy-i-ogniem\/"},"modified":"2026-04-05T15:47:44","modified_gmt":"2026-04-05T13:47:44","slug":"papo-zloty-smok-z-skrzydlamy-i-ogniem","status":"publish","type":"product","link":"http:\/\/klubmamgdynia.pl\/index.php\/produkt\/papo-zloty-smok-z-skrzydlamy-i-ogniem\/","title":{"rendered":"Papo z\u0142oty Smok Z Skrzyd\u0142amy i Ogniem"},"content":{"rendered":"<p>.description { padding: 11px; box-sizing: border-box; max-width: 1200px; } .description .section { padding: 15px 0; } @media (max-width: 991px) { .description .section .item-6:nth-child(1) { padding-bottom: 10px; } } @media (min-width: 992px) { .description .section { display: flex; align-items: center; } .description .item-6 { width: 50%; float: left; position: relative; min-height: 1px; } } .description *, .description *::after, .description *::before { box-sizing: border-box; } .description .item { padding-left: 15px; padding-right: 15px; } .description .item-12 { width: 100%; min-height: 1px; } .description .text-item h1, .description .text-item h2 { display: block; font-family: &#8222;Roboto&#8221;, &#8222;Open Sans&#8221;, sans-serif \/* once Roboto font is available globally on allegro sites, this fallback is not needed anymore *\/; font-weight: 500; margin: 18px 0; } .description .text-item p { margin: 16px 0; word-wrap: break-word; } .description .text-item h1 { color: #444444; font-size: 24px; line-height: 24px; } .description .text-item h2 { color: #444444; font-size: 18px; line-height: 18px; } .description .text-item ol, .description .text-item ul { padding-left: 40px; margin: 16px 0; } .description .text-item { color: #444444; font-family: &#8222;Open Sans&#8221;, sans-serif; font-size: 16px; line-height: 22px; width: 100%; word-wrap: break-word; } .description .image-item img { display: block; margin-left: auto; margin-right: auto; max-width: 100%; } .description .video-item .yt-container { margin-left: auto; margin-right: auto; max-width: 853px; } .description .video-item .yt-responsive-container { position: relative; padding-bottom: 56.25%; padding-top: 30px; height: 0; overflow: hidden; } .description .video-item .yt-container .yt-responsive-container iframe { position: absolute; top: 0; left: 0; width: 100%; height: 100%; } .hidden { display: none; } function showHiddenVideos() { var elements = document.getElementsByClassName(yt-container hidden); for (var i = 0; i &lt; elements.length; i++) { elements[i].classList.remove(hidden); } } FIGURKA PAPOSMOK ZE SKRZYD\u0141AMI I OGNIEMwysoko\u015b\u0107: 12 X 10 X 10 CM<\/p>\n<h2>Papo z\u0142oty Smok Z Skrzyd\u0142amy i Ogniem Papo<\/h2>\n<p>quiz flagi, wzruszajace cytaty o rodzinie, wiosenne zagadki, malowanki, opowie\u015bci z narnii lew czarownica i stara szafa test do wydruku, quizy o minecraft, zagadki zimowe, w uk\u0142adzie s\u0142onecznym tekst, ma\u0142y ksi\u0105\u017ce cytaty o przyja\u017ani, opowie\u015bci z narnii lew czarownica i stara szafa test do wydruku, cytaty dla dzieci, miko\u0142ajki dla dzieci warszawa 2021, by\u0142a sobie \u017cabka ma\u0142a tekst, cookie dough przepis, quiz o psie kt\u00f3ry je\u017adzi\u0142 kolej\u0105, pi\u0119kne cytaty o synku, wycinanki do druku, wiersz o wakacjach, miko\u0142ajek &#8211; test z odpowiedziami, imi\u0119 pola<\/p>\n<p>yyyyy<\/p>\n<p>&nbsp;<\/p>\n","protected":false},"excerpt":{"rendered":"<p>.description { padding: 11px; box-sizing: border-box; max-width: 1200px; } .description .section { padding: 15px 0; } @media (max-width: 991px) { .description .section .item-6:nth-child(1) { padding-bottom: 10px; } } @media (min-width: 992px) { .description .section { display: flex; align-items: center; } .description .item-6 { width: 50%; float: left; position: relative; min-height: 1px; } } .description *, [&hellip;]<\/p>\n","protected":false},"featured_media":8652,"comment_status":"closed","ping_status":"open","template":"","meta":[],"product_cat":[95,880],"product_tag":[777,651,587,709],"class_list":["post-8651","product","type-product","status-publish","has-post-thumbnail","hentry","product_cat-figurki-makiety-i-zestawy","product_cat-papo","product_tag-co-na-roczek","product_tag-quizy-online","product_tag-skalne-miasto","product_tag-zagadki-dla-dzieci-6-7-lat"],"_links":{"self":[{"href":"http:\/\/klubmamgdynia.pl\/index.php\/wp-json\/wp\/v2\/product\/8651","targetHints":{"allow":["GET"]}}],"collection":[{"href":"http:\/\/klubmamgdynia.pl\/index.php\/wp-json\/wp\/v2\/product"}],"about":[{"href":"http:\/\/klubmamgdynia.pl\/index.php\/wp-json\/wp\/v2\/types\/product"}],"replies":[{"embeddable":true,"href":"http:\/\/klubmamgdynia.pl\/index.php\/wp-json\/wp\/v2\/comments?post=8651"}],"wp:featuredmedia":[{"embeddable":true,"href":"http:\/\/klubmamgdynia.pl\/index.php\/wp-json\/wp\/v2\/media\/8652"}],"wp:attachment":[{"href":"http:\/\/klubmamgdynia.pl\/index.php\/wp-json\/wp\/v2\/media?parent=8651"}],"wp:term":[{"taxonomy":"product_cat","embeddable":true,"href":"http:\/\/klubmamgdynia.pl\/index.php\/wp-json\/wp\/v2\/product_cat?post=8651"},{"taxonomy":"product_tag","embeddable":true,"href":"http:\/\/klubmamgdynia.pl\/index.php\/wp-json\/wp\/v2\/product_tag?post=8651"}],"curies":[{"name":"wp","href":"https:\/\/api.w.org\/{rel}","templated":true}]}}