{"id":8655,"date":"2015-07-01T00:28:52","date_gmt":"2015-06-30T22:28:52","guid":{"rendered":"http:\/\/klubmamgdynia.pl\/index.php\/produkt\/lego-850779-legends-of-chima-battle-pack-4-minifigures\/"},"modified":"2026-04-07T15:53:46","modified_gmt":"2026-04-07T13:53:46","slug":"lego-850779-legends-of-chima-battle-pack-4-minifigures","status":"publish","type":"product","link":"http:\/\/klubmamgdynia.pl\/index.php\/produkt\/lego-850779-legends-of-chima-battle-pack-4-minifigures\/","title":{"rendered":"LEGO 850779 Legends of Chima Battle Pack 4 Minifigures"},"content":{"rendered":"<p>Ekskluzywny zestaw czterech figurek z akcesoriami dla fan\u00f3w serii Lego Chima Spraw \u015bwietny prezent dla fan\u00f3w Legends of Chima! Zdob\u0105d\u017a przewag\u0119 nad konkurencj\u0105 w ostatecznej bitwie o CHI! To proste dzi\u0119ki pakietowi Lego Legends of Chima zawieraj\u0105cym 4 minifigurki: Lennox, Winzar, Razcal i Ewar z asortymentem broni. Klocki Lego s\u0105 wspania\u0142ym sposobem na odstresowanie i skupienie. Doskonale nadaj\u0105 si\u0119 do zabawy z rodzin\u0105 i przyjaci\u00f3\u0142mi. Najwa\u017cniejsze cechy: Zestaw zawiera 4 minifigurki z broni\u0105: Lennox, Winzar, Razcal i Ewar Wzmocnij swoje plemi\u0119 i walcz z przyjaci\u00f3\u0142mi! \u015awietny prezent dla fan\u00f3w serii Lego Legends of Chima! KLOCKI LEGO TO ZABAWKI NAJWY\u017bSZEJ JAKO\u015aCI. POSIADAJ\u0104 WALORY EDUKACYJNE. WSPANIALE UMIL\u0104 CZAS SP\u0118DZANY Z RODZIN\u0104 I PRZYJACI\u00d3\u0141MI. Specyfikacja techniczna: Producent: Lego Seria: Chima Numer katalogowy: 850779 Ilo\u015b\u0107 klock\u00f3w w zestawie: 42 Producent poleca zabawk\u0119 dla dzieci od 6 lat Wymiary opakowania: 17,9cm (szer.) x 26,5cm (wys.) x 2,1cm (g\u0142\u0119b.)<\/p>\n<h2>LEGO 850779 Legends of Chima Battle Pack 4 Minifigures LEGO<\/h2>\n<p>jak rozmawia\u0107 z dzie\u0107mi o wojnie, sporty po francusku, dymitr, kira, szablony postacie do szopki do druku, \u0142amig\u0142\u00f3wki matematyczne, wiosna zagadki s\u0142owne, wobies, czasdzieci krak\u00f3w, test ch\u0142opcy z placu broni klasa 5, test z lektury asiunia, cyferki do druku, trudne zagadki na inteligencj\u0119, lilianna, bajki dla dzieci od 7 do 10 lat, irma<\/p>\n<p>yyyyy<\/p>\n<p>&nbsp;<\/p>\n","protected":false},"excerpt":{"rendered":"<p>Ekskluzywny zestaw czterech figurek z akcesoriami dla fan\u00f3w serii Lego Chima Spraw \u015bwietny prezent dla fan\u00f3w Legends of Chima! Zdob\u0105d\u017a przewag\u0119 nad konkurencj\u0105 w ostatecznej bitwie o CHI! To proste dzi\u0119ki pakietowi Lego Legends of Chima zawieraj\u0105cym 4 minifigurki: Lennox, Winzar, Razcal i Ewar z asortymentem broni. Klocki Lego s\u0105 wspania\u0142ym sposobem na odstresowanie i [&hellip;]<\/p>\n","protected":false},"featured_media":8656,"comment_status":"closed","ping_status":"open","template":"","meta":[],"product_cat":[113,540],"product_tag":[637,835,641],"class_list":["post-8655","product","type-product","status-publish","has-post-thumbnail","hentry","product_cat-klocki","product_cat-lego","product_tag-niech-zyja-wakacje-tekst","product_tag-radosc-dziecka-cytaty","product_tag-trudne-zagadki-logiczne"],"_links":{"self":[{"href":"http:\/\/klubmamgdynia.pl\/index.php\/wp-json\/wp\/v2\/product\/8655","targetHints":{"allow":["GET"]}}],"collection":[{"href":"http:\/\/klubmamgdynia.pl\/index.php\/wp-json\/wp\/v2\/product"}],"about":[{"href":"http:\/\/klubmamgdynia.pl\/index.php\/wp-json\/wp\/v2\/types\/product"}],"replies":[{"embeddable":true,"href":"http:\/\/klubmamgdynia.pl\/index.php\/wp-json\/wp\/v2\/comments?post=8655"}],"wp:featuredmedia":[{"embeddable":true,"href":"http:\/\/klubmamgdynia.pl\/index.php\/wp-json\/wp\/v2\/media\/8656"}],"wp:attachment":[{"href":"http:\/\/klubmamgdynia.pl\/index.php\/wp-json\/wp\/v2\/media?parent=8655"}],"wp:term":[{"taxonomy":"product_cat","embeddable":true,"href":"http:\/\/klubmamgdynia.pl\/index.php\/wp-json\/wp\/v2\/product_cat?post=8655"},{"taxonomy":"product_tag","embeddable":true,"href":"http:\/\/klubmamgdynia.pl\/index.php\/wp-json\/wp\/v2\/product_tag?post=8655"}],"curies":[{"name":"wp","href":"https:\/\/api.w.org\/{rel}","templated":true}]}}