{"id":8657,"date":"2024-06-21T19:09:35","date_gmt":"2024-06-21T17:09:35","guid":{"rendered":"http:\/\/klubmamgdynia.pl\/?post_type=product&#038;p=8657"},"modified":"2026-04-24T03:22:00","modified_gmt":"2026-04-24T01:22:00","slug":"grand-theft-auto-online-megalodon-shark-cash-card-8000000","status":"publish","type":"product","link":"http:\/\/klubmamgdynia.pl\/index.php\/produkt\/grand-theft-auto-online-megalodon-shark-cash-card-8000000\/","title":{"rendered":"Grand Theft Auto Online: Megalodon Shark Cash Card &#8211; 8,000,000$"},"content":{"rendered":"<p>Buy Grand Theft Auto Online: Megalodon Shark Cash Card, it\u2019s one of the most convenient ways to boost up your GTA Online bank account! Buy whatever you want, and believe it, there\u2019s plenty to desire! From houses to businesses to various vehicles, weapons, and tons more. You got the money \u2013 you got the power!8,000,000$ Up for Grabs!With this Cash Card in your possession, you\u2019ll immediately get 8.000.000$ to your in-game account. And once that is settled, you can go on a shopping-spree venture! The world you play in is vast in both, scale and size. Make a hefty list of items worth your investment and go get them with ease. Knowing you can acquire the best makes the rest into a fun fest!Money is PowerBuy Grand Theft Auto Online: Megalodon Shark Cash Card and use it to your advantage! Money makes the world spin, money is power, and as the saying goes \u2013 with great power comes great responsibility, so act responsibly! With undirected choices, money tends to fade away with time, so try and generate value first! And then entertain yourself to your heart extents!Don\u2019t Resist ItLos Santos and Blaine County are challenging when you are only swinging dimes, however, with your bank account booming with green, life transforms into a truly glorious journey! Immerse yourself in it \u2013 no further consideration needed. Allow yourself to have a journey you deserve and get the benefits of Grant Theft Auto Online: Megalodon Shark Cash Card today!<\/p>\n<h2>Grand Theft Auto Online: Megalodon Shark Cash Card &#8211; 8,000,000$ Rockstar Games<\/h2>\n<p>otto, asiunia test z lektury, kamila, prezenty roczek, przysz\u0142a zima bia\u0142a, ma\u0142y ksi\u0105\u017c\u0119 cytaty o mi\u0142o\u015bci, gdzie nad wod\u0119 ko\u0142o warszawy, felix net i nika oraz gang niewidzialnych ludzi quiz, \u015bwinka peppa do czytania, kuba imie, mira imi\u0119, ozdoby \u015bwi\u0105teczne z rolek po papierze toaletowym, bajka na dobranoc do czytania, prezent dla rocznego dziecka, cytaty o mi\u0142o\u015bci kubu\u015b puchatek, hot wheels kolorowanka, uk\u0142ad s\u0142oneczny dla dzieci do druku, dyplomy do wydrukowania a4<\/p>\n<p>yyyyy<\/p>\n<p>&nbsp;<\/p>\n","protected":false},"excerpt":{"rendered":"<p>Buy Grand Theft Auto Online: Megalodon Shark Cash Card, it\u2019s one of the most convenient ways to boost up your GTA Online bank account! Buy whatever you want, and believe it, there\u2019s plenty to desire! From houses to businesses to various vehicles, weapons, and tons more. You got the money \u2013 you got the power!8,000,000$ [&hellip;]<\/p>\n","protected":false},"featured_media":8658,"comment_status":"closed","ping_status":"open","template":"","meta":[],"product_cat":[1737,1736],"product_tag":[827,844,578],"class_list":["post-8657","product","type-product","status-publish","has-post-thumbnail","hentry","product_cat-kody-i-karty-pre-paid","product_cat-rockstar-games","product_tag-bajki-dla-niemowlat","product_tag-co-kupic-na-roczek","product_tag-fajne-zarty-na-prima-aprilis"],"_links":{"self":[{"href":"http:\/\/klubmamgdynia.pl\/index.php\/wp-json\/wp\/v2\/product\/8657","targetHints":{"allow":["GET"]}}],"collection":[{"href":"http:\/\/klubmamgdynia.pl\/index.php\/wp-json\/wp\/v2\/product"}],"about":[{"href":"http:\/\/klubmamgdynia.pl\/index.php\/wp-json\/wp\/v2\/types\/product"}],"replies":[{"embeddable":true,"href":"http:\/\/klubmamgdynia.pl\/index.php\/wp-json\/wp\/v2\/comments?post=8657"}],"wp:featuredmedia":[{"embeddable":true,"href":"http:\/\/klubmamgdynia.pl\/index.php\/wp-json\/wp\/v2\/media\/8658"}],"wp:attachment":[{"href":"http:\/\/klubmamgdynia.pl\/index.php\/wp-json\/wp\/v2\/media?parent=8657"}],"wp:term":[{"taxonomy":"product_cat","embeddable":true,"href":"http:\/\/klubmamgdynia.pl\/index.php\/wp-json\/wp\/v2\/product_cat?post=8657"},{"taxonomy":"product_tag","embeddable":true,"href":"http:\/\/klubmamgdynia.pl\/index.php\/wp-json\/wp\/v2\/product_tag?post=8657"}],"curies":[{"name":"wp","href":"https:\/\/api.w.org\/{rel}","templated":true}]}}