{"id":866,"date":"2011-03-01T20:26:56","date_gmt":"2011-03-01T19:26:56","guid":{"rendered":"http:\/\/klubmamgdynia.pl\/index.php\/produkt\/smily-zestaw-figurek-posterunek-policji\/"},"modified":"2026-04-29T10:27:07","modified_gmt":"2026-04-29T08:27:07","slug":"smily-zestaw-figurek-posterunek-policji","status":"publish","type":"product","link":"http:\/\/klubmamgdynia.pl\/index.php\/produkt\/smily-zestaw-figurek-posterunek-policji\/","title":{"rendered":"Smily Zestaw Figurek Posterunek Policji"},"content":{"rendered":"<p>Smily Play Posterunek PolicjiPosterunek Policji Smily Play to zestaw do zabawy dla najm\u0142odszych z kolekcji Kraina Zabawy. Zabawka przypadnie do gustu ma\u0142emu str\u00f3\u017cowi prawa i rozbudzi jego kreatywno\u015b\u0107. W wykonanym z materia\u0142\u00f3w najwy\u017cszej jako\u015bci sklepie dziecko sp\u0119dzi mn\u00f3stwo fantastycznych chwil wype\u0142nionych wspania\u0142\u0105 zabaw\u0105.Cechy zabawki: kszta\u0142tuje zdolno\u015bci motoryczne dzieckastymuluje zmys\u0142yrozwija wyobra\u017ani\u0119\u0107wiczy pami\u0119\u0107 i koncentracj\u0119\u015bwiecigra melodie, wydaje \u015bmieszne d\u017awi\u0119kiNajlepsze zabawki to te, kt\u00f3re pozwalaj\u0105 odgrywa\u0107 r\u00f3\u017cne scenki z \u017cycia. Zabawa nimi niesie wiele korzy\u015bci. Kszta\u0142tuje zmys\u0142 estetyczny, \u0107wiczy koordynacj\u0119 wzrokowo &#8211; ruchow\u0105 i wp\u0142ywa na rozw\u00f3j empatii. Podczas zabawy dzieci zacie\u015bniaj\u0105 kole\u017ce\u0144skie wi\u0119zi, a na\u015bladuj\u0105c zachowania doros\u0142ych ucz\u0105 si\u0119 relacji mi\u0119dzyludzkich, co przygotowuje je do najr\u00f3\u017cniejszych sytuacji z jakimi mog\u0105 si\u0119 spotka\u0107 w przysz\u0142o\u015bci.Zestaw zawiera:posterunek policji z otwieran\u0105 bram\u0105figurk\u0119 policjanta, z\u0142odzieja i psa policyjnegow\u00f3z policyjnywi\u0119zienieznaki drogowepacho\u0142kizabawka z efektami \u015bwietlnymi i d\u017awi\u0119kowymiprzeznaczona dla dzieci od 18 miesi\u0105ca \u017cycia wymagane baterie 2 x AAA ( w zestawie baterie testowe )wymiary opakowania: 44 x 24,5 x 8 cm<\/p>\n<h2>Smily Zestaw Figurek Posterunek Policji Smily Play<\/h2>\n<p>quiz o \u015bwi\u0119tach, zabawy z pi\u0142k\u0105 dla dzieci, \u017carty na prima aprilis dla mamy, quizy dla dzieci, bajka o poci\u0105gu do czytania, sentencje napisy cytaty o rodzinie, pokoloruj wed\u0142ug wzoru, pies kolorowanka, zagadki slowne, fabian, naj\u0142adniejsze ko\u0142ysanki dla dzieci<\/p>\n<p>yyyyy<\/p>\n<p>&nbsp;<\/p>\n","protected":false},"excerpt":{"rendered":"<p>Smily Play Posterunek PolicjiPosterunek Policji Smily Play to zestaw do zabawy dla najm\u0142odszych z kolekcji Kraina Zabawy. Zabawka przypadnie do gustu ma\u0142emu str\u00f3\u017cowi prawa i rozbudzi jego kreatywno\u015b\u0107. W wykonanym z materia\u0142\u00f3w najwy\u017cszej jako\u015bci sklepie dziecko sp\u0119dzi mn\u00f3stwo fantastycznych chwil wype\u0142nionych wspania\u0142\u0105 zabaw\u0105.Cechy zabawki: kszta\u0142tuje zdolno\u015bci motoryczne dzieckastymuluje zmys\u0142yrozwija wyobra\u017ani\u0119\u0107wiczy pami\u0119\u0107 i koncentracj\u0119\u015bwiecigra melodie, wydaje [&hellip;]<\/p>\n","protected":false},"featured_media":867,"comment_status":"closed","ping_status":"open","template":"","meta":[],"product_cat":[95,62],"product_tag":[765,583,718,665],"class_list":["post-866","product","type-product","status-publish","has-post-thumbnail","hentry","product_cat-figurki-makiety-i-zestawy","product_cat-smily-play","product_tag-atrakcje-dla-dzieci-warszawa","product_tag-kolysanki-dla-dzieci-tekst","product_tag-prezent-na-roczek-dla-chrzesniaka","product_tag-proste-zagadki"],"_links":{"self":[{"href":"http:\/\/klubmamgdynia.pl\/index.php\/wp-json\/wp\/v2\/product\/866","targetHints":{"allow":["GET"]}}],"collection":[{"href":"http:\/\/klubmamgdynia.pl\/index.php\/wp-json\/wp\/v2\/product"}],"about":[{"href":"http:\/\/klubmamgdynia.pl\/index.php\/wp-json\/wp\/v2\/types\/product"}],"replies":[{"embeddable":true,"href":"http:\/\/klubmamgdynia.pl\/index.php\/wp-json\/wp\/v2\/comments?post=866"}],"wp:featuredmedia":[{"embeddable":true,"href":"http:\/\/klubmamgdynia.pl\/index.php\/wp-json\/wp\/v2\/media\/867"}],"wp:attachment":[{"href":"http:\/\/klubmamgdynia.pl\/index.php\/wp-json\/wp\/v2\/media?parent=866"}],"wp:term":[{"taxonomy":"product_cat","embeddable":true,"href":"http:\/\/klubmamgdynia.pl\/index.php\/wp-json\/wp\/v2\/product_cat?post=866"},{"taxonomy":"product_tag","embeddable":true,"href":"http:\/\/klubmamgdynia.pl\/index.php\/wp-json\/wp\/v2\/product_tag?post=866"}],"curies":[{"name":"wp","href":"https:\/\/api.w.org\/{rel}","templated":true}]}}