{"id":8665,"date":"2021-04-07T21:03:35","date_gmt":"2021-04-07T19:03:35","guid":{"rendered":"http:\/\/klubmamgdynia.pl\/index.php\/produkt\/iwood-centrum-zabawy-przeplatanka-kostka-zwierzatka\/"},"modified":"2026-04-26T19:30:07","modified_gmt":"2026-04-26T17:30:07","slug":"iwood-centrum-zabawy-przeplatanka-kostka-zwierzatka","status":"publish","type":"product","link":"http:\/\/klubmamgdynia.pl\/index.php\/produkt\/iwood-centrum-zabawy-przeplatanka-kostka-zwierzatka\/","title":{"rendered":"Iwood Centrum Zabawy Przeplatanka Kostka Zwierz\u0105tka"},"content":{"rendered":"<p>To 5-stronne kreatywne drewniane pude\u0142ko zawiera ruchome elementy, pokr\u0119t\u0142a, klocki i labirynty w pi\u0119knych, pastelowych kolorach odpowiednich dla wra\u017cliwych zmys\u0142\u00f3w dziecka. Poznaj zwierz\u0105tka i cyferki, zakr\u0119\u0107 z\u0119batkami i przesuwaj koraliki po pr\u0119cikach labiryntu. To prawdziwe centrum zabawy i aktywno\u015bci, kt\u00f3re na d\u0142ugo przykuje uwag\u0119 ka\u017cdego malucha. Drewniana kostka aktywno\u015bci pomaga poznawa\u0107 \u015bwiat, \u0107wiczy\u0107 koordynacj\u0119 i ruchy precyzyjne. Zabawka ma stabiln\u0105 konstrukcj\u0119, wykonana jest z mocnego drewna pokrytego bezpiecznymi farbami wodnymi, dzi\u0119ki czemu b\u0119dzie dostarcza\u0107 frajdy przez d\u0142ugie lata.Wielofunkcyjne drewniane centrum zabawy z przeplatank\u0105 \u017ar\u00f3d\u0142em szcz\u0119\u015bcia dla najm\u0142odszych Drewniana kostka aktywno\u015bci pobudzi kreatywno\u015b\u0107 u ka\u017cdego malucha. To kolorowe centrum zabawy zawiera w sobie najr\u00f3\u017cniejsze elementy, kt\u00f3re sprawi\u0105, \u017ce dziecko nie b\u0119dzie w stanie oderwa\u0107 si\u0119 od zabawy. Wszelkie ruchome elementy, pokr\u0119t\u0142a, klocki i labirynty zapewni\u0105 nieko\u0144cz\u0105c\u0105 si\u0119 zabaw\u0119, wspieraj\u0105c przy tym rozw\u00f3j Twojego dziecka.Przepi\u0119kne kolory drewnianego centrum zabawy, nie tylko sprawiaj\u0105, \u017ce jest ona niezwykle estetyczna, ale pobudza te\u017c wyobra\u017ani\u0119 dziecka i \u0142agodnie oddzia\u0142uje na przystosowuj\u0105cy si\u0119 do r\u00f3\u017cnych barw wzrok dziecka.Dzi\u0119ki drewnianemu wielofunkcyjnemu centrum zabawy, maluch pozna zwierz\u0105tka, cyferki, rozwinie swoje umiej\u0119tno\u015bci manualne podczas kr\u0119cenia z\u0119batkami i przesuwaniu koralikami po pr\u0119cikach labiryntu. Wiele mo\u017cliwo\u015bci zabawy przykuje uwag\u0119 dziecka na d\u0142u\u017cej. Dodatkowo pozytywnie wp\u0142ynie na proces poznawania \u015bwiata i wspomo\u017ce \u0107wiczenie koordynacji wzrokowo-ruchowej.Najwy\u017csza jako\u015b\u0107Drewniane centrum aktywno\u015bci ma bardzo stabiln\u0105 konstrukcj\u0119. Przeplatanka zosta\u0142a wyprodukowana z bardzo trwa\u0142ego drewna, dzi\u0119ki czemu b\u0119dzie s\u0142u\u017cy\u0107 przez lata. Atrakcyjna kolorystyka zabawki, nie tylko wp\u0142ywa na wra\u017cenia estetyczne, ale jest te\u017c niezwykle wa\u017cna dla rozwoju dziecka. Drewniane centrum aktywno\u015bci pokryto przepi\u0119knymi, wyrazistymi kolorami, do kt\u00f3rych u\u017cyto nietoksycznych farb, dzi\u0119ki czemu s\u0105 bezpieczne nawet dla maluch\u00f3w, kt\u00f3re maj\u0105 tendencj\u0119 do wk\u0142adania przedmiot\u00f3w do buzi.Zalety produktuWysokiej jako\u015bci drewno Przepi\u0119kne kolory Wiele mo\u017cliwo\u015bci zabawyPo\u0142\u0105czenie zabawy z nauk\u0105Idealny prezentZabawka dla dzieci powy\u017cej 3 roku \u017cycia. Doskonale sprawdzi si\u0119 jako prezent.Dzieci poznaj\u0105 \u015bwiat poprzez konkretne elementy otoczenia z kt\u00f3rymi si\u0119 spotykaj\u0105. Ka\u017cdy produkt marki iWood zosta\u0142 starannie zaprojektowany, aby zagwarantowa\u0107 bezpiecze\u0144stwo a jednocze\u015bnie pozosta\u0107 atrakcyjnym i absorbowa\u0107 uwag\u0119 dziecka. Ka\u017cda zabawka ma na celu pom\u00f3c maluchowi rozwija\u0107 inteligencj\u0119, zdolno\u015bci manualne, \u0107wiczy\u0107 ruchy precyzyjne, koordynacj\u0119 oko-r\u0119ka i widzenie przestrzenne. Ka\u017cda zabawka marki iWood rozwija kreatywno\u015b\u0107, umiej\u0119tno\u015b\u0107 opowiadania historii i u\u0142atwia dziecku zrozumienie otaczaj\u0105cego je \u015bwiat. Zabawa w grupie rozwija bardzo wa\u017cne zdolno\u015bci spo\u0142eczne i umacnia wi\u0119zy rodzinne.Zabawki iWood wykonane s\u0105 z naturalnych w pe\u0142ni odnawialnych materia\u0142\u00f3w. \u015acis\u0142a kontrola jako\u015bci na ka\u017cdym etapie produkcyjnym zapewnia bezpiecze\u0144stwo i wysok\u0105 jako\u015b\u0107.Informacje o produkcieNr katalogowy11023Marka BrakWymagania wiekowe od 12 latP\u0142e\u0107 Ch\u0142opcyDziewczynkiProdukt na baterie NieBaterie w zestawie NieZasilanie Nie dotyczyKolor WielokolorowyPozosta\u0142e parametryWymiary opakowania: 22.4 x 22.4 x 24.5 cm<\/p>\n<h2>Iwood Centrum Zabawy Przeplatanka Kostka Zwierz\u0105tka Iwood<\/h2>\n<p>bajki do czytania, aron, tabliczka mno\u017cenia zadania do druku, kolorowanka super zings, kolorowanki pieski<\/p>\n<p>yyyyy<\/p>\n<p>&nbsp;<\/p>\n","protected":false},"excerpt":{"rendered":"<p>To 5-stronne kreatywne drewniane pude\u0142ko zawiera ruchome elementy, pokr\u0119t\u0142a, klocki i labirynty w pi\u0119knych, pastelowych kolorach odpowiednich dla wra\u017cliwych zmys\u0142\u00f3w dziecka. Poznaj zwierz\u0105tka i cyferki, zakr\u0119\u0107 z\u0119batkami i przesuwaj koraliki po pr\u0119cikach labiryntu. To prawdziwe centrum zabawy i aktywno\u015bci, kt\u00f3re na d\u0142ugo przykuje uwag\u0119 ka\u017cdego malucha. Drewniana kostka aktywno\u015bci pomaga poznawa\u0107 \u015bwiat, \u0107wiczy\u0107 koordynacj\u0119 i [&hellip;]<\/p>\n","protected":false},"featured_media":8666,"comment_status":"closed","ping_status":"open","template":"","meta":[],"product_cat":[1151,963],"product_tag":[837,669,627],"class_list":["post-8665","product","type-product","status-publish","has-post-thumbnail","hentry","product_cat-iwood","product_cat-pozostale-zabawki-dla-niemowlat","product_tag-cicha-noc-po-angielsku","product_tag-kolorowanki","product_tag-quiz-dzieci-z-bullerbyn"],"_links":{"self":[{"href":"http:\/\/klubmamgdynia.pl\/index.php\/wp-json\/wp\/v2\/product\/8665","targetHints":{"allow":["GET"]}}],"collection":[{"href":"http:\/\/klubmamgdynia.pl\/index.php\/wp-json\/wp\/v2\/product"}],"about":[{"href":"http:\/\/klubmamgdynia.pl\/index.php\/wp-json\/wp\/v2\/types\/product"}],"replies":[{"embeddable":true,"href":"http:\/\/klubmamgdynia.pl\/index.php\/wp-json\/wp\/v2\/comments?post=8665"}],"wp:featuredmedia":[{"embeddable":true,"href":"http:\/\/klubmamgdynia.pl\/index.php\/wp-json\/wp\/v2\/media\/8666"}],"wp:attachment":[{"href":"http:\/\/klubmamgdynia.pl\/index.php\/wp-json\/wp\/v2\/media?parent=8665"}],"wp:term":[{"taxonomy":"product_cat","embeddable":true,"href":"http:\/\/klubmamgdynia.pl\/index.php\/wp-json\/wp\/v2\/product_cat?post=8665"},{"taxonomy":"product_tag","embeddable":true,"href":"http:\/\/klubmamgdynia.pl\/index.php\/wp-json\/wp\/v2\/product_tag?post=8665"}],"curies":[{"name":"wp","href":"https:\/\/api.w.org\/{rel}","templated":true}]}}