{"id":8671,"date":"2022-04-16T19:09:38","date_gmt":"2022-04-16T17:09:38","guid":{"rendered":"http:\/\/klubmamgdynia.pl\/index.php\/produkt\/klocki-blocki-mubi\/"},"modified":"2026-04-30T11:33:40","modified_gmt":"2026-04-30T09:33:40","slug":"klocki-blocki-mubi","status":"publish","type":"product","link":"http:\/\/klubmamgdynia.pl\/index.php\/produkt\/klocki-blocki-mubi\/","title":{"rendered":"Klocki Blocki Mubi"},"content":{"rendered":"<p>Klocki BLOCKI wykonane zosta\u0142y z wytrzyma\u0142ego, dobrej jako\u015bci plastiku.Zachwycaj\u0105 du\u017c\u0105 ilo\u015bci\u0105 ruchomych element\u00f3w oraz du\u017cymi mo\u017cliwo\u015bciami samodzielnego tworzenia wymarzonych pojazd\u00f3w i budowli.Przyci\u0105gaj\u0105 uwag\u0119 malucha swoimi kolorami, ciekawymi kszta\u0142tami oraz figurkami ludzi i zwierz\u0105tek.Klocki Blocki Mubi to seria stworzona z my\u015bl\u0105 o m\u0142odszych dzieciach i w\u0142a\u015bnie do nich skierowana.To \u015bwietny spos\u00f3b na nauk\u0119 poprzez zabaw\u0119 dla Twojego dziecka.Zestaw MUBI Dostawa Drewna pozwala na zbudowanie podno\u015bnika do drewna, tor\u00f3w i kolejki, kt\u00f3r\u0105 przewozi\u0107 mo\u017cna drewno.W zestawie znajduj\u0105 si\u0119 tak\u017ce 2 ludziki.Tory, kt\u00f3re mo\u017cemy zbudowa\u0107 b\u0119d\u0105 mia\u0142y kszta\u0142t okr\u0119gu, wymiary: 58 x 58 cm.Klocki nie tylko bawi\u0105, ale tak\u017ce ucz\u0105:- rozpoznawa\u0107 kolory i kszta\u0142ty,- rozwijaj\u0105 koordynacj\u0119 wzrokowo-ruchow\u0105,- poprawiaj\u0105 koncentracj\u0119,- wspomagaj\u0105 rozw\u00f3j wyobra\u017ani,- pobudzaj\u0105 kreatywno\u015b\u0107.Klocki \u0142\u0105cza si\u0119 z klockami Duplo.Nadaj\u0105 si\u0119 ju\u017c dla 1,5-rocznych dzieci!!Zabawka posiada certyfikat bezpiecze\u0144stwa CE.ZAWARTO\u015a\u0106:klocki &#8211; 48 element\u00f3wWIEK:3+WYMIARY:opakowanie: 50 x 38 x 8,5 cmUWAGI:Zabawka nieodpowiednia dla dzieci poni\u017cej 3 lat. Ma\u0142e cz\u0119\u015bci. Niebezpiecze\u0144stwo zad\u0142awienia. Nale\u017cy zdj\u0105\u0107 opakowanie przed oddaniem do r\u0105k dziecka. Nale\u017cy zachowa\u0107 opakowanie, gdy\u017c zawiera wa\u017cne informacje. Niestosowanie si\u0119 do zalecanych \u015brodk\u00f3w ostro\u017cno\u015bci mo\u017ce skutkowa\u0107 uszczerbkiem na zdrowiu dziecka.&#8221;<\/p>\n<h2>Klocki Blocki Mubi Blocki<\/h2>\n<p>halloween warszawa 2021 dzieci, dynie pozna\u0144, trudne zagadki dla doros\u0142ych, quizy \u015bwi\u0105teczne bo\u017ce narodzenie, imi\u0119 iwo, ba\u015bniowe imiona \u017ce\u0144skie, felix net i nika oraz gang niewidzialnych ludzi test z odpowiedziami, karaluchy pod poduchy a szczypawki, piosenki dla dzieci o jesieni, dla dzieci warszawa, quizy dla przedszkolak\u00f3w, zagadki dla doros\u0142ych, m\u0105dre cytaty dla dzieci, \u0142\u0105czenie kropek, ma\u0142o nas do pieczenia chleba<\/p>\n<p>yyyyy<\/p>\n<p>&nbsp;<\/p>\n","protected":false},"excerpt":{"rendered":"<p>Klocki BLOCKI wykonane zosta\u0142y z wytrzyma\u0142ego, dobrej jako\u015bci plastiku.Zachwycaj\u0105 du\u017c\u0105 ilo\u015bci\u0105 ruchomych element\u00f3w oraz du\u017cymi mo\u017cliwo\u015bciami samodzielnego tworzenia wymarzonych pojazd\u00f3w i budowli.Przyci\u0105gaj\u0105 uwag\u0119 malucha swoimi kolorami, ciekawymi kszta\u0142tami oraz figurkami ludzi i zwierz\u0105tek.Klocki Blocki Mubi to seria stworzona z my\u015bl\u0105 o m\u0142odszych dzieciach i w\u0142a\u015bnie do nich skierowana.To \u015bwietny spos\u00f3b na nauk\u0119 poprzez zabaw\u0119 dla [&hellip;]<\/p>\n","protected":false},"featured_media":8672,"comment_status":"closed","ping_status":"open","template":"","meta":[],"product_cat":[1720,99],"product_tag":[749,818,692,609,841],"class_list":["post-8671","product","type-product","status-publish","has-post-thumbnail","hentry","product_cat-blocki","product_cat-zabawki-ekologiczne","product_tag-najlepsze-zarty-na-prima-aprilis","product_tag-oliwier","product_tag-prezenty-na-roczek","product_tag-quiz-flagi-europy","product_tag-quiz-o-flagach"],"_links":{"self":[{"href":"http:\/\/klubmamgdynia.pl\/index.php\/wp-json\/wp\/v2\/product\/8671","targetHints":{"allow":["GET"]}}],"collection":[{"href":"http:\/\/klubmamgdynia.pl\/index.php\/wp-json\/wp\/v2\/product"}],"about":[{"href":"http:\/\/klubmamgdynia.pl\/index.php\/wp-json\/wp\/v2\/types\/product"}],"replies":[{"embeddable":true,"href":"http:\/\/klubmamgdynia.pl\/index.php\/wp-json\/wp\/v2\/comments?post=8671"}],"wp:featuredmedia":[{"embeddable":true,"href":"http:\/\/klubmamgdynia.pl\/index.php\/wp-json\/wp\/v2\/media\/8672"}],"wp:attachment":[{"href":"http:\/\/klubmamgdynia.pl\/index.php\/wp-json\/wp\/v2\/media?parent=8671"}],"wp:term":[{"taxonomy":"product_cat","embeddable":true,"href":"http:\/\/klubmamgdynia.pl\/index.php\/wp-json\/wp\/v2\/product_cat?post=8671"},{"taxonomy":"product_tag","embeddable":true,"href":"http:\/\/klubmamgdynia.pl\/index.php\/wp-json\/wp\/v2\/product_tag?post=8671"}],"curies":[{"name":"wp","href":"https:\/\/api.w.org\/{rel}","templated":true}]}}