{"id":8699,"date":"2023-12-28T06:19:19","date_gmt":"2023-12-28T05:19:19","guid":{"rendered":"http:\/\/klubmamgdynia.pl\/?post_type=product&#038;p=8699"},"modified":"2026-04-30T09:28:28","modified_gmt":"2026-04-30T07:28:28","slug":"tactic-puzzle-around-the-world-brooklyn-bridge-500el","status":"publish","type":"product","link":"http:\/\/klubmamgdynia.pl\/index.php\/produkt\/tactic-puzzle-around-the-world-brooklyn-bridge-500el\/","title":{"rendered":"Tactic Puzzle Around The World: Brooklyn Bridge 500El."},"content":{"rendered":"<p>Puzzle Tactic s\u0105 starannie zaprojektowane zar\u00f3wno dla entuzjast\u00f3w i mi\u0142o\u015bnik\u00f3w puzzli, jak i dla nowych, pocz\u0105tkuj\u0105cych. Oferujemy tylko najlepsz\u0105 jako\u015b\u0107 zar\u00f3wno zdj\u0119\u0107, jak i materia\u0142\u00f3w.Witamy w ekscytuj\u0105cym \u015bwiecie puzzli Tactic! Rozmiar obrazka po z\u0142o\u017ceniu 47x31cm&#8230;<\/p>\n<h2>Tactic Puzzle Around The World: Brooklyn Bridge 500El. Tactic<\/h2>\n<p>quizy o koniach, cytaty o wychowaniu dzieci, upominek dla nastolatk\u00f3w, imiona dla dzieci 2019, kwiecien plecien, imi\u0119 nela, \u015bwinka peppa do czytania, samolot kolorowanka, adriana znaczenie imienia, co kupi\u0107 na roczek dla dziewczynki, marcelina imi\u0119<\/p>\n<p>yyyyy<\/p>\n<p>&nbsp;<\/p>\n","protected":false},"excerpt":{"rendered":"<p>Puzzle Tactic s\u0105 starannie zaprojektowane zar\u00f3wno dla entuzjast\u00f3w i mi\u0142o\u015bnik\u00f3w puzzli, jak i dla nowych, pocz\u0105tkuj\u0105cych. Oferujemy tylko najlepsz\u0105 jako\u015b\u0107 zar\u00f3wno zdj\u0119\u0107, jak i materia\u0142\u00f3w.Witamy w ekscytuj\u0105cym \u015bwiecie puzzli Tactic! Rozmiar obrazka po z\u0142o\u017ceniu 47x31cm&#8230; Tactic Puzzle Around The World: Brooklyn Bridge 500El. Tactic quizy o koniach, cytaty o wychowaniu dzieci, upominek dla nastolatk\u00f3w, imiona [&hellip;]<\/p>\n","protected":false},"featured_media":8700,"comment_status":"closed","ping_status":"open","template":"","meta":[],"product_cat":[90,243],"product_tag":[668,702,792,861,736],"class_list":["post-8699","product","type-product","status-publish","has-post-thumbnail","hentry","product_cat-puzzle","product_cat-tactic","product_tag-atrakcje-dla-dzieci-wroclaw","product_tag-co-kupic-na-roczek-dla-dziewczynki","product_tag-cytaty-o-mamie","product_tag-jak-narysowac-psa","product_tag-zabawki-na-roczek"],"_links":{"self":[{"href":"http:\/\/klubmamgdynia.pl\/index.php\/wp-json\/wp\/v2\/product\/8699","targetHints":{"allow":["GET"]}}],"collection":[{"href":"http:\/\/klubmamgdynia.pl\/index.php\/wp-json\/wp\/v2\/product"}],"about":[{"href":"http:\/\/klubmamgdynia.pl\/index.php\/wp-json\/wp\/v2\/types\/product"}],"replies":[{"embeddable":true,"href":"http:\/\/klubmamgdynia.pl\/index.php\/wp-json\/wp\/v2\/comments?post=8699"}],"wp:featuredmedia":[{"embeddable":true,"href":"http:\/\/klubmamgdynia.pl\/index.php\/wp-json\/wp\/v2\/media\/8700"}],"wp:attachment":[{"href":"http:\/\/klubmamgdynia.pl\/index.php\/wp-json\/wp\/v2\/media?parent=8699"}],"wp:term":[{"taxonomy":"product_cat","embeddable":true,"href":"http:\/\/klubmamgdynia.pl\/index.php\/wp-json\/wp\/v2\/product_cat?post=8699"},{"taxonomy":"product_tag","embeddable":true,"href":"http:\/\/klubmamgdynia.pl\/index.php\/wp-json\/wp\/v2\/product_tag?post=8699"}],"curies":[{"name":"wp","href":"https:\/\/api.w.org\/{rel}","templated":true}]}}