{"id":870,"date":"2016-08-20T06:11:49","date_gmt":"2016-08-20T04:11:49","guid":{"rendered":"http:\/\/klubmamgdynia.pl\/index.php\/produkt\/simba-ksiezniczki-z-dlugimi-wlosami-5767885\/"},"modified":"2026-04-24T05:31:05","modified_gmt":"2026-04-24T03:31:05","slug":"simba-ksiezniczki-z-dlugimi-wlosami-5767885","status":"publish","type":"product","link":"http:\/\/klubmamgdynia.pl\/index.php\/produkt\/simba-ksiezniczki-z-dlugimi-wlosami-5767885\/","title":{"rendered":"Simba Ksi\u0119\u017cniczki Z D\u0142ugimi W\u0142osami 5767885"},"content":{"rendered":"<p>Proponujemy Pa\u0144stwuSIMBA KSI\u0118\u017bNICZKI Z D\u0141UGIMI W\u0141OSAMI 5767885Kup zabawk\u0119 firmy SIMBA &#8211; Ksi\u0119\u017cniczki Z D\u0142ugimi W\u0142osami!Zadbaj o rozw\u00f3j i dobr\u0105 zabaw\u0119 Twojego dziecka!Ksi\u0119\u017cniczka Disneya z w\u0142osami d\u0142ugimi a\u017c do samej ziemi.W zestawie szczotka, spinki i broszurka z pomys\u0142ami na fryzur\u0119.W sprzeda\u017cy posiadamy: Bella, Arielka, Kr\u00f3lewna \u015anie\u017cka lub Kopciuszek.Laleczka wysy\u0142ana jest losowo.wiek: + 3 latarozmiar lalki: 29 cmZabawka nieodpowiednia dla dzieci w wieku od 0-3 latOstrze\u017cenie! Nie nadaje si\u0119 dla dzieci w wieku poni\u017cej 3 lat. Niebezpiecze\u0144stwo ud\u0142awienia si\u0119 drobnymi elementami, kt\u00f3re mog\u0105 zosta\u0107 po\u0142kni\u0119te! Lalka z akcesoriami.<\/p>\n<h2>Simba Ksi\u0119\u017cniczki Z D\u0142ugimi W\u0142osami 5767885 Simba<\/h2>\n<p>\u015bwinka peppa kolorowanka, atrakcje dla dzieci tr\u00f3jmiasto, imi\u0119 nadia, test z lektury asiunia, kr\u00f3tkie bajki dla dzieci, zagadki dla przedszkolak\u00f3w<\/p>\n<p>yyyyy<\/p>\n<p>&nbsp;<\/p>\n","protected":false},"excerpt":{"rendered":"<p>Proponujemy Pa\u0144stwuSIMBA KSI\u0118\u017bNICZKI Z D\u0141UGIMI W\u0141OSAMI 5767885Kup zabawk\u0119 firmy SIMBA &#8211; Ksi\u0119\u017cniczki Z D\u0142ugimi W\u0142osami!Zadbaj o rozw\u00f3j i dobr\u0105 zabaw\u0119 Twojego dziecka!Ksi\u0119\u017cniczka Disneya z w\u0142osami d\u0142ugimi a\u017c do samej ziemi.W zestawie szczotka, spinki i broszurka z pomys\u0142ami na fryzur\u0119.W sprzeda\u017cy posiadamy: Bella, Arielka, Kr\u00f3lewna \u015anie\u017cka lub Kopciuszek.Laleczka wysy\u0142ana jest losowo.wiek: + 3 latarozmiar lalki: 29 [&hellip;]<\/p>\n","protected":false},"featured_media":871,"comment_status":"closed","ping_status":"open","template":"","meta":[],"product_cat":[65,279],"product_tag":[612,605,769,586,710,698,724],"class_list":["post-870","product","type-product","status-publish","has-post-thumbnail","hentry","product_cat-lalki","product_cat-simba","product_tag-kolorowanki-do-druku","product_tag-milena","product_tag-psi-patrol-do-czytania","product_tag-smieszne-zagadki","product_tag-zagadki-dla-dzieci-10-12-lat","product_tag-zagadki-dla-przedszkolakow","product_tag-zagadki-podchwytliwe"],"_links":{"self":[{"href":"http:\/\/klubmamgdynia.pl\/index.php\/wp-json\/wp\/v2\/product\/870","targetHints":{"allow":["GET"]}}],"collection":[{"href":"http:\/\/klubmamgdynia.pl\/index.php\/wp-json\/wp\/v2\/product"}],"about":[{"href":"http:\/\/klubmamgdynia.pl\/index.php\/wp-json\/wp\/v2\/types\/product"}],"replies":[{"embeddable":true,"href":"http:\/\/klubmamgdynia.pl\/index.php\/wp-json\/wp\/v2\/comments?post=870"}],"wp:featuredmedia":[{"embeddable":true,"href":"http:\/\/klubmamgdynia.pl\/index.php\/wp-json\/wp\/v2\/media\/871"}],"wp:attachment":[{"href":"http:\/\/klubmamgdynia.pl\/index.php\/wp-json\/wp\/v2\/media?parent=870"}],"wp:term":[{"taxonomy":"product_cat","embeddable":true,"href":"http:\/\/klubmamgdynia.pl\/index.php\/wp-json\/wp\/v2\/product_cat?post=870"},{"taxonomy":"product_tag","embeddable":true,"href":"http:\/\/klubmamgdynia.pl\/index.php\/wp-json\/wp\/v2\/product_tag?post=870"}],"curies":[{"name":"wp","href":"https:\/\/api.w.org\/{rel}","templated":true}]}}