{"id":8727,"date":"2012-11-06T21:13:40","date_gmt":"2012-11-06T20:13:40","guid":{"rendered":"http:\/\/klubmamgdynia.pl\/index.php\/produkt\/spin-master-psi-patrol-chase-zestaw-ratunkowy-tor-true-metal-radiowoz\/"},"modified":"2026-05-01T11:26:57","modified_gmt":"2026-05-01T09:26:57","slug":"spin-master-psi-patrol-chase-zestaw-ratunkowy-tor-true-metal-radiowoz","status":"publish","type":"product","link":"http:\/\/klubmamgdynia.pl\/index.php\/produkt\/spin-master-psi-patrol-chase-zestaw-ratunkowy-tor-true-metal-radiowoz\/","title":{"rendered":"Spin Master Psi Patrol Chase Zestaw Ratunkowy Tor True Metal Radiow\u00f3z"},"content":{"rendered":"<p>Spin 6060297 Psi Patrol zestaw Chase Rescue SetZestaw z torami z mostem i pojazdem.Przeznaczony dla dzieci od 4 roku \u017cycia.<\/p>\n<h2>Spin Master Psi Patrol Chase Zestaw Ratunkowy Tor True Metal Radiow\u00f3z Spin Master<\/h2>\n<p>kolorowanki do druku konie, wr\u00f3zby andrzejkowe dla dzieci, na wyspach bergamuta, prezent dla ch\u0142opca 7 lat, kolorowanka traktor, imi\u0119 gaja, bruno, zagadki o zwierz\u0119tach domowych, farma dyni poznan, prezenty dla nastolatka, w\u0142ochy, nasza zima z\u0142a tekst, minionki kolorowanka, zagadki dla dzieci logiczne, zabawy urodzinowe dla dzieci<\/p>\n<p>yyyyy<\/p>\n<p>&nbsp;<\/p>\n","protected":false},"excerpt":{"rendered":"<p>Spin 6060297 Psi Patrol zestaw Chase Rescue SetZestaw z torami z mostem i pojazdem.Przeznaczony dla dzieci od 4 roku \u017cycia. Spin Master Psi Patrol Chase Zestaw Ratunkowy Tor True Metal Radiow\u00f3z Spin Master kolorowanki do druku konie, wr\u00f3zby andrzejkowe dla dzieci, na wyspach bergamuta, prezent dla ch\u0142opca 7 lat, kolorowanka traktor, imi\u0119 gaja, bruno, zagadki [&hellip;]<\/p>\n","protected":false},"featured_media":8728,"comment_status":"closed","ping_status":"open","template":"","meta":[],"product_cat":[83,94],"product_tag":[617,815,635],"class_list":["post-8727","product","type-product","status-publish","has-post-thumbnail","hentry","product_cat-auta-i-inne-pojazdy-do-zabawy","product_cat-spin-master","product_tag-keyword","product_tag-ozdoby-choinkowe-dla-dzieci","product_tag-znaki-drogowe-do-druku"],"_links":{"self":[{"href":"http:\/\/klubmamgdynia.pl\/index.php\/wp-json\/wp\/v2\/product\/8727","targetHints":{"allow":["GET"]}}],"collection":[{"href":"http:\/\/klubmamgdynia.pl\/index.php\/wp-json\/wp\/v2\/product"}],"about":[{"href":"http:\/\/klubmamgdynia.pl\/index.php\/wp-json\/wp\/v2\/types\/product"}],"replies":[{"embeddable":true,"href":"http:\/\/klubmamgdynia.pl\/index.php\/wp-json\/wp\/v2\/comments?post=8727"}],"wp:featuredmedia":[{"embeddable":true,"href":"http:\/\/klubmamgdynia.pl\/index.php\/wp-json\/wp\/v2\/media\/8728"}],"wp:attachment":[{"href":"http:\/\/klubmamgdynia.pl\/index.php\/wp-json\/wp\/v2\/media?parent=8727"}],"wp:term":[{"taxonomy":"product_cat","embeddable":true,"href":"http:\/\/klubmamgdynia.pl\/index.php\/wp-json\/wp\/v2\/product_cat?post=8727"},{"taxonomy":"product_tag","embeddable":true,"href":"http:\/\/klubmamgdynia.pl\/index.php\/wp-json\/wp\/v2\/product_tag?post=8727"}],"curies":[{"name":"wp","href":"https:\/\/api.w.org\/{rel}","templated":true}]}}