{"id":8751,"date":"2013-10-07T09:01:28","date_gmt":"2013-10-07T07:01:28","guid":{"rendered":"http:\/\/klubmamgdynia.pl\/index.php\/produkt\/spin-master-monster-jam-samochody-164-2-pak-6064128\/"},"modified":"2026-04-23T04:32:18","modified_gmt":"2026-04-23T02:32:18","slug":"spin-master-monster-jam-samochody-164-2-pak-6064128","status":"publish","type":"product","link":"http:\/\/klubmamgdynia.pl\/index.php\/produkt\/spin-master-monster-jam-samochody-164-2-pak-6064128\/","title":{"rendered":"Spin Master Monster Jam Samochody 1:64 2 Pak 6064128"},"content":{"rendered":"<p>Monster Jam Samochody od Spin Master to seria miniaturowych pojazd\u00f3w wy\u015bcigowych wyr\u00f3\u017cniaj\u0105cych si\u0119 na torze b\u0105d\u017a ruchliwej drodze. Ka\u017cdy model posiada solidne wykonanie, kt\u00f3re zachwyca dba\u0142o\u015bci\u0105 o detale i szczeg\u00f3\u0142y.Zestaw zawiera dwa miniaturowe pojazdy w skali 1:64. tym razem do wielkiego starcia szykuje si\u0119 EarthShaker oraz MAX-D.Model EarthShaker:wykonany w \u017c\u00f3\u0142to-br\u0105zowych kolorach,wielkie ko\u0142a wykonane z tworzywa imituj\u0105cego kamie\u0144,masywne opony do pokon&#8230;<\/p>\n<h2>Spin Master Monster Jam Samochody 1:64 2 Pak 6064128 Spin Master<\/h2>\n<p>molo w brze\u017anie, prezent dla ch\u0142opca na roczek, bajka o biedronce, historia pluszowego misia dla dzieci, zagadki wielkanocne przedszkole, dzie\u0144 nauczyciela cytaty, transformers kolorowanka, ozdoby wielkanocne z dzie\u0107mi, quiz psi patrol, zosia samosia wiersz, quizy dla dzieci, sara, quizy dla dzieci o zwierz\u0119tach, imie lilianna, pomys\u0142y na prezent na roczek, sonia imi\u0119, pomys\u0142y na prezent na roczek, ozdoby wielkanocne kt\u00f3re mog\u0105 zrobi\u0107 dzieci, list do gwiazdora<\/p>\n<p>yyyyy<\/p>\n<p>&nbsp;<\/p>\n","protected":false},"excerpt":{"rendered":"<p>Monster Jam Samochody od Spin Master to seria miniaturowych pojazd\u00f3w wy\u015bcigowych wyr\u00f3\u017cniaj\u0105cych si\u0119 na torze b\u0105d\u017a ruchliwej drodze. Ka\u017cdy model posiada solidne wykonanie, kt\u00f3re zachwyca dba\u0142o\u015bci\u0105 o detale i szczeg\u00f3\u0142y.Zestaw zawiera dwa miniaturowe pojazdy w skali 1:64. tym razem do wielkiego starcia szykuje si\u0119 EarthShaker oraz MAX-D.Model EarthShaker:wykonany w \u017c\u00f3\u0142to-br\u0105zowych kolorach,wielkie ko\u0142a wykonane z tworzywa [&hellip;]<\/p>\n","protected":false},"featured_media":8752,"comment_status":"closed","ping_status":"open","template":"","meta":[],"product_cat":[83,94],"product_tag":[603,598,762,595],"class_list":["post-8751","product","type-product","status-publish","has-post-thumbnail","hentry","product_cat-auta-i-inne-pojazdy-do-zabawy","product_cat-spin-master","product_tag-bajki-do-czytania","product_tag-co-na-roczek-dla-dziewczynki","product_tag-trudne-zagadki-dla-dzieci","product_tag-zagadki-dla-6-latka"],"_links":{"self":[{"href":"http:\/\/klubmamgdynia.pl\/index.php\/wp-json\/wp\/v2\/product\/8751","targetHints":{"allow":["GET"]}}],"collection":[{"href":"http:\/\/klubmamgdynia.pl\/index.php\/wp-json\/wp\/v2\/product"}],"about":[{"href":"http:\/\/klubmamgdynia.pl\/index.php\/wp-json\/wp\/v2\/types\/product"}],"replies":[{"embeddable":true,"href":"http:\/\/klubmamgdynia.pl\/index.php\/wp-json\/wp\/v2\/comments?post=8751"}],"wp:featuredmedia":[{"embeddable":true,"href":"http:\/\/klubmamgdynia.pl\/index.php\/wp-json\/wp\/v2\/media\/8752"}],"wp:attachment":[{"href":"http:\/\/klubmamgdynia.pl\/index.php\/wp-json\/wp\/v2\/media?parent=8751"}],"wp:term":[{"taxonomy":"product_cat","embeddable":true,"href":"http:\/\/klubmamgdynia.pl\/index.php\/wp-json\/wp\/v2\/product_cat?post=8751"},{"taxonomy":"product_tag","embeddable":true,"href":"http:\/\/klubmamgdynia.pl\/index.php\/wp-json\/wp\/v2\/product_tag?post=8751"}],"curies":[{"name":"wp","href":"https:\/\/api.w.org\/{rel}","templated":true}]}}