{"id":8779,"date":"2020-09-09T17:37:35","date_gmt":"2020-09-09T15:37:35","guid":{"rendered":"http:\/\/klubmamgdynia.pl\/index.php\/produkt\/fotelik-samochodowy-britaxromer-baby-safe-3-i-size-nordic-grey-0-13kg-baza-flex-base-isense\/"},"modified":"2026-04-04T14:03:04","modified_gmt":"2026-04-04T12:03:04","slug":"fotelik-samochodowy-britaxromer-baby-safe-3-i-size-nordic-grey-0-13kg-baza-flex-base-isense","status":"publish","type":"product","link":"http:\/\/klubmamgdynia.pl\/index.php\/produkt\/fotelik-samochodowy-britaxromer-baby-safe-3-i-size-nordic-grey-0-13kg-baza-flex-base-isense\/","title":{"rendered":"Fotelik samochodowy Britax&amp;Romer Baby-Safe 3 I-Size Nordic Grey 0-13Kg + Baza Flex Base Isense"},"content":{"rendered":"<p>Fotelik samochodowy Britax &amp; Romer Baby Safe 3 I-Size 0-13kg + Baza Flex Isense<\/p>\n<p>Fotelik Baby-Safe 3 i-size z baz\u0105 Flex iSense Britax Romer<br \/>\nto zestaw, kt\u00f3ry obejmuje fotelik Baby-Safe 3 i-size oraz baz\u0119 Flex iSense<br \/>\npozwalaj\u0105c\u0105 na szybki i prosty monta\u017c w samochodzie. Fotelik z baz\u0105 spe\u0142nia<br \/>\nwymogi normy i-Size. Dzi\u0119ki licznym innowacyjnym funkcjom, w kt\u00f3re jest<br \/>\nwyposa\u017cony, podr\u00f3\u017ce z Twoim maluszkiem stan\u0105 si\u0119 komfortowe i bezpieczne! Kiedy<br \/>\ndziecko podro\u015bnie do nast\u0119pnego fotelika, na t\u0119 sam\u0105 baz\u0119 FLEX BASE iSENSE,<br \/>\nb\u0119dziesz m\u00f3g\u0142 wpi\u0105\u0107 fotelik Dualfix iSense (do zakupienia osobno).<\/p>\n<p>\u00a0<\/p>\n<p>Bezpieczne podr\u00f3\u017ce z maluszkiem<\/p>\n<p>\u00a0<\/p>\n<p>Baza Flex Base iSense Britax Romer dzi\u0119ki funkcji obrotu pozwala<br \/>\nna ustawienie fotelika w stron\u0119 drzwi, aby \u0142atwiej wk\u0142ada\u0107 i przypina\u0107 dziecko.<br \/>\nFoteliki Dualfix mo\u017cna obraca\u0107 o 360 stopni, umo\u017cliwiaj\u0105c dziecku jazd\u0119 przodem<br \/>\ndo kierunku jazdy po uko\u0144czeniu 15 miesi\u0119cy i osi\u0105gni\u0119ciu powy\u017cej 76 cm<br \/>\nwzrostu. Ciesz si\u0119 \u0142atwiejszym dost\u0119pem do dziecka dzi\u0119ki obrotowej podstawie!<\/p>\n<p>\u00a0<\/p>\n<p>6 pozycji ustawienia bazy<\/p>\n<p>\u00a0<\/p>\n<p>Baz\u0119 ustawisz a\u017c w 6 pozycjach, co pozwoli Ci na<br \/>\nzapewnienie maluszkowi najlepszego po\u0142\u0105czenia bezpiecze\u0144stwa i wygody.                            <\/p>\n<p>Rama antyrotacyjna dzi\u0119ki opcji regulacji umo\u017cliwia<br \/>\nzapobieganie przesuwaniu si\u0119 fotelika podczas uderzenia (mo\u017ce by\u0107 regulowana o<br \/>\nca\u0142e 8 stopni). Dopasuj ram\u0119 do oparcia fotela samochodu, by da\u0107 dziecku 10%<br \/>\nwi\u0119cej miejsca na nogi.<\/p>\n<p>\u00a0<\/p>\n<p>Mechanizm zapadkowy ISOFIX<\/p>\n<p>\u00a0<\/p>\n<p>Baza Flex iSense dzi\u0119ki mechanizmowi zapadkowemu ISOFIX<br \/>\nposiada mo\u017cliwo\u015b\u0107 wysuwania ramion systemu ISOFIX, co u\u0142atwia przytwierdzenie<br \/>\nlub od\u0142\u0105czenie bazy noside\u0142ka od miejsc mocowania systemu ISOFIX w samochodzie<br \/>\n(w efekcie zapobiega podniesieniu noside\u0142ka w razie uderzenia).<\/p>\n<p>\u00a0<\/p>\n<p>Baza z nog\u0105 podpieraj\u0105c\u0105<\/p>\n<p>\u00a0<\/p>\n<p>Baza Flex iSense posiada<br \/>\nnog\u0119 podpieraj\u0105c\u0105 zapewniaj\u0105c\u0105 dodatkow\u0105 stabilno\u015b\u0107 poprzez mocowanie na<br \/>\npod\u0142odze pojazdu. Noga minimalizuje odchylanie si\u0119 i obroty noside\u0142ka oraz<br \/>\nzmniejsza si\u0142\u0119 wypychaj\u0105c\u0105 noside\u0142ko do przodu w momencie\u00a0wypadku. Opcja sk\u0142adania nogi sprawia, \u017ce mo\u017cna j\u0105 \u0142atwo<br \/>\nschowa\u0107 w baga\u017cniku samochodu lub w domu.                            <\/p>\n<p>System Click&amp;Go<\/p>\n<p>\u00a0<\/p>\n<p>Fotelik Baby-Safe 3 i-Size [Britax Romer](\/romer\/)z<br \/>\n\u0142atwo\u015bci\u0105 odepniesz od bazy, pozostaj\u0105c przy tym w ergonomicznej, wyprostowanej<br \/>\npozycji. U\u017cy uchwytu znajduj\u0105cego si\u0119 z ty\u0142u fotelika, aby odblokowa\u0107 go od<br \/>\nbazy lub w\u00f3zka.<\/p>\n<p>\u00a0<\/p>\n<p>Wyjmowana wk\u0142adka dla noworodka<\/p>\n<p>\u00a0<\/p>\n<p>Wyjmowana wk\u0142adka to gwarancja dodatkowego podparcia, a<br \/>\nprzy tym pe\u0142nego komfortu maluszka. Zag\u0142\u00f3wek mo\u017cna regulowa\u0107, w zale\u017cno\u015bci od<br \/>\npotrzeb, co jednocze\u015bnie powoduje zmian\u0119 pochylenia oparcia.<\/p>\n<p>\u00a0<\/p>\n<p>Technologia p\u0142askiego u\u0142o\u017cenia dziecka<\/p>\n<p>\u00a0<\/p>\n<p>Technologia p\u0142askiego u\u0142o\u017cenia dziecka pozwoli noworodkowi<br \/>\nprzyj\u0105\u0107 wygodniejsz\u0105 i bardziej ergonomiczn\u0105 pozycj\u0119. Opatentowany, wbudowany<br \/>\nmechanizm regulacji odchylenia oparcia umo\u017cliwia dostosowa\u0107 p\u0142askie u\u0142o\u017cenie<br \/>\nmaluszka do jego wzrostu.<\/p>\n<p>\u00a0<\/p>\n<p>W foteliku Britax Romer Baby-Safe 3 w miar\u0119 regulacji<br \/>\nzag\u0142\u00f3wka pozycja zmienia si\u0119 automatycznie, by zwi\u0119ksza\u0107 ilo\u015b\u0107 wolnego miejsca<br \/>\nstosownie do rozwoju dziecka. R\u00f3wnie\u017c d\u0142ugo\u015b\u0107 pas\u00f3w naramiennych jest<br \/>\ndostosowywana automatycznie podczas regulacji zag\u0142\u00f3wka.                            <\/p>\n<p>5-punktowe pasy bezpiecze\u0144stwa<\/p>\n<p>\u00a0<\/p>\n<p>[Fotelik](\/615-615-foteliki-samochodowe) Baby-Safe 3 i-Size<br \/>\nBritax Romer wzosta\u0142 wyposa\u017cony w 5-punktowe pasy bezpiecze\u0144stwa &#8211; dziecko jest<br \/>\nprzypi\u0119te wewn\u0105trz chroni\u0105cej je obudowy fotelika. W razie ewentualnej kolizji<br \/>\npasy rozprowadzaj\u0105 si\u0142y zderzenia poprzez pi\u0119\u0107 oddzielnych miejsc: dwa nad<br \/>\nramionami, dwa przy biodrach oraz miejsce, w kt\u00f3rym klamra spina pasy mi\u0119dzy<br \/>\nnogami.<\/p>\n<p>\u00a0<\/p>\n<p>Wy\u015bcie\u0142any zag\u0142\u00f3wek i pasy \u0142atwo uregulujesz jedn\u0105 r\u0119k\u0105,<br \/>\ndopasowuj\u0105c je do wzrostu dziecka.<\/p>\n<p>\u00a0<\/p>\n<p>\u0141atwo zdejmowana tapicerka<\/p>\n<p>\u00a0<\/p>\n<p>Fotelik Baby-Safe 3 Britax Romer posiada \u0142atwo zdejmowane<br \/>\nobicie, kt\u00f3re nadaje si\u0119 do prania w pralce. Aby zdj\u0105\u0107 tapicerk\u0119 nie musisz<br \/>\nusuwa\u0107 pas\u00f3w.<\/p>\n<p>\u00a0<\/p>\n<p>Os\u0142ona przeciws\u0142oneczna<\/p>\n<p>\u00a0<\/p>\n<p>Fotelik Baby-Safe 3 Britax Romer to model wyposa\u017cony w<br \/>\nos\u0142on\u0119 przeciws\u0142oneczn\u0105, maj\u0105c\u0105 za zadanie ochron\u0119 maluszka przed s\u0142o\u0144cem (UPF<br \/>\n50+) i wiatrem zar\u00f3wno w samochodzie, jak i w w\u00f3zku.                            <\/p>\n<p>Regulowany uchwyt fotelika<\/p>\n<p>\u00a0<\/p>\n<p>Baby-Safe 3 posiada uchwyt, kt\u00f3ry \u0142atwo\u015bci\u0105 przestawisz do<br \/>\nty\u0142u, by wygodnie umie\u015bci\u0107 dziecko w foteliku. Wystarczy, \u017ce naci\u015bniesz<br \/>\nprzyciski z obu stron uchwytu, aby go odblokowa\u0107 i przestawi\u0107.<\/p>\n<p>\u00a0<\/p>\n<p>Dodatkowo kiedy fotelik znajduje si\u0119 na pod\u0142odze, mo\u017cesz<br \/>\nz\u0142o\u017cy\u0107 uchwyt ca\u0142kowicie do ty\u0142u, by zapobiec jego ko\u0142ysaniu.<\/p>\n<p>\u00a0<\/p>\n<p>Fotelik spe\u0142nia norm\u0119 i-Size, w kt\u00f3rej istnieje szereg<br \/>\nkryteri\u00f3w ochrony przed zderzeniami bocznymi, co oznacza, \u017ce wszystkie foteliki<br \/>\ni-Size s\u0105 testowane pod tym k\u0105tem, zapewniaj\u0105c ochron\u0119 boczn\u0105. Foteliki z norm\u0105<br \/>\ni-Size wyposa\u017cone s\u0105 w ISOFix i umo\u017cliwiaj\u0105 przewo\u017cenie dziecka ty\u0142em do<br \/>\nkierunku jazdy, a\u017c do 15 miesi\u0105ca \u017cycia, by w tym okresie zapewni\u0107 dziecku<br \/>\nnajwi\u0119ksze mo\u017cliwe bezpiecze\u0144stwo. Najwa\u017cniejszym kryterium jest tu wzrost<br \/>\ndziecka. Poza wzrostem, norma i-Size uwzgl\u0119dnia dodatkowo maksymaln\u0105 wag\u0119<br \/>\ndziecka, kt\u00f3re mo\u017ce usi\u0105\u015b\u0107 w foteliku.<\/p>\n<p>\u00a0<\/p>\n<p>Parametry fotelika<br \/>\nBaby-Safe 3 i-Size Britax Romer:<\/p>\n<p>Waga dziecka: 0\u201313 kg<\/p>\n<p>Waga fotelika: 4.6 kg<\/p>\n<p>Wymiary fotelika: 58 x<br \/>\n44 x 67 cm<\/p>\n<p>Parametry bazy Flex<br \/>\niSense Britax Romer:<\/p>\n<p>Wymiary: 43.5 x 44 x 66 cm<\/p>\n<p>Waga: 9.5 kg<\/p>\n<h2>Fotelik samochodowy Britax&amp;Romer Baby-Safe 3 I-Size Nordic Grey 0-13Kg + Baza Flex Base Isense Britax &amp; Romer<\/h2>\n<p>hot wheels kolorowanka, tupu tup po \u015bniegu tekst, cytaty na dzie\u0144 nauczyciela, \u0142amig\u0142\u00f3wki dla dzieci do druku, quiz online, szlaczki dla dzieci, test z lektury kajko i kokosz, cicha noc po angielsku tekst, plac zabaw warszawa, imie aron, najrzadsze imiona w polsce, kolorowanki do druku konie, zabawy z 7 latkiem, imie iwo<\/p>\n<p>yyyyy<\/p>\n<p>&nbsp;<\/p>\n","protected":false},"excerpt":{"rendered":"<p>Fotelik samochodowy Britax &amp; Romer Baby Safe 3 I-Size 0-13kg + Baza Flex Isense Fotelik Baby-Safe 3 i-size z baz\u0105 Flex iSense Britax Romer to zestaw, kt\u00f3ry obejmuje fotelik Baby-Safe 3 i-size oraz baz\u0119 Flex iSense pozwalaj\u0105c\u0105 na szybki i prosty monta\u017c w samochodzie. Fotelik z baz\u0105 spe\u0142nia wymogi normy i-Size. Dzi\u0119ki licznym innowacyjnym funkcjom, [&hellip;]<\/p>\n","protected":false},"featured_media":8780,"comment_status":"closed","ping_status":"open","template":"","meta":[],"product_cat":[116,32],"product_tag":[598,583,643,665],"class_list":["post-8779","product","type-product","status-publish","has-post-thumbnail","hentry","product_cat-britax-romer","product_cat-foteliki-samochodowe","product_tag-co-na-roczek-dla-dziewczynki","product_tag-kolysanki-dla-dzieci-tekst","product_tag-prezent-dla-17-latki","product_tag-proste-zagadki"],"_links":{"self":[{"href":"http:\/\/klubmamgdynia.pl\/index.php\/wp-json\/wp\/v2\/product\/8779","targetHints":{"allow":["GET"]}}],"collection":[{"href":"http:\/\/klubmamgdynia.pl\/index.php\/wp-json\/wp\/v2\/product"}],"about":[{"href":"http:\/\/klubmamgdynia.pl\/index.php\/wp-json\/wp\/v2\/types\/product"}],"replies":[{"embeddable":true,"href":"http:\/\/klubmamgdynia.pl\/index.php\/wp-json\/wp\/v2\/comments?post=8779"}],"wp:featuredmedia":[{"embeddable":true,"href":"http:\/\/klubmamgdynia.pl\/index.php\/wp-json\/wp\/v2\/media\/8780"}],"wp:attachment":[{"href":"http:\/\/klubmamgdynia.pl\/index.php\/wp-json\/wp\/v2\/media?parent=8779"}],"wp:term":[{"taxonomy":"product_cat","embeddable":true,"href":"http:\/\/klubmamgdynia.pl\/index.php\/wp-json\/wp\/v2\/product_cat?post=8779"},{"taxonomy":"product_tag","embeddable":true,"href":"http:\/\/klubmamgdynia.pl\/index.php\/wp-json\/wp\/v2\/product_tag?post=8779"}],"curies":[{"name":"wp","href":"https:\/\/api.w.org\/{rel}","templated":true}]}}