{"id":8791,"date":"2024-06-06T00:03:48","date_gmt":"2024-06-05T22:03:48","guid":{"rendered":"http:\/\/klubmamgdynia.pl\/?post_type=product&#038;p=8791"},"modified":"2026-04-29T12:07:58","modified_gmt":"2026-04-29T10:07:58","slug":"fotelik-samochodowy-axkid-minikid-denim-9-25kg","status":"publish","type":"product","link":"http:\/\/klubmamgdynia.pl\/index.php\/produkt\/fotelik-samochodowy-axkid-minikid-denim-9-25kg\/","title":{"rendered":"Fotelik samochodowy Axkid Minikid Denim 9-25Kg"},"content":{"rendered":"<p>Do fotelika polecamy: uchwyt na tablet AXKID; mat\u0119 ochronn\u0105; organizer na fotel lub organizer z kieszonk\u0105 na tablet; wk\u0142adk\u0119 do fotelika; roletki przeciws\u0142oneczne; lusterko Zuma Kids lub lusterko Safety 1st; podk\u0142adk\u0119 poziomuj\u0105c\u0105 oraz dodatkowe pasy mocuj\u0105ce.9-25 kg(od 9 miesi\u0119cy do 5. roku \u017cycia)Axkid Minikid to fotelik ty\u0142em do kierunku jazdy, kt\u00f3ry mo\u017cna zamontowa\u0107 w niemal ka\u017cdym samochodzie. Montowany jest za pomoc\u0105 trzypunktowych pas\u00f3w bezpiecze\u0144stwa. Przeszed\u0142 rygorystyczny TestPlus. Posiada samonapinaj\u0105ce si\u0119 pasy uprz\u0119\u017cy oraz pi\u0119\u0107 pozycji odchylenia oparcia dla jeszcze wi\u0119kszego komfortu.Najbezpieczniejsza pozycja w samochodzieFotelik ty\u0142em do kierunku jazdy &#8211; do 25 kg!Wygoda i bezpiecze\u0144stwoRegulowany zag\u0142\u00f3wek.Pasy bezpiecze\u0144stwaPi\u0119ciopunktowe pasy bezpiecze\u0144stwa z mi\u0119kkimi otulinkami.Pewno\u015b\u0107 odpowiedniego zapi\u0119cia pasaAutomatyczne naci\u0105ganie szelek bezpiecze\u0144stwa.Gwarantowane bezpiecze\u0144stwoFotelik przeszed\u0142 rygorystyczny Test Plus.SPOS\u00d3B MONTA\u017bUfotelik montowany ty\u0142em do kierunku jazdy za pomoc\u0105 trzypunktowych pas\u00f3w samochodowych;automatyczne naci\u0105ganie szelek bezpiecze\u0144stwa;przednia noga stabilizuj\u0105ca;BEZPIECZE\u0143STWOfotelik zgodny z norm\u0105 ECE 044\/04;posiada pozytywny wynik szwedzkiego Testu Plus &#8211; najbardziej rygorystycznego testu zderzeniowego;fotel montowany ty\u0142em \u2013 najbezpieczniejsza pozycja dla dziecka;system ochrony bocznej;\u0141ATWO\u015a\u0106 U\u017bYTKOWANIAkompaktowe rozmiary \u2013 nie wymaga du\u017cej przestrzeni do zamontowania w aucie;zag\u0142\u00f3wek po\u0142\u0105czony z pasami bezpiecze\u0144stwa \u2013 jednoczesna regulacja;regulowane oparcie fotela;tapicerk\u0119 mo\u017cna zdj\u0105\u0107 i wypra\u0107 w 30\u00ba;kompaktowe rozmiary;DANE TECHNICZNEwaga: 17 kg;wymiary siedziska: 68x58x46 cm;AKCESORIAmo\u017cna dokupi\u0107 uchwyt na tablet firmy Axkid;GWARANCJAna fotelik udzielana jest dwuletnia gwarancja.Kraj pochodzenia: Szwecja<\/p>\n<h2>Fotelik samochodowy Axkid Minikid Denim 9-25Kg Axkid<\/h2>\n<p>wroc\u0142aw i okolice atrakcje, bajka terapeutyczna o emocjach, lucjan, zagadka dla dzieci, dzieci pl, cytaty rodzina, quiz dla dzieci, wzory dyplom\u00f3w do pobrania, \u015bmieszne zagadki, zabawy miko\u0142ajkowe dla dzieci, wr\u00f3zby andrzejkowe dla dzieci, zagadki z odpowiedziami dla dzieci, kolorowanki \u015bwi\u0105teczne do wydruku, krok jak narysowa\u0107 konia, zaj\u0119cia dla nastolatk\u00f3w, podchwytliwe zagadki i odpowiedzi, trudne zagadki dla dzieci, akademia pana kleksa &#8211; test z odpowiedziami do druku, krok jak narysowa\u0107 konia<\/p>\n<p>yyyyy<\/p>\n<p>&nbsp;<\/p>\n","protected":false},"excerpt":{"rendered":"<p>Do fotelika polecamy: uchwyt na tablet AXKID; mat\u0119 ochronn\u0105; organizer na fotel lub organizer z kieszonk\u0105 na tablet; wk\u0142adk\u0119 do fotelika; roletki przeciws\u0142oneczne; lusterko Zuma Kids lub lusterko Safety 1st; podk\u0142adk\u0119 poziomuj\u0105c\u0105 oraz dodatkowe pasy mocuj\u0105ce.9-25 kg(od 9 miesi\u0119cy do 5. roku \u017cycia)Axkid Minikid to fotelik ty\u0142em do kierunku jazdy, kt\u00f3ry mo\u017cna zamontowa\u0107 w niemal [&hellip;]<\/p>\n","protected":false},"featured_media":8792,"comment_status":"closed","ping_status":"open","template":"","meta":[],"product_cat":[991,32],"product_tag":[707,775,743],"class_list":["post-8791","product","type-product","status-publish","has-post-thumbnail","hentry","product_cat-axkid","product_cat-foteliki-samochodowe","product_tag-karty-pracy-dla-dzieci-z-ukrainy","product_tag-kolorowanki-do-druku-pokemon","product_tag-quiz-dla-dzieci"],"_links":{"self":[{"href":"http:\/\/klubmamgdynia.pl\/index.php\/wp-json\/wp\/v2\/product\/8791","targetHints":{"allow":["GET"]}}],"collection":[{"href":"http:\/\/klubmamgdynia.pl\/index.php\/wp-json\/wp\/v2\/product"}],"about":[{"href":"http:\/\/klubmamgdynia.pl\/index.php\/wp-json\/wp\/v2\/types\/product"}],"replies":[{"embeddable":true,"href":"http:\/\/klubmamgdynia.pl\/index.php\/wp-json\/wp\/v2\/comments?post=8791"}],"wp:featuredmedia":[{"embeddable":true,"href":"http:\/\/klubmamgdynia.pl\/index.php\/wp-json\/wp\/v2\/media\/8792"}],"wp:attachment":[{"href":"http:\/\/klubmamgdynia.pl\/index.php\/wp-json\/wp\/v2\/media?parent=8791"}],"wp:term":[{"taxonomy":"product_cat","embeddable":true,"href":"http:\/\/klubmamgdynia.pl\/index.php\/wp-json\/wp\/v2\/product_cat?post=8791"},{"taxonomy":"product_tag","embeddable":true,"href":"http:\/\/klubmamgdynia.pl\/index.php\/wp-json\/wp\/v2\/product_tag?post=8791"}],"curies":[{"name":"wp","href":"https:\/\/api.w.org\/{rel}","templated":true}]}}