{"id":8819,"date":"2017-02-23T06:20:40","date_gmt":"2017-02-23T05:20:40","guid":{"rendered":"http:\/\/klubmamgdynia.pl\/index.php\/produkt\/aeromoov-wkladka-do-fotelikow-9-18-seashell-stone\/"},"modified":"2026-05-17T23:05:56","modified_gmt":"2026-05-17T21:05:56","slug":"aeromoov-wkladka-do-fotelikow-9-18-seashell-stone","status":"publish","type":"product","link":"http:\/\/klubmamgdynia.pl\/index.php\/produkt\/aeromoov-wkladka-do-fotelikow-9-18-seashell-stone\/","title":{"rendered":"AeroMoov Wk\u0142adka Do Fotelik\u00f3w 9-18 Seashell Stone"},"content":{"rendered":"<p>AeroMoov Wk\u0142adka Do Fotelik\u00f3w 9-18 Seashell StoneWk\u0142adka antypotowa<\/p>\n<h2>AeroMoov Wk\u0142adka Do Fotelik\u00f3w 9-18 Seashell Stone Aeromoov<\/h2>\n<p>lego ninjago kolorowanki, zagadki dla dzieci 7 lat, quiz o wio\u015bnie, wr\u00f3zby andrzejkowe dla dzieci, zagadka matematyczna, halszka, m.i.a., kolorowanki do druku dla dziewczynek, gad\u017cety dla nastolatk\u00f3w 2021, pomys\u0142 na prezent na roczek, pokoloruj wed\u0142ug wzoru<\/p>\n<p>yyyyy<\/p>\n<p>&nbsp;<\/p>\n","protected":false},"excerpt":{"rendered":"<p>AeroMoov Wk\u0142adka Do Fotelik\u00f3w 9-18 Seashell StoneWk\u0142adka antypotowa AeroMoov Wk\u0142adka Do Fotelik\u00f3w 9-18 Seashell Stone Aeromoov lego ninjago kolorowanki, zagadki dla dzieci 7 lat, quiz o wio\u015bnie, wr\u00f3zby andrzejkowe dla dzieci, zagadka matematyczna, halszka, m.i.a., kolorowanki do druku dla dziewczynek, gad\u017cety dla nastolatk\u00f3w 2021, pomys\u0142 na prezent na roczek, pokoloruj wed\u0142ug wzoru yyyyy &nbsp;<\/p>\n","protected":false},"featured_media":8820,"comment_status":"closed","ping_status":"open","template":"","meta":[],"product_cat":[1743,1125],"product_tag":[865,622,753,759,599],"class_list":["post-8819","product","type-product","status-publish","has-post-thumbnail","hentry","product_cat-aeromoov","product_cat-akcesoria-samochodowe-dla-dzieci","product_tag-cytaty-o-dzieciach","product_tag-fajne-zagadki","product_tag-kamila","product_tag-pomysly-na-prezent-dla-nastolatkow","product_tag-prezent-dla-nastolatkow-2021"],"_links":{"self":[{"href":"http:\/\/klubmamgdynia.pl\/index.php\/wp-json\/wp\/v2\/product\/8819","targetHints":{"allow":["GET"]}}],"collection":[{"href":"http:\/\/klubmamgdynia.pl\/index.php\/wp-json\/wp\/v2\/product"}],"about":[{"href":"http:\/\/klubmamgdynia.pl\/index.php\/wp-json\/wp\/v2\/types\/product"}],"replies":[{"embeddable":true,"href":"http:\/\/klubmamgdynia.pl\/index.php\/wp-json\/wp\/v2\/comments?post=8819"}],"wp:featuredmedia":[{"embeddable":true,"href":"http:\/\/klubmamgdynia.pl\/index.php\/wp-json\/wp\/v2\/media\/8820"}],"wp:attachment":[{"href":"http:\/\/klubmamgdynia.pl\/index.php\/wp-json\/wp\/v2\/media?parent=8819"}],"wp:term":[{"taxonomy":"product_cat","embeddable":true,"href":"http:\/\/klubmamgdynia.pl\/index.php\/wp-json\/wp\/v2\/product_cat?post=8819"},{"taxonomy":"product_tag","embeddable":true,"href":"http:\/\/klubmamgdynia.pl\/index.php\/wp-json\/wp\/v2\/product_tag?post=8819"}],"curies":[{"name":"wp","href":"https:\/\/api.w.org\/{rel}","templated":true}]}}