{"id":8833,"date":"2011-01-05T03:26:17","date_gmt":"2011-01-05T02:26:17","guid":{"rendered":"http:\/\/klubmamgdynia.pl\/index.php\/produkt\/suavinex-s-zestaw-manicure-i-higieny-kosmetyczka-hygge-gr\/"},"modified":"2026-04-07T01:40:33","modified_gmt":"2026-04-06T23:40:33","slug":"suavinex-s-zestaw-manicure-i-higieny-kosmetyczka-hygge-gr","status":"publish","type":"product","link":"http:\/\/klubmamgdynia.pl\/index.php\/produkt\/suavinex-s-zestaw-manicure-i-higieny-kosmetyczka-hygge-gr\/","title":{"rendered":"suavinex S Zestaw manicure i higieny kosmetyczka hygge GR"},"content":{"rendered":"<p>Zestaw Manicure Ch\u0142opiec | mi\u0119towy HyggeZESTAW HIGIENICZNY HYGGEPraktyczny zestaw produkt\u00f3w do piel\u0119gnacji dzieci z linii Hygge firmy Suavinex zawiera podstawowe artyku\u0142y do codziennej piel\u0119gnacji w\u0142os\u00f3w, paznokci i z\u0119b\u00f3w dzieci. Wszystkie produkty s\u0105 starannie przechowywane w praktycznym etui zapinanym na zamek. W tym zestawie znajduje si\u0119 sze\u015b\u0107 podstawowych produkt\u00f3w zamkni\u0119tych w pi\u0119knej i praktycznej torbie. Uniwersalny zestaw jest idealny do podr\u00f3\u017cy i u\u017cytku domowego. Opakowanie zawiera\u2022 no\u017cyczki z zaokr\u0105glon\u0105 ko\u0144c\u00f3wk\u0105,\u2022 c\u0105\u017cki i pilnik do paznokci,\u2022 grzebie\u0144 i szczotka do pierwszych cienkich w\u0142os\u00f3w,\u2022 szczoteczka dla dzieci do masa\u017cu dzi\u0105se\u0142 i mycia pierwszych z\u0105bk\u00f3wWszystkie produkty s\u0105 wolne od BPA, przetestowane klinicznie.<\/p>\n<h2>suavinex S Zestaw manicure i higieny kosmetyczka hygge GR Suavinex<\/h2>\n<p>zagadki \u015bmieszne podchwytliwe, zagadki wielkanocne dla doros\u0142ych, kubu\u015b puchatek cytaty, bajki dla dzieci na dobranoc, kolorowanki lato, kwiecien plecien, marcel znaczenie imienia, cytaty o przyja\u017ani ma\u0142y ksi\u0105\u017c\u0119<\/p>\n<p>yyyyy<\/p>\n<p>&nbsp;<\/p>\n","protected":false},"excerpt":{"rendered":"<p>Zestaw Manicure Ch\u0142opiec | mi\u0119towy HyggeZESTAW HIGIENICZNY HYGGEPraktyczny zestaw produkt\u00f3w do piel\u0119gnacji dzieci z linii Hygge firmy Suavinex zawiera podstawowe artyku\u0142y do codziennej piel\u0119gnacji w\u0142os\u00f3w, paznokci i z\u0119b\u00f3w dzieci. Wszystkie produkty s\u0105 starannie przechowywane w praktycznym etui zapinanym na zamek. W tym zestawie znajduje si\u0119 sze\u015b\u0107 podstawowych produkt\u00f3w zamkni\u0119tych w pi\u0119knej i praktycznej torbie. Uniwersalny [&hellip;]<\/p>\n","protected":false},"featured_media":8834,"comment_status":"closed","ping_status":"open","template":"","meta":[],"product_cat":[1744,1328],"product_tag":[859,754,663,690,590,868],"class_list":["post-8833","product","type-product","status-publish","has-post-thumbnail","hentry","product_cat-akcesoria-do-manicure-i-pedicure","product_cat-suavinex","product_tag-dobranoc-pchly-na-noc","product_tag-dyplomy-do-wydrukowania-a4","product_tag-kolorowanki-dla-dzieci-do-druku","product_tag-pieski-male-dwa-tekst","product_tag-plac-zabaw-warszawa","product_tag-quizy-dla-dzieci"],"_links":{"self":[{"href":"http:\/\/klubmamgdynia.pl\/index.php\/wp-json\/wp\/v2\/product\/8833","targetHints":{"allow":["GET"]}}],"collection":[{"href":"http:\/\/klubmamgdynia.pl\/index.php\/wp-json\/wp\/v2\/product"}],"about":[{"href":"http:\/\/klubmamgdynia.pl\/index.php\/wp-json\/wp\/v2\/types\/product"}],"replies":[{"embeddable":true,"href":"http:\/\/klubmamgdynia.pl\/index.php\/wp-json\/wp\/v2\/comments?post=8833"}],"wp:featuredmedia":[{"embeddable":true,"href":"http:\/\/klubmamgdynia.pl\/index.php\/wp-json\/wp\/v2\/media\/8834"}],"wp:attachment":[{"href":"http:\/\/klubmamgdynia.pl\/index.php\/wp-json\/wp\/v2\/media?parent=8833"}],"wp:term":[{"taxonomy":"product_cat","embeddable":true,"href":"http:\/\/klubmamgdynia.pl\/index.php\/wp-json\/wp\/v2\/product_cat?post=8833"},{"taxonomy":"product_tag","embeddable":true,"href":"http:\/\/klubmamgdynia.pl\/index.php\/wp-json\/wp\/v2\/product_tag?post=8833"}],"curies":[{"name":"wp","href":"https:\/\/api.w.org\/{rel}","templated":true}]}}