{"id":8859,"date":"2016-12-07T17:35:52","date_gmt":"2016-12-07T16:35:52","guid":{"rendered":"http:\/\/klubmamgdynia.pl\/index.php\/produkt\/magformers-stick-o-zestaw-wedkarski\/"},"modified":"2026-04-07T01:35:18","modified_gmt":"2026-04-06T23:35:18","slug":"magformers-stick-o-zestaw-wedkarski","status":"publish","type":"product","link":"http:\/\/klubmamgdynia.pl\/index.php\/produkt\/magformers-stick-o-zestaw-wedkarski\/","title":{"rendered":"Magformers Stick O Zestaw W\u0119dkarski"},"content":{"rendered":"<p>Limango.pl to internetowy klub zakupowy dla kobiet i m\u0142odych rodzin, w kt\u00f3rym mog\u0105 kupowa\u0107 wy\u0142\u0105cznie cz\u0142onkowie. W naszej ofercie znajdziecie produkty renomowanych marek &#8211; czasami nawet do 80% taniej.Organizujemy trwaj\u0105ce 3 do 7 dni kampanie sprzeda\u017cowe dla naszych cz\u0142onk\u00f3w w \u015bcis\u0142ej wsp\u00f3\u0142pracy ze znanymi markami z ca\u0142ej Europy.W limango, ze wzgl\u0119du na ograniczenie ilo\u015bciowe produkt\u00f3w obowi\u0105zuje zasada: &#8222;kto pierwszy, ten lepszy!&#8221;. Aby nie przeoczy\u0107 po\u017c\u0105danych produkt\u00f3w, odwiedzaj nas codziennie. Informacje o kampaniach otrzymujesz od nas rano przed ich rozpocz\u0119ciem poprzez rozsy\u0142any newsletter.W limango znajdziecie nie tylko produkty \u015bwiatowych marek, promujemy r\u00f3wnie\u017c uznanych i niszowych polskich producent\u00f3w oraz designer\u00f3w, kt\u00f3rzy tworz\u0105 \u015bwietne i wysokiej jako\u015bci produkty z takich obszar\u00f3w jak: moda, dodatki, odzie\u017c dzieci\u0119ca, obuwie, zdrowie &amp; uroda, sport, trendy &amp; gad\u017cety oraz styl \u017cycia.Wsp\u00f3\u0142pracuj\u0105c bezpo\u015brednio z producentami znanych marek, mo\u017cemy oferowa\u0107 Wam tak korzystne ceny.Opis produktu:- zawarto\u015b\u0107: 26 magnetycznych cz\u0119\u015bci w r\u00f3\u017cnych kszta\u0142tach i kolorach- materia\u0142: tworzywo sztuczne, magnes neodymowy- pole aktywno\u015bci: motoryka ma\u0142a, logika i kreatywno\u015b\u0107- zalecenia wiekowe: od 18. miesi\u0105caUwaga! Zagro\u017cenie uduszenia ma\u0142ymi elementami. Produkt zawiera ma\u0142e magnesy. Po\u0142kni\u0119te magnesy w prze\u0142yku mog\u0105 oddzia\u0142ywa\u0107 negatywnie na organizm i prowadzi\u0107 do ci\u0119\u017ckich obra\u017ce\u0144. Nale\u017cy natychmiast uda\u0107 si\u0119 do lekarza w przypadku po\u0142kni\u0119cia jednego lub wi\u0119cej magnes\u00f3w.<\/p>\n<h2>Magformers Stick O Zestaw W\u0119dkarski Magformers<\/h2>\n<p>\u015bmieszne zagadki, kolorowanka pies, tekst kolysanek, cytat mama, kiedy dzieci chodz\u0105 na halloween, znaczenie imiona alan, prezent na roczek od babci, lilianna, molo w brze\u017anie, rainbow dash kolorowanka, kolorowanki do druku pokemon, trudne zagadki dla dzieci, quiz o polsce dla dzieci, prezenty dla nastolatki, oryginalny prezent na roczek dla ch\u0142opca, opowie\u015bci z narnii lew czarownica i stara szafa test do wydruku, zabawki na roczek, pawe\u0142, wulkan z sody, ko\u0142ysanka tekst, motto dla nauczyciela<\/p>\n<p>yyyyy<\/p>\n<p>&nbsp;<\/p>\n","protected":false},"excerpt":{"rendered":"<p>Limango.pl to internetowy klub zakupowy dla kobiet i m\u0142odych rodzin, w kt\u00f3rym mog\u0105 kupowa\u0107 wy\u0142\u0105cznie cz\u0142onkowie. W naszej ofercie znajdziecie produkty renomowanych marek &#8211; czasami nawet do 80% taniej.Organizujemy trwaj\u0105ce 3 do 7 dni kampanie sprzeda\u017cowe dla naszych cz\u0142onk\u00f3w w \u015bcis\u0142ej wsp\u00f3\u0142pracy ze znanymi markami z ca\u0142ej Europy.W limango, ze wzgl\u0119du na ograniczenie ilo\u015bciowe produkt\u00f3w [&hellip;]<\/p>\n","protected":false},"featured_media":8860,"comment_status":"closed","ping_status":"open","template":"","meta":[],"product_cat":[1749,537],"product_tag":[717,632,811],"class_list":["post-8859","product","type-product","status-publish","has-post-thumbnail","hentry","product_cat-magformers","product_cat-pozostale-zabawki-edukacyjne","product_tag-prezent-roczek","product_tag-warszawa-atrakcje-dla-mlodziezy","product_tag-zagadki-logiczne-dla-dzieci"],"_links":{"self":[{"href":"http:\/\/klubmamgdynia.pl\/index.php\/wp-json\/wp\/v2\/product\/8859","targetHints":{"allow":["GET"]}}],"collection":[{"href":"http:\/\/klubmamgdynia.pl\/index.php\/wp-json\/wp\/v2\/product"}],"about":[{"href":"http:\/\/klubmamgdynia.pl\/index.php\/wp-json\/wp\/v2\/types\/product"}],"replies":[{"embeddable":true,"href":"http:\/\/klubmamgdynia.pl\/index.php\/wp-json\/wp\/v2\/comments?post=8859"}],"wp:featuredmedia":[{"embeddable":true,"href":"http:\/\/klubmamgdynia.pl\/index.php\/wp-json\/wp\/v2\/media\/8860"}],"wp:attachment":[{"href":"http:\/\/klubmamgdynia.pl\/index.php\/wp-json\/wp\/v2\/media?parent=8859"}],"wp:term":[{"taxonomy":"product_cat","embeddable":true,"href":"http:\/\/klubmamgdynia.pl\/index.php\/wp-json\/wp\/v2\/product_cat?post=8859"},{"taxonomy":"product_tag","embeddable":true,"href":"http:\/\/klubmamgdynia.pl\/index.php\/wp-json\/wp\/v2\/product_tag?post=8859"}],"curies":[{"name":"wp","href":"https:\/\/api.w.org\/{rel}","templated":true}]}}