{"id":8863,"date":"2017-03-18T01:32:30","date_gmt":"2017-03-18T00:32:30","guid":{"rendered":"http:\/\/klubmamgdynia.pl\/index.php\/produkt\/cybex-balios-s-lux-deep-black-cot-s-gleboko-spacerowy-fotelik-aton-b2-i-size\/"},"modified":"2026-05-17T23:00:53","modified_gmt":"2026-05-17T21:00:53","slug":"cybex-balios-s-lux-deep-black-cot-s-gleboko-spacerowy-fotelik-aton-b2-i-size","status":"publish","type":"product","link":"http:\/\/klubmamgdynia.pl\/index.php\/produkt\/cybex-balios-s-lux-deep-black-cot-s-gleboko-spacerowy-fotelik-aton-b2-i-size\/","title":{"rendered":"Cybex Balios S Lux Deep Black Cot S G\u0142\u0119boko Spacerowy + Fotelik Aton B2 I-Size"},"content":{"rendered":"<h2>Cybex Balios S Lux Deep Black Cot S G\u0142\u0119boko Spacerowy + Fotelik Aton B2 I-Size Cybex<\/h2>\n<p>bajka o miko\u0142aju do czytania, zaproszenia na urodziny do wydruku czarno bia\u0142e, kolorowanki konie, zagadki i odpowiedzi, opowie\u015bci z narni lew czarownica i stara szafa test, maski karnawa\u0142owe do druku, pawe\u0142<\/p>\n<p>yyyyy<\/p>\n<p>&nbsp;<\/p>\n","protected":false},"excerpt":{"rendered":"<p>Cybex Balios S Lux Deep Black Cot S G\u0142\u0119boko Spacerowy + Fotelik Aton B2 I-Size Cybex bajka o miko\u0142aju do czytania, zaproszenia na urodziny do wydruku czarno bia\u0142e, kolorowanki konie, zagadki i odpowiedzi, opowie\u015bci z narni lew czarownica i stara szafa test, maski karnawa\u0142owe do druku, pawe\u0142 yyyyy &nbsp;<\/p>\n","protected":false},"featured_media":8864,"comment_status":"closed","ping_status":"open","template":"","meta":[],"product_cat":[34,110],"product_tag":[686,776,857,811],"class_list":["post-8863","product","type-product","status-publish","has-post-thumbnail","hentry","product_cat-cybex","product_cat-wozki-wielofunkcyjne","product_tag-co-na-roczek-dla-chlopca","product_tag-dobrej-nocy","product_tag-zagadki-dla-dzieci-7-8-lat","product_tag-zagadki-logiczne-dla-dzieci"],"_links":{"self":[{"href":"http:\/\/klubmamgdynia.pl\/index.php\/wp-json\/wp\/v2\/product\/8863","targetHints":{"allow":["GET"]}}],"collection":[{"href":"http:\/\/klubmamgdynia.pl\/index.php\/wp-json\/wp\/v2\/product"}],"about":[{"href":"http:\/\/klubmamgdynia.pl\/index.php\/wp-json\/wp\/v2\/types\/product"}],"replies":[{"embeddable":true,"href":"http:\/\/klubmamgdynia.pl\/index.php\/wp-json\/wp\/v2\/comments?post=8863"}],"wp:featuredmedia":[{"embeddable":true,"href":"http:\/\/klubmamgdynia.pl\/index.php\/wp-json\/wp\/v2\/media\/8864"}],"wp:attachment":[{"href":"http:\/\/klubmamgdynia.pl\/index.php\/wp-json\/wp\/v2\/media?parent=8863"}],"wp:term":[{"taxonomy":"product_cat","embeddable":true,"href":"http:\/\/klubmamgdynia.pl\/index.php\/wp-json\/wp\/v2\/product_cat?post=8863"},{"taxonomy":"product_tag","embeddable":true,"href":"http:\/\/klubmamgdynia.pl\/index.php\/wp-json\/wp\/v2\/product_tag?post=8863"}],"curies":[{"name":"wp","href":"https:\/\/api.w.org\/{rel}","templated":true}]}}