{"id":8875,"date":"2025-03-29T18:45:26","date_gmt":"2025-03-29T17:45:26","guid":{"rendered":"http:\/\/klubmamgdynia.pl\/?post_type=product&#038;p=8875"},"modified":"2026-05-17T22:05:07","modified_gmt":"2026-05-17T20:05:07","slug":"magformers-dynamic-zestaw-blyskowy","status":"publish","type":"product","link":"http:\/\/klubmamgdynia.pl\/index.php\/produkt\/magformers-dynamic-zestaw-blyskowy\/","title":{"rendered":"Magformers Dynamic Zestaw B\u0142yskowy"},"content":{"rendered":"<p>Dynamic Flash Set to nowy wspania\u0142y zestaw startowy i uzupe\u0142niaj\u0105cy sk\u0142adaj\u0105cy si\u0119 z 54 cz\u0119\u015bci. 2 ko\u0142a z osi\u0105 zapewniaj\u0105, \u017ce obiekty zbudowane z 12 tr\u00f3jk\u0105t\u00f3w i 22 kwadrat\u00f3w staj\u0105 si\u0119 mobilne. Obracaj\u0105cy si\u0119 element \u015bwietlny i \u015bmig\u0142a r\u00f3wnie\u017c sprawiaj\u0105, \u017ce oczy dzieci si\u0119 \u015bwiec\u0105. Szczeg\u00f3\u0142y produktu: Materia\u0142: tworzywo sztuczne z magnesami neodymowymi zawarto\u015b\u0107: 54 cz\u0119\u015bci Wiek: od 3 lat Uwaga Nieodpowiednie dla dzieci poni\u017cej 3 roku \u017cycia. Ten produkt zawiera ma\u0142e magnesy. Po\u0142kni\u0119te magnesy mog\u0105 przyci\u0105ga\u0107 si\u0119 w jelitach i powodowa\u0107 powa\u017cne obra\u017cenia. W przypadku po\u0142kni\u0119cia magnes\u00f3w nale\u017cy natychmiast skonsultowa\u0107 si\u0119 z lekarzem. Prosz\u0119 czy\u015bci\u0107 urz\u0105dzenie Magformer tylko wilgotn\u0105 \u015bciereczk\u0105 bez dodawania ostrych \u015brodk\u00f3w czyszcz\u0105cych.<\/p>\n<h2>Magformers Dynamic Zestaw B\u0142yskowy Magformers<\/h2>\n<p>matylda znaczenie imienia, historia pluszowego misia, fajne rzeczy dla nastolatk\u00f3w, kotki do druku, bursztynek, p\u0142ywalnie warszawa, mini zoo mazowieckie, bajki do czytania dla niemowl\u0105t, szlaczki, \u0142amig\u0142\u00f3wki logiczne, na roczek dla dziewczynki, maska karnawa\u0142owa pdf, co oznacza jordan<\/p>\n<p>yyyyy<\/p>\n<p>&nbsp;<\/p>\n","protected":false},"excerpt":{"rendered":"<p>Dynamic Flash Set to nowy wspania\u0142y zestaw startowy i uzupe\u0142niaj\u0105cy sk\u0142adaj\u0105cy si\u0119 z 54 cz\u0119\u015bci. 2 ko\u0142a z osi\u0105 zapewniaj\u0105, \u017ce obiekty zbudowane z 12 tr\u00f3jk\u0105t\u00f3w i 22 kwadrat\u00f3w staj\u0105 si\u0119 mobilne. Obracaj\u0105cy si\u0119 element \u015bwietlny i \u015bmig\u0142a r\u00f3wnie\u017c sprawiaj\u0105, \u017ce oczy dzieci si\u0119 \u015bwiec\u0105. Szczeg\u00f3\u0142y produktu: Materia\u0142: tworzywo sztuczne z magnesami neodymowymi zawarto\u015b\u0107: 54 [&hellip;]<\/p>\n","protected":false},"featured_media":8876,"comment_status":"closed","ping_status":"open","template":"","meta":[],"product_cat":[113,1749],"product_tag":[830,710,869],"class_list":["post-8875","product","type-product","status-publish","has-post-thumbnail","hentry","product_cat-klocki","product_cat-magformers","product_tag-rodzina-cytaty","product_tag-zagadki-dla-dzieci-10-12-lat","product_tag-zagadki-na-logike"],"_links":{"self":[{"href":"http:\/\/klubmamgdynia.pl\/index.php\/wp-json\/wp\/v2\/product\/8875","targetHints":{"allow":["GET"]}}],"collection":[{"href":"http:\/\/klubmamgdynia.pl\/index.php\/wp-json\/wp\/v2\/product"}],"about":[{"href":"http:\/\/klubmamgdynia.pl\/index.php\/wp-json\/wp\/v2\/types\/product"}],"replies":[{"embeddable":true,"href":"http:\/\/klubmamgdynia.pl\/index.php\/wp-json\/wp\/v2\/comments?post=8875"}],"wp:featuredmedia":[{"embeddable":true,"href":"http:\/\/klubmamgdynia.pl\/index.php\/wp-json\/wp\/v2\/media\/8876"}],"wp:attachment":[{"href":"http:\/\/klubmamgdynia.pl\/index.php\/wp-json\/wp\/v2\/media?parent=8875"}],"wp:term":[{"taxonomy":"product_cat","embeddable":true,"href":"http:\/\/klubmamgdynia.pl\/index.php\/wp-json\/wp\/v2\/product_cat?post=8875"},{"taxonomy":"product_tag","embeddable":true,"href":"http:\/\/klubmamgdynia.pl\/index.php\/wp-json\/wp\/v2\/product_tag?post=8875"}],"curies":[{"name":"wp","href":"https:\/\/api.w.org\/{rel}","templated":true}]}}