{"id":8901,"date":"2012-11-08T09:10:11","date_gmt":"2012-11-08T08:10:11","guid":{"rendered":"http:\/\/klubmamgdynia.pl\/index.php\/produkt\/plyta-gazowa-amica-pgca6101apftb\/"},"modified":"2026-04-23T17:36:20","modified_gmt":"2026-04-23T15:36:20","slug":"plyta-gazowa-amica-pgca6101apftb","status":"publish","type":"product","link":"http:\/\/klubmamgdynia.pl\/index.php\/produkt\/plyta-gazowa-amica-pgca6101apftb\/","title":{"rendered":"P\u0142yta gazowa Amica PGCA6101APFTB"},"content":{"rendered":"<h2>P\u0142yta gazowa Amica PGCA6101APFTB Amica<\/h2>\n<p>henryk, dymitr, dzie\u0144 pluszowego misia 2021, quiz pi\u0142karski, kr\u00f3tkie bajki na dobranoc o mi\u0142o\u015bci, warszawa atrakcje dla dzieci, alan znaczenie imienia, imi\u0119 iwo, kr\u00f3tkie zagadki dla dzieci, kolorowanki dla dziewczynek 10 lat, zagadki o zwierz\u0119tach, minionki do druku, janusz korczak cytaty, postacie z bajek, kolorowanki do druku dla ch\u0142opc\u00f3w<\/p>\n<p>yyyyy<\/p>\n<p>&nbsp;<\/p>\n","protected":false},"excerpt":{"rendered":"<p>P\u0142yta gazowa Amica PGCA6101APFTB Amica henryk, dymitr, dzie\u0144 pluszowego misia 2021, quiz pi\u0142karski, kr\u00f3tkie bajki na dobranoc o mi\u0142o\u015bci, warszawa atrakcje dla dzieci, alan znaczenie imienia, imi\u0119 iwo, kr\u00f3tkie zagadki dla dzieci, kolorowanki dla dziewczynek 10 lat, zagadki o zwierz\u0119tach, minionki do druku, janusz korczak cytaty, postacie z bajek, kolorowanki do druku dla ch\u0142opc\u00f3w yyyyy [&hellip;]<\/p>\n","protected":false},"featured_media":8902,"comment_status":"closed","ping_status":"open","template":"","meta":[],"product_cat":[1721,1689],"product_tag":[777,758,856,724],"class_list":["post-8901","product","type-product","status-publish","has-post-thumbnail","hentry","product_cat-amica","product_cat-plyty-gazowe-do-zabudowy","product_tag-co-na-roczek","product_tag-julian","product_tag-prezent-dla-16-latki","product_tag-zagadki-podchwytliwe"],"_links":{"self":[{"href":"http:\/\/klubmamgdynia.pl\/index.php\/wp-json\/wp\/v2\/product\/8901","targetHints":{"allow":["GET"]}}],"collection":[{"href":"http:\/\/klubmamgdynia.pl\/index.php\/wp-json\/wp\/v2\/product"}],"about":[{"href":"http:\/\/klubmamgdynia.pl\/index.php\/wp-json\/wp\/v2\/types\/product"}],"replies":[{"embeddable":true,"href":"http:\/\/klubmamgdynia.pl\/index.php\/wp-json\/wp\/v2\/comments?post=8901"}],"wp:featuredmedia":[{"embeddable":true,"href":"http:\/\/klubmamgdynia.pl\/index.php\/wp-json\/wp\/v2\/media\/8902"}],"wp:attachment":[{"href":"http:\/\/klubmamgdynia.pl\/index.php\/wp-json\/wp\/v2\/media?parent=8901"}],"wp:term":[{"taxonomy":"product_cat","embeddable":true,"href":"http:\/\/klubmamgdynia.pl\/index.php\/wp-json\/wp\/v2\/product_cat?post=8901"},{"taxonomy":"product_tag","embeddable":true,"href":"http:\/\/klubmamgdynia.pl\/index.php\/wp-json\/wp\/v2\/product_tag?post=8901"}],"curies":[{"name":"wp","href":"https:\/\/api.w.org\/{rel}","templated":true}]}}