{"id":8903,"date":"2012-08-16T01:13:23","date_gmt":"2012-08-15T23:13:23","guid":{"rendered":"http:\/\/klubmamgdynia.pl\/index.php\/produkt\/hot-wheels-custom-volkswagen-beetle-fyd61\/"},"modified":"2026-05-17T23:08:40","modified_gmt":"2026-05-17T21:08:40","slug":"hot-wheels-custom-volkswagen-beetle-fyd61","status":"publish","type":"product","link":"http:\/\/klubmamgdynia.pl\/index.php\/produkt\/hot-wheels-custom-volkswagen-beetle-fyd61\/","title":{"rendered":"Hot Wheels Custom Volkswagen Beetle FYD61"},"content":{"rendered":"<p>Samoch\u00f3d z serii Hot Wheels od firmy Mattel w skali 1:64.<\/p>\n<h2>Hot Wheels Custom Volkswagen Beetle FYD61 Mattel<\/h2>\n<p>esmeralda, iwo, sporty po francusku, quizy \u015bwi\u0105teczne bo\u017ce narodzenie, test z dzieci z bullerbyn, test z lektury opowie\u015bci z narnii lew czarownica i stara szafa, u\u015bmiech dziecka wiersz, ninjago kolorowanki, prezent dla 1 latka, pa\u0144stwa miasta wz\u00f3r, kolorowanka lato, zabawa dla 7 latka, mi\u0142osz imi\u0119, pomys\u0142 na prezent dla nastolatka, jeziora blisko warszawy, szablon krokus kolorowanka, zima z\u0142a tekst, jak narysowa\u0107, mitologia grecka test wiedzy, sta\u0142a pod \u015bniegiem<\/p>\n<p>yyyyy<\/p>\n<p>&nbsp;<\/p>\n","protected":false},"excerpt":{"rendered":"<p>Samoch\u00f3d z serii Hot Wheels od firmy Mattel w skali 1:64. Hot Wheels Custom Volkswagen Beetle FYD61 Mattel esmeralda, iwo, sporty po francusku, quizy \u015bwi\u0105teczne bo\u017ce narodzenie, test z dzieci z bullerbyn, test z lektury opowie\u015bci z narnii lew czarownica i stara szafa, u\u015bmiech dziecka wiersz, ninjago kolorowanki, prezent dla 1 latka, pa\u0144stwa miasta wz\u00f3r, [&hellip;]<\/p>\n","protected":false},"featured_media":8904,"comment_status":"closed","ping_status":"open","template":"","meta":[],"product_cat":[83,289],"product_tag":[676,861,689,594,743,627],"class_list":["post-8903","product","type-product","status-publish","has-post-thumbnail","hentry","product_cat-auta-i-inne-pojazdy-do-zabawy","product_cat-mattel","product_tag-bursztynek","product_tag-jak-narysowac-psa","product_tag-linda","product_tag-podchwytliwe-zagadki-dla-dzieci","product_tag-quiz-dla-dzieci","product_tag-quiz-dzieci-z-bullerbyn"],"_links":{"self":[{"href":"http:\/\/klubmamgdynia.pl\/index.php\/wp-json\/wp\/v2\/product\/8903","targetHints":{"allow":["GET"]}}],"collection":[{"href":"http:\/\/klubmamgdynia.pl\/index.php\/wp-json\/wp\/v2\/product"}],"about":[{"href":"http:\/\/klubmamgdynia.pl\/index.php\/wp-json\/wp\/v2\/types\/product"}],"replies":[{"embeddable":true,"href":"http:\/\/klubmamgdynia.pl\/index.php\/wp-json\/wp\/v2\/comments?post=8903"}],"wp:featuredmedia":[{"embeddable":true,"href":"http:\/\/klubmamgdynia.pl\/index.php\/wp-json\/wp\/v2\/media\/8904"}],"wp:attachment":[{"href":"http:\/\/klubmamgdynia.pl\/index.php\/wp-json\/wp\/v2\/media?parent=8903"}],"wp:term":[{"taxonomy":"product_cat","embeddable":true,"href":"http:\/\/klubmamgdynia.pl\/index.php\/wp-json\/wp\/v2\/product_cat?post=8903"},{"taxonomy":"product_tag","embeddable":true,"href":"http:\/\/klubmamgdynia.pl\/index.php\/wp-json\/wp\/v2\/product_tag?post=8903"}],"curies":[{"name":"wp","href":"https:\/\/api.w.org\/{rel}","templated":true}]}}