{"id":8907,"date":"2025-09-23T05:14:27","date_gmt":"2025-09-23T03:14:27","guid":{"rendered":"http:\/\/klubmamgdynia.pl\/?post_type=product&#038;p=8907"},"modified":"2026-05-01T01:55:48","modified_gmt":"2026-04-30T23:55:48","slug":"mattel-amigami-figurka-i-domek-tukan-bnh46-blv48","status":"publish","type":"product","link":"http:\/\/klubmamgdynia.pl\/index.php\/produkt\/mattel-amigami-figurka-i-domek-tukan-bnh46-blv48\/","title":{"rendered":"Mattel Amigami Figurka I Domek Tukan Bnh46 Blv48"},"content":{"rendered":"<p>Ptaszek i domek AmiGami Mattel BLV48BHN46 6+ AmiGami to zestaw z uroczym zwierz\u0105tkiem, kt\u00f3re czeka, by dziecko zmieni\u0142o je w jedyne w swoim rodzaju dzie\u0142o! Mo\u017ce wybiera\u0107 spo\u015br\u00f3d wielu papierowych cz\u0119\u015bci dekoracyjnych. Te maj\u0105 kolorowe wzory z obu stron i mog\u0105 by\u0107 dowolnie stylizowane. Specjalne narz\u0119dzie pozwala na stylizacj\u0119 w urocze sercowe kszta\u0142ty. Zwierz\u0105tka mo\u017cna dowolnie dekorowa\u0107, co daje wi\u0119cej ni\u017c 500 mo\u017cliwo\u015bci! AmiGami s\u0105 unikalne, bo stylizowane w\u0142asnor\u0119cznie! AmiGami to zupe\u0142nie nowy spos\u00f3b na zabaw\u0119 rozwijaj\u0105cy kreatywno\u015b\u0107 i wyobra\u017ani\u0119 dziecka. W zestawie: zwierz\u0105tko do dekoracji, domek do dekoracji, 18 wpinek i nasadek, narz\u0119dzie do zakr\u0119cania, 70 papierowych element\u00f3w do dekoracji, 65 naklejek wielokrotnego u\u017cytku Wiek: 6+<\/p>\n<h2>Mattel Amigami Figurka I Domek Tukan Bnh46 Blv48 Mattel<\/h2>\n<p>cytaty dla dzieci, cytat o dziecku, liwia, imi\u0119 liwia, kolorowanki \u015bwi\u0119to niepodleg\u0142o\u015bci do druku, gaja imi\u0119, \u0142amig\u0142\u00f3wki dla dzieci<\/p>\n<p>yyyyy<\/p>\n<p>&nbsp;<\/p>\n","protected":false},"excerpt":{"rendered":"<p>Ptaszek i domek AmiGami Mattel BLV48BHN46 6+ AmiGami to zestaw z uroczym zwierz\u0105tkiem, kt\u00f3re czeka, by dziecko zmieni\u0142o je w jedyne w swoim rodzaju dzie\u0142o! Mo\u017ce wybiera\u0107 spo\u015br\u00f3d wielu papierowych cz\u0119\u015bci dekoracyjnych. Te maj\u0105 kolorowe wzory z obu stron i mog\u0105 by\u0107 dowolnie stylizowane. Specjalne narz\u0119dzie pozwala na stylizacj\u0119 w urocze sercowe kszta\u0142ty. Zwierz\u0105tka mo\u017cna [&hellip;]<\/p>\n","protected":false},"featured_media":8908,"comment_status":"closed","ping_status":"open","template":"","meta":[],"product_cat":[95,289],"product_tag":[585,654,704,711,770],"class_list":["post-8907","product","type-product","status-publish","has-post-thumbnail","hentry","product_cat-figurki-makiety-i-zestawy","product_cat-mattel","product_tag-kolorowanki-dla-chlopcow","product_tag-krotkie-bajki-dla-dzieci-do-czytania","product_tag-prezent-dla-nastolatka","product_tag-prezenty-dla-nastolatkow","product_tag-samolot-z-papieru"],"_links":{"self":[{"href":"http:\/\/klubmamgdynia.pl\/index.php\/wp-json\/wp\/v2\/product\/8907","targetHints":{"allow":["GET"]}}],"collection":[{"href":"http:\/\/klubmamgdynia.pl\/index.php\/wp-json\/wp\/v2\/product"}],"about":[{"href":"http:\/\/klubmamgdynia.pl\/index.php\/wp-json\/wp\/v2\/types\/product"}],"replies":[{"embeddable":true,"href":"http:\/\/klubmamgdynia.pl\/index.php\/wp-json\/wp\/v2\/comments?post=8907"}],"wp:featuredmedia":[{"embeddable":true,"href":"http:\/\/klubmamgdynia.pl\/index.php\/wp-json\/wp\/v2\/media\/8908"}],"wp:attachment":[{"href":"http:\/\/klubmamgdynia.pl\/index.php\/wp-json\/wp\/v2\/media?parent=8907"}],"wp:term":[{"taxonomy":"product_cat","embeddable":true,"href":"http:\/\/klubmamgdynia.pl\/index.php\/wp-json\/wp\/v2\/product_cat?post=8907"},{"taxonomy":"product_tag","embeddable":true,"href":"http:\/\/klubmamgdynia.pl\/index.php\/wp-json\/wp\/v2\/product_tag?post=8907"}],"curies":[{"name":"wp","href":"https:\/\/api.w.org\/{rel}","templated":true}]}}