{"id":8913,"date":"2018-08-20T17:21:59","date_gmt":"2018-08-20T15:21:59","guid":{"rendered":"http:\/\/klubmamgdynia.pl\/index.php\/produkt\/mattel-sunny-day-lalka-sunny-z-wlosami-do-stylizacji-15-cm-akcesoria-dyd18-fbn66\/"},"modified":"2026-04-30T03:26:05","modified_gmt":"2026-04-30T01:26:05","slug":"mattel-sunny-day-lalka-sunny-z-wlosami-do-stylizacji-15-cm-akcesoria-dyd18-fbn66","status":"publish","type":"product","link":"http:\/\/klubmamgdynia.pl\/index.php\/produkt\/mattel-sunny-day-lalka-sunny-z-wlosami-do-stylizacji-15-cm-akcesoria-dyd18-fbn66\/","title":{"rendered":"Mattel Sunny Day &#8211; Lalka Sunny z w\u0142osami do stylizacji 15 cm + Akcesoria DYD18 FBN66"},"content":{"rendered":"<p>Baw si\u0119 uroczymi lalkami inspirowanymi serialem Nickelodeon \u201eSunny Pogodna\u201d oraz stylizuj ich pi\u0119kne w\u0142osy, korzystaj\u0105c z do\u0142\u0105czonych dodatk\u00f3w! Sunny jest najbardziej przyjacielsk\u0105 osob\u0105 i najlepsz\u0105 stylistk\u0105 fryzur w Przyjaznym Zak\u0105tku. Dzi\u0119ki akcesoriom do w\u0142os\u00f3w i swoim umiej\u0119tno\u015bciom jest zawsze gotowa, by uratowa\u0107 sytuacj\u0119 \u2013 wystarczy odpowiednia fryzura! Lalki z przyczepianymi akcesoriami (Sunny, Roksa i Blair) maj\u0105 a\u017c 9 miejsc do przyczepiania ozd\u00f3b, 3 akcesoria oraz ma\u0142y grzebie\u0144 do uk\u0142adania w\u0142os\u00f3w! Ma\u0142e stylistki mog\u0105 przyczepia\u0107 do\u0142\u0105czone do lalki dodatki, by tworzy\u0107 oryginalne fryzury, lub po\u017cycza\u0107 i wymienia\u0107 akcesoria najlepszych przyjaci\u00f3\u0142ek \u2013 Sunny, Roksy i Blair! Ka\u017cda lalka ma oko\u0142o 15 cm wysoko\u015bci oraz elementy z motywami przyja\u017ani, zwierz\u0105t, przyg\u00f3d i nie tylko. Zbierz je wszystkie! Sprzedawane oddzielnie w zale\u017cno\u015bci od dost\u0119pno\u015bci. Dla dzieci powy\u017cej 3 roku \u017cycia. \u200bZawarto\u015b\u0107 i cechy zestawu:Lalki z przyczepianymi akcesoriami inspirowane serialem Nickelodeon dla przedszkolak\u00f3w \u2013 \u201eSunny Pogodna\u201d!Trzy lalki do wyboru: Sunny, Roksa i Blair. Ka\u017cda z nich ma oko\u0142o 15 cm wzrostu i mo\u017cna ustawia\u0107 j\u0105 w r\u00f3\u017cnych pozach (sprzedawane oddzielnie)Lalki zapewniaj\u0105 mo\u017cliwo\u015b\u0107 stylizacji w\u0142os\u00f3w i maj\u0105 akcesoria z motywami przyja\u017ani, zwierz\u0105t, przyg\u00f3d i nie tylkoKa\u017cda lalka ma 3 akcesoria do w\u0142os\u00f3w i 9 miejsc do ich przyczepiania \u2013 by stworzy\u0107 wyj\u0105tkowe fryzury!Do lalek jest te\u017c do\u0142\u0105czony ma\u0142y grzebie\u0144 do stylizacji w\u0142os\u00f3wPrzyczepiane akcesoria pasuj\u0105 do wszystkich lalek z tej linii, dzi\u0119ki czemu mo\u017cna dowolnie \u0142\u0105czy\u0107 i zestawia\u0107 dodatki!Produkty sprzedawane oddzielnie w zale\u017cno\u015bci od dost\u0119pno\u015bciDla dzieci od 3 roku \u017cycia<\/p>\n<h2>Mattel Sunny Day &#8211; Lalka Sunny z w\u0142osami do stylizacji 15 cm + Akcesoria DYD18 FBN66 Mattel<\/h2>\n<p>cytaty o dzieci\u0144stwie, kolorowanki do druku dla dziewczyn, trudne zagadki i odpowiedzi, kira, piosenki dla dzieci o jesieni, ja\u015bmina imie, ninjago kolorowanki, my little pony kolorowanki, maski dla dzieci do druku<\/p>\n<p>yyyyy<\/p>\n<p>&nbsp;<\/p>\n","protected":false},"excerpt":{"rendered":"<p>Baw si\u0119 uroczymi lalkami inspirowanymi serialem Nickelodeon \u201eSunny Pogodna\u201d oraz stylizuj ich pi\u0119kne w\u0142osy, korzystaj\u0105c z do\u0142\u0105czonych dodatk\u00f3w! Sunny jest najbardziej przyjacielsk\u0105 osob\u0105 i najlepsz\u0105 stylistk\u0105 fryzur w Przyjaznym Zak\u0105tku. Dzi\u0119ki akcesoriom do w\u0142os\u00f3w i swoim umiej\u0119tno\u015bciom jest zawsze gotowa, by uratowa\u0107 sytuacj\u0119 \u2013 wystarczy odpowiednia fryzura! Lalki z przyczepianymi akcesoriami (Sunny, Roksa i Blair) [&hellip;]<\/p>\n","protected":false},"featured_media":8914,"comment_status":"closed","ping_status":"open","template":"","meta":[],"product_cat":[65,289],"product_tag":[662,578,703,751,588],"class_list":["post-8913","product","type-product","status-publish","has-post-thumbnail","hentry","product_cat-lalki","product_cat-mattel","product_tag-bajki-na-dobranoc","product_tag-fajne-zarty-na-prima-aprilis","product_tag-prezent-dla-nastolatki","product_tag-psi-patrol-kolorowanka","product_tag-wzruszajace-slowa-dla-przyjaciela"],"_links":{"self":[{"href":"http:\/\/klubmamgdynia.pl\/index.php\/wp-json\/wp\/v2\/product\/8913","targetHints":{"allow":["GET"]}}],"collection":[{"href":"http:\/\/klubmamgdynia.pl\/index.php\/wp-json\/wp\/v2\/product"}],"about":[{"href":"http:\/\/klubmamgdynia.pl\/index.php\/wp-json\/wp\/v2\/types\/product"}],"replies":[{"embeddable":true,"href":"http:\/\/klubmamgdynia.pl\/index.php\/wp-json\/wp\/v2\/comments?post=8913"}],"wp:featuredmedia":[{"embeddable":true,"href":"http:\/\/klubmamgdynia.pl\/index.php\/wp-json\/wp\/v2\/media\/8914"}],"wp:attachment":[{"href":"http:\/\/klubmamgdynia.pl\/index.php\/wp-json\/wp\/v2\/media?parent=8913"}],"wp:term":[{"taxonomy":"product_cat","embeddable":true,"href":"http:\/\/klubmamgdynia.pl\/index.php\/wp-json\/wp\/v2\/product_cat?post=8913"},{"taxonomy":"product_tag","embeddable":true,"href":"http:\/\/klubmamgdynia.pl\/index.php\/wp-json\/wp\/v2\/product_tag?post=8913"}],"curies":[{"name":"wp","href":"https:\/\/api.w.org\/{rel}","templated":true}]}}