{"id":8939,"date":"2014-07-19T10:57:15","date_gmt":"2014-07-19T08:57:15","guid":{"rendered":"http:\/\/klubmamgdynia.pl\/index.php\/produkt\/magformers-mart-klocki-22el\/"},"modified":"2026-04-04T02:12:35","modified_gmt":"2026-04-04T00:12:35","slug":"magformers-mart-klocki-22el","status":"publish","type":"product","link":"http:\/\/klubmamgdynia.pl\/index.php\/produkt\/magformers-mart-klocki-22el\/","title":{"rendered":"Magformers Mart Klocki 22El."},"content":{"rendered":"<p>Magformers to klocki z wbudowanymi silnymi magnesami neodymowymi. Wystarczy zbli\u017cy\u0107 do siebie \u015bciankami dwa klocki, a one natychmiast ze sob\u0105 si\u0119 po\u0142\u0105cz\u0105. Za pomoc\u0105 tr\u00f3jk\u0105t\u00f3w, kwadrat\u00f3w i pi\u0119ciok\u0105t\u00f3w mo\u017cna zbudowa\u0107 wspania\u0142e tr\u00f3jwymiarowe budowle, pocz\u0105wszy od prostych figur, sko\u0144czywszy na pomys\u0142owych budowlach. Ten zestaw to niezwykle kreatywne klocki, kt\u00f3re daj\u0105 nieograniczone mo\u017cliwo\u015bci zabawy. Taka forma zabawy kszta\u0142tuje i rozwijaje wyobra\u017ani\u0119 dziecka.Wszystkie zestawy z serii Town Set pozwalaj\u0105 na zbudowanie miasta z r\u00f3\u017cnymi budynkami. Tworzenie takiej przestrzeni to dla dzieci \u015bwietna i kreatywna zabawa.Zawarto\u015b\u0107: 4 tr\u00f3jk\u0105ty, 7 kwadrat\u00f3w, 2 podw\u00f3jne kwadraty, 1 romb, 1 dach, 2 pod\u0142ogi, 1 znak, 1 rower, 1 ludzik, 2 okna<\/p>\n<h2>Magformers Mart Klocki 22El. Magformers<\/h2>\n<p>jedzie poci\u0105g z daleka tekst, marianna, ozdoby wielkanocne z dzie\u0107mi, maski do druku kolorowe, znaczenie imiona justyna, jak si\u0119 rysuje psa<\/p>\n<p>yyyyy<\/p>\n<p>&nbsp;<\/p>\n","protected":false},"excerpt":{"rendered":"<p>Magformers to klocki z wbudowanymi silnymi magnesami neodymowymi. Wystarczy zbli\u017cy\u0107 do siebie \u015bciankami dwa klocki, a one natychmiast ze sob\u0105 si\u0119 po\u0142\u0105cz\u0105. Za pomoc\u0105 tr\u00f3jk\u0105t\u00f3w, kwadrat\u00f3w i pi\u0119ciok\u0105t\u00f3w mo\u017cna zbudowa\u0107 wspania\u0142e tr\u00f3jwymiarowe budowle, pocz\u0105wszy od prostych figur, sko\u0144czywszy na pomys\u0142owych budowlach. Ten zestaw to niezwykle kreatywne klocki, kt\u00f3re daj\u0105 nieograniczone mo\u017cliwo\u015bci zabawy. Taka forma zabawy [&hellip;]<\/p>\n","protected":false},"featured_media":8940,"comment_status":"closed","ping_status":"open","template":"","meta":[],"product_cat":[113,1749],"product_tag":[817,813,804],"class_list":["post-8939","product","type-product","status-publish","has-post-thumbnail","hentry","product_cat-klocki","product_cat-magformers","product_tag-bajka-terapeutyczna-o-emocjach","product_tag-krotkie-zagadki-matematyczne-z-odpowiedziami","product_tag-ryz-z-owocami"],"_links":{"self":[{"href":"http:\/\/klubmamgdynia.pl\/index.php\/wp-json\/wp\/v2\/product\/8939","targetHints":{"allow":["GET"]}}],"collection":[{"href":"http:\/\/klubmamgdynia.pl\/index.php\/wp-json\/wp\/v2\/product"}],"about":[{"href":"http:\/\/klubmamgdynia.pl\/index.php\/wp-json\/wp\/v2\/types\/product"}],"replies":[{"embeddable":true,"href":"http:\/\/klubmamgdynia.pl\/index.php\/wp-json\/wp\/v2\/comments?post=8939"}],"wp:featuredmedia":[{"embeddable":true,"href":"http:\/\/klubmamgdynia.pl\/index.php\/wp-json\/wp\/v2\/media\/8940"}],"wp:attachment":[{"href":"http:\/\/klubmamgdynia.pl\/index.php\/wp-json\/wp\/v2\/media?parent=8939"}],"wp:term":[{"taxonomy":"product_cat","embeddable":true,"href":"http:\/\/klubmamgdynia.pl\/index.php\/wp-json\/wp\/v2\/product_cat?post=8939"},{"taxonomy":"product_tag","embeddable":true,"href":"http:\/\/klubmamgdynia.pl\/index.php\/wp-json\/wp\/v2\/product_tag?post=8939"}],"curies":[{"name":"wp","href":"https:\/\/api.w.org\/{rel}","templated":true}]}}