{"id":8959,"date":"2023-06-17T22:22:28","date_gmt":"2023-06-17T20:22:28","guid":{"rendered":"http:\/\/klubmamgdynia.pl\/?post_type=product&#038;p=8959"},"modified":"2026-04-04T13:19:47","modified_gmt":"2026-04-04T11:19:47","slug":"thrustmaster-gp-xid-pro-black-orange","status":"publish","type":"product","link":"http:\/\/klubmamgdynia.pl\/index.php\/produkt\/thrustmaster-gp-xid-pro-black-orange\/","title":{"rendered":"Thrustmaster Gp Xid Pro &#8211; Black\/Orange"},"content":{"rendered":"<p>XInput (Xid) standard built into the gamepad Plug &amp; Play: just plug it in, and you\u2019re ready to go: nothing to install Instantly recognized as a Xbox gamepad in Windows\u00ae: all buttons and axes are allocated to relevant features and actions in games \u2013 no setup required Streamlined design, Xbox One-style ergonomics ensuring optimum, comfortable grip and quick access to all features Left mini-stick located towards the top (for direct access with left thumb) Right mini-stick located further down (for direct access with right thumb) Cross-shaped D-pad located in the lower left section (for direct access with left thumb) 2 high-resolution 16-bit mini-sticks: fully progressive and rubber textured mini-sticks Optimized handling and comfort 2 times more precise* 2 long, curved progressive triggers, internal mechanism visible : Enhanced precision and control 1 cross-shaped D-pad : Better precision in all 8 directions 12 digital action buttons perfectly situated + 1 Windows\u00ae Live shortcut button *Tests show that the mini-sticks (with optimized firmware) are 2 times more precise than those of other gamepads on the market (tests made in laboratory and in FPS games \u2013 performance charts available at www.thrustmaster.com) Professional-grade braided cable Sturdiness, professional grade PC compatible, and Plug &amp; Play in Windows\u00ae Vista, 7, 8 and 10<\/p>\n<h2>Thrustmaster Gp Xid Pro &#8211; Black\/Orange ThrustMaster<\/h2>\n<p>pierwsze urodziny prezent na roczek dla ch\u0142opca, celina, zagadki \u0142amig\u0142\u00f3wki, miriam imi\u0119, konie quiz, ferie warszawa 2022, izabela imie, zagadki dla sze\u015bciolatk\u00f3w<\/p>\n<p>yyyyy<\/p>\n<p>&nbsp;<\/p>\n","protected":false},"excerpt":{"rendered":"<p>XInput (Xid) standard built into the gamepad Plug &amp; Play: just plug it in, and you\u2019re ready to go: nothing to install Instantly recognized as a Xbox gamepad in Windows\u00ae: all buttons and axes are allocated to relevant features and actions in games \u2013 no setup required Streamlined design, Xbox One-style ergonomics ensuring optimum, comfortable [&hellip;]<\/p>\n","protected":false},"featured_media":8960,"comment_status":"closed","ping_status":"open","template":"","meta":[],"product_cat":[419,1760],"product_tag":[754,821,588,615],"class_list":["post-8959","product","type-product","status-publish","has-post-thumbnail","hentry","product_cat-gamepady","product_cat-thrustmaster","product_tag-dyplomy-do-wydrukowania-a4","product_tag-marianna","product_tag-wzruszajace-slowa-dla-przyjaciela","product_tag-znane-misie-z-filmow-animowanych"],"_links":{"self":[{"href":"http:\/\/klubmamgdynia.pl\/index.php\/wp-json\/wp\/v2\/product\/8959","targetHints":{"allow":["GET"]}}],"collection":[{"href":"http:\/\/klubmamgdynia.pl\/index.php\/wp-json\/wp\/v2\/product"}],"about":[{"href":"http:\/\/klubmamgdynia.pl\/index.php\/wp-json\/wp\/v2\/types\/product"}],"replies":[{"embeddable":true,"href":"http:\/\/klubmamgdynia.pl\/index.php\/wp-json\/wp\/v2\/comments?post=8959"}],"wp:featuredmedia":[{"embeddable":true,"href":"http:\/\/klubmamgdynia.pl\/index.php\/wp-json\/wp\/v2\/media\/8960"}],"wp:attachment":[{"href":"http:\/\/klubmamgdynia.pl\/index.php\/wp-json\/wp\/v2\/media?parent=8959"}],"wp:term":[{"taxonomy":"product_cat","embeddable":true,"href":"http:\/\/klubmamgdynia.pl\/index.php\/wp-json\/wp\/v2\/product_cat?post=8959"},{"taxonomy":"product_tag","embeddable":true,"href":"http:\/\/klubmamgdynia.pl\/index.php\/wp-json\/wp\/v2\/product_tag?post=8959"}],"curies":[{"name":"wp","href":"https:\/\/api.w.org\/{rel}","templated":true}]}}