{"id":8965,"date":"2020-11-04T01:10:56","date_gmt":"2020-11-04T00:10:56","guid":{"rendered":"http:\/\/klubmamgdynia.pl\/index.php\/produkt\/samsung-nk24m5070bs\/"},"modified":"2026-04-06T02:46:13","modified_gmt":"2026-04-06T00:46:13","slug":"samsung-nk24m5070bs","status":"publish","type":"product","link":"http:\/\/klubmamgdynia.pl\/index.php\/produkt\/samsung-nk24m5070bs\/","title":{"rendered":"Samsung NK24M5070BS"},"content":{"rendered":"<h2>Samsung NK24M5070BS Samsung<\/h2>\n<p>\u017carty prima aprilis, quizy \u015bwi\u0105teczne bo\u017ce narodzenie, minionki kolorowanka, \u015bwi\u0119ty przemys\u0142aw, prezent dla 13 latki na \u015bwi\u0119ta, zagadki o zwierzetach, mandala kolorowanka, cytaty korczak<\/p>\n<p>yyyyy<\/p>\n<p>&nbsp;<\/p>\n","protected":false},"excerpt":{"rendered":"<p>Samsung NK24M5070BS Samsung \u017carty prima aprilis, quizy \u015bwi\u0105teczne bo\u017ce narodzenie, minionki kolorowanka, \u015bwi\u0119ty przemys\u0142aw, prezent dla 13 latki na \u015bwi\u0119ta, zagadki o zwierzetach, mandala kolorowanka, cytaty korczak yyyyy &nbsp;<\/p>\n","protected":false},"featured_media":8966,"comment_status":"closed","ping_status":"open","template":"","meta":[],"product_cat":[1766,1728],"product_tag":[596,751,649,869],"class_list":["post-8965","product","type-product","status-publish","has-post-thumbnail","hentry","product_cat-okapy","product_cat-samsung","product_tag-pomysly-na-prima-aprilis","product_tag-psi-patrol-kolorowanka","product_tag-zagadki-dla-nastolatkow","product_tag-zagadki-na-logike"],"_links":{"self":[{"href":"http:\/\/klubmamgdynia.pl\/index.php\/wp-json\/wp\/v2\/product\/8965","targetHints":{"allow":["GET"]}}],"collection":[{"href":"http:\/\/klubmamgdynia.pl\/index.php\/wp-json\/wp\/v2\/product"}],"about":[{"href":"http:\/\/klubmamgdynia.pl\/index.php\/wp-json\/wp\/v2\/types\/product"}],"replies":[{"embeddable":true,"href":"http:\/\/klubmamgdynia.pl\/index.php\/wp-json\/wp\/v2\/comments?post=8965"}],"wp:featuredmedia":[{"embeddable":true,"href":"http:\/\/klubmamgdynia.pl\/index.php\/wp-json\/wp\/v2\/media\/8966"}],"wp:attachment":[{"href":"http:\/\/klubmamgdynia.pl\/index.php\/wp-json\/wp\/v2\/media?parent=8965"}],"wp:term":[{"taxonomy":"product_cat","embeddable":true,"href":"http:\/\/klubmamgdynia.pl\/index.php\/wp-json\/wp\/v2\/product_cat?post=8965"},{"taxonomy":"product_tag","embeddable":true,"href":"http:\/\/klubmamgdynia.pl\/index.php\/wp-json\/wp\/v2\/product_tag?post=8965"}],"curies":[{"name":"wp","href":"https:\/\/api.w.org\/{rel}","templated":true}]}}