{"id":8975,"date":"2012-10-18T10:05:39","date_gmt":"2012-10-18T08:05:39","guid":{"rendered":"http:\/\/klubmamgdynia.pl\/index.php\/produkt\/blood-bowl-ii-gra-pc\/"},"modified":"2026-05-17T20:56:11","modified_gmt":"2026-05-17T18:56:11","slug":"blood-bowl-ii-gra-pc","status":"publish","type":"product","link":"http:\/\/klubmamgdynia.pl\/index.php\/produkt\/blood-bowl-ii-gra-pc\/","title":{"rendered":"Blood Bowl II (Gra PC)"},"content":{"rendered":"<p>TOUCHDOWN!!! Blood Bowl 2, to zderzenie Warhammera i futbolu ameryka\u0144skiego, \u0142\u0105cz\u0105ce strategi\u0119 czasu rzeczywistego, humor i przemoc przeniesione ze s\u0142awnej gry planszowej wydawnictwa Games Workshop.W\u015bciek\u0142o\u015b\u0107 i napi\u0119cie kultowych rozgrywek Blood Bowla zosta\u0142y znakomicie oddane w grze dzi\u0119ki nowemu silnikowi graficznemu i widowiskowej realizacji. Poprowad\u017a Reikland Reavers do zwyci\u0119stwa w ramach nowej kampanii dla jednego gracza, okraszonej przezabawnymi komentarzami Jima i Boba z Cabalvision. Ka\u017cdy mecz w kampanii b\u0119dzie pe\u0142en emocji i niespodzianek, kt\u00f3re zapewni\u0105 znakomit\u0105 regrywalno\u015b\u0107!Tryby jedno- i wieloosobowe nigdy nie by\u0142y tak wypasione. W sta\u0142ym trybie online przeciwko innym graczom (lub w trybie offline przeciw SI) poprowad\u017a dru\u017cyn\u0119 z\u0142o\u017con\u0105 z jednej z o\u015bmiu ras ze \u015bwiata Warhammera (ludzi, ork\u00f3w, krasnolud\u00f3w, skawen\u00f3w, wysokich elf\u00f3w, mrocznych elf\u00f3w, chao\u015bnik\u00f3w i breto\u0144czyk\u00f3w), zdobywaj punkty do\u015bwiadczenia i nabywaj nowe umiej\u0119tno\u015bci. Ale uwa\u017caj! Straty poniesione na boisku s\u0105 nieodwracalne&#8230; Zorganizuj mistrzostwa wed\u0142ug wybranych parametr\u00f3w, skorzystaj z nowego rynku transferowego i stw\u00f3rz dru\u017cyn\u0119 Blood Bowla swoich marze\u0144!<\/p>\n<h2>Blood Bowl II (Gra PC) Cyanide Studio<\/h2>\n<p>kielich z hosti\u0105 do druku, quiz flagi europy, opisy rodzina, zabawy dla 5-6 latk\u00f3w, prezent dla nastolatk\u00f3w na \u015bwi\u0119ta, mitologia grecka test wiedzy, prezenty dla 16 latki, gabriel imi\u0119, kr\u00f3tkie bajki do czytania pdf, prezent pod choink\u0119 dla 7 letniej dziewczynki, trudne zagadki dla doros\u0142ych, zagadki dla dzieci 5 lat, kolorowanka pieski, dynie pozna\u0144, test na znaki drogowe, zabawka na roczek, kaligrafia nauka pisania wyraz\u00f3w dla dzieci do druku pdf, test na znaki drogowe, karty pracy obrazki do wyklejania plastelin\u0105<\/p>\n<p>yyyyy<\/p>\n<p>&nbsp;<\/p>\n","protected":false},"excerpt":{"rendered":"<p>TOUCHDOWN!!! Blood Bowl 2, to zderzenie Warhammera i futbolu ameryka\u0144skiego, \u0142\u0105cz\u0105ce strategi\u0119 czasu rzeczywistego, humor i przemoc przeniesione ze s\u0142awnej gry planszowej wydawnictwa Games Workshop.W\u015bciek\u0142o\u015b\u0107 i napi\u0119cie kultowych rozgrywek Blood Bowla zosta\u0142y znakomicie oddane w grze dzi\u0119ki nowemu silnikowi graficznemu i widowiskowej realizacji. Poprowad\u017a Reikland Reavers do zwyci\u0119stwa w ramach nowej kampanii dla jednego gracza, [&hellip;]<\/p>\n","protected":false},"featured_media":8976,"comment_status":"closed","ping_status":"open","template":"","meta":[],"product_cat":[1768,222],"product_tag":[790,683,815,595,693],"class_list":["post-8975","product","type-product","status-publish","has-post-thumbnail","hentry","product_cat-cyanide-studio","product_cat-gry-pc","product_tag-gry-planszowe-dla-nastolatkow","product_tag-karaluchy-pod-poduchy","product_tag-ozdoby-choinkowe-dla-dzieci","product_tag-zagadki-dla-6-latka","product_tag-zagadki-dla-doroslych"],"_links":{"self":[{"href":"http:\/\/klubmamgdynia.pl\/index.php\/wp-json\/wp\/v2\/product\/8975","targetHints":{"allow":["GET"]}}],"collection":[{"href":"http:\/\/klubmamgdynia.pl\/index.php\/wp-json\/wp\/v2\/product"}],"about":[{"href":"http:\/\/klubmamgdynia.pl\/index.php\/wp-json\/wp\/v2\/types\/product"}],"replies":[{"embeddable":true,"href":"http:\/\/klubmamgdynia.pl\/index.php\/wp-json\/wp\/v2\/comments?post=8975"}],"wp:featuredmedia":[{"embeddable":true,"href":"http:\/\/klubmamgdynia.pl\/index.php\/wp-json\/wp\/v2\/media\/8976"}],"wp:attachment":[{"href":"http:\/\/klubmamgdynia.pl\/index.php\/wp-json\/wp\/v2\/media?parent=8975"}],"wp:term":[{"taxonomy":"product_cat","embeddable":true,"href":"http:\/\/klubmamgdynia.pl\/index.php\/wp-json\/wp\/v2\/product_cat?post=8975"},{"taxonomy":"product_tag","embeddable":true,"href":"http:\/\/klubmamgdynia.pl\/index.php\/wp-json\/wp\/v2\/product_tag?post=8975"}],"curies":[{"name":"wp","href":"https:\/\/api.w.org\/{rel}","templated":true}]}}