{"id":8979,"date":"2013-05-15T12:16:30","date_gmt":"2013-05-15T10:16:30","guid":{"rendered":"http:\/\/klubmamgdynia.pl\/index.php\/produkt\/g3-czarne-historie-mroczne-opowiesci\/"},"modified":"2026-04-09T17:47:51","modified_gmt":"2026-04-09T15:47:51","slug":"g3-czarne-historie-mroczne-opowiesci","status":"publish","type":"product","link":"http:\/\/klubmamgdynia.pl\/index.php\/produkt\/g3-czarne-historie-mroczne-opowiesci\/","title":{"rendered":"G3 Czarne Historie Mroczne Opowie\u015bci"},"content":{"rendered":"<p>\u015awiat jest szalony! Cech\u0105 szczeg\u00f3ln\u0105 tej edycji Czarnych historii jest fakt, \u017ce wszystkie zagadki opieraj\u0105 si\u0119 na prawdziwych wydarzeniach. Antropologiczne pomy\u0142ki, kulinarne zawi\u0142o\u015bci, biologiczne odst\u0119pstwa czy nietakty j\u0119zykowe &#8211; ka\u017cda z opisanych tutaj sytuacji wydarzy\u0142a si\u0119 lub mog\u0142a si\u0119 wydarzy\u0107 we wspomnianych regionach \u015bwiata.&#8221;Czarne historie &#8211; Dziwny \u015bwiat&#8221; to zestaw zupe\u0142nie nowych, ci\u0105gle niesamowicie tajemniczych historii z najdalszych zak\u0105tk\u00f3w globu. Ca\u0142kowicie zakr\u0119cona i pouczaj\u0105ca podr\u00f3\u017c dooko\u0142a \u015bwiata. Aby si\u0119 w ni\u0105 wybra\u0107, wcale nie trzeba wychodzi\u0107 z domu.ZAWARTO\u015a\u0106:50 kartinstrukcjaAutor: Corinna HarderIlustrator: Bernhard SkopnikRok wydania: 2022Minimalna liczba graczy: 2Maksymalna liczba graczy: 15Minimalny wiek graczy: 14Maksymalny wiek graczy: 99Minimalny czas gry (min): 45Maksymalny czas gry (min): 45Edycja: polskaInstrukcja: polskaWysoko\u015b\u0107 (mm): 135Szeroko\u015b\u0107 (mm): 95G\u0142\u0119boko\u015b\u0107 (mm): 25SKU: 110776<\/p>\n<h2>G3 Czarne Historie Mroczne Opowie\u015bci G3<\/h2>\n<p>wakacje kolorowanka, prezenty na roczek dla dziewczynki, oryginalny prezent na roczek, pan twardowski na ksi\u0119\u017cycu wiersz, filmy disneya, prezent dla dziewczynki 7 lat, zagadki logiczne dla dzieci 10 lat do druku, bajka psi patrol do czytania, pokemon kolorowanki do druku, cytaty korczaka, kolorowanki do druku pokemon, quizy ma\u0142y ksi\u0105\u017c\u0119, nauka literek do druku, zagadki wiosna, ozdoby \u015bwi\u0105teczne do zrobienia z dzie\u0107mi, znaczenie imiona pola, bajka o emocjach<\/p>\n<p>yyyyy<\/p>\n<p>&nbsp;<\/p>\n","protected":false},"excerpt":{"rendered":"<p>\u015awiat jest szalony! Cech\u0105 szczeg\u00f3ln\u0105 tej edycji Czarnych historii jest fakt, \u017ce wszystkie zagadki opieraj\u0105 si\u0119 na prawdziwych wydarzeniach. Antropologiczne pomy\u0142ki, kulinarne zawi\u0142o\u015bci, biologiczne odst\u0119pstwa czy nietakty j\u0119zykowe &#8211; ka\u017cda z opisanych tutaj sytuacji wydarzy\u0142a si\u0119 lub mog\u0142a si\u0119 wydarzy\u0107 we wspomnianych regionach \u015bwiata.&#8221;Czarne historie &#8211; Dziwny \u015bwiat&#8221; to zestaw zupe\u0142nie nowych, ci\u0105gle niesamowicie tajemniczych [&hellip;]<\/p>\n","protected":false},"featured_media":8980,"comment_status":"closed","ping_status":"open","template":"","meta":[],"product_cat":[1095,220],"product_tag":[819,637,868,822],"class_list":["post-8979","product","type-product","status-publish","has-post-thumbnail","hentry","product_cat-g3","product_cat-gry-karciane","product_tag-co-kupic-nastolatce-na-swieta","product_tag-niech-zyja-wakacje-tekst","product_tag-quizy-dla-dzieci","product_tag-wierszyki-o-wakacjach-krotkie"],"_links":{"self":[{"href":"http:\/\/klubmamgdynia.pl\/index.php\/wp-json\/wp\/v2\/product\/8979","targetHints":{"allow":["GET"]}}],"collection":[{"href":"http:\/\/klubmamgdynia.pl\/index.php\/wp-json\/wp\/v2\/product"}],"about":[{"href":"http:\/\/klubmamgdynia.pl\/index.php\/wp-json\/wp\/v2\/types\/product"}],"replies":[{"embeddable":true,"href":"http:\/\/klubmamgdynia.pl\/index.php\/wp-json\/wp\/v2\/comments?post=8979"}],"wp:featuredmedia":[{"embeddable":true,"href":"http:\/\/klubmamgdynia.pl\/index.php\/wp-json\/wp\/v2\/media\/8980"}],"wp:attachment":[{"href":"http:\/\/klubmamgdynia.pl\/index.php\/wp-json\/wp\/v2\/media?parent=8979"}],"wp:term":[{"taxonomy":"product_cat","embeddable":true,"href":"http:\/\/klubmamgdynia.pl\/index.php\/wp-json\/wp\/v2\/product_cat?post=8979"},{"taxonomy":"product_tag","embeddable":true,"href":"http:\/\/klubmamgdynia.pl\/index.php\/wp-json\/wp\/v2\/product_tag?post=8979"}],"curies":[{"name":"wp","href":"https:\/\/api.w.org\/{rel}","templated":true}]}}