{"id":8983,"date":"2016-07-05T16:00:05","date_gmt":"2016-07-05T14:00:05","guid":{"rendered":"http:\/\/klubmamgdynia.pl\/index.php\/produkt\/hasbro-action-man-z-lukiem-1354\/"},"modified":"2026-04-04T03:40:30","modified_gmt":"2026-04-04T01:40:30","slug":"hasbro-action-man-z-lukiem-1354","status":"publish","type":"product","link":"http:\/\/klubmamgdynia.pl\/index.php\/produkt\/hasbro-action-man-z-lukiem-1354\/","title":{"rendered":"Hasbro Action Man Z \u0141ukiem (1354)"},"content":{"rendered":"<p>Action Man\u00a0Z \u0141UKIEMWiek:\u00a04 lata+<\/p>\n<h2>Hasbro Action Man Z \u0141ukiem (1354) Hasbro<\/h2>\n<p>prezent dla nastolatka, ciekawostki o je\u017cach, zagadki matematyczne na logik\u0119, \u017cyczenia wielkanocne dla dzieci kr\u00f3tkie, atrakcje warszawa dla dzieci, p\u0142onie ognisko w lesie, kubu\u015b puchatek cytaty, bajka psi patrol do czytania, nauka polskiego dla dzieci z ukrainy, wakacyjne kolorowanki, alan imie, mia imie, postacie z bajek kolorowanki, kiekrz<\/p>\n<p>yyyyy<\/p>\n<p>&nbsp;<\/p>\n","protected":false},"excerpt":{"rendered":"<p>Action Man\u00a0Z \u0141UKIEMWiek:\u00a04 lata+ Hasbro Action Man Z \u0141ukiem (1354) Hasbro prezent dla nastolatka, ciekawostki o je\u017cach, zagadki matematyczne na logik\u0119, \u017cyczenia wielkanocne dla dzieci kr\u00f3tkie, atrakcje warszawa dla dzieci, p\u0142onie ognisko w lesie, kubu\u015b puchatek cytaty, bajka psi patrol do czytania, nauka polskiego dla dzieci z ukrainy, wakacyjne kolorowanki, alan imie, mia imie, postacie [&hellip;]<\/p>\n","protected":false},"featured_media":8984,"comment_status":"closed","ping_status":"open","template":"","meta":[],"product_cat":[95,129],"product_tag":[828,691,764,602],"class_list":["post-8983","product","type-product","status-publish","has-post-thumbnail","hentry","product_cat-figurki-makiety-i-zestawy","product_cat-hasbro","product_tag-filmy-wigilijne-dla-dzieci","product_tag-gabriel","product_tag-prezenty-na-roczek-dla-dziewczynki","product_tag-quiz-o-zwierzetach-domowych"],"_links":{"self":[{"href":"http:\/\/klubmamgdynia.pl\/index.php\/wp-json\/wp\/v2\/product\/8983","targetHints":{"allow":["GET"]}}],"collection":[{"href":"http:\/\/klubmamgdynia.pl\/index.php\/wp-json\/wp\/v2\/product"}],"about":[{"href":"http:\/\/klubmamgdynia.pl\/index.php\/wp-json\/wp\/v2\/types\/product"}],"replies":[{"embeddable":true,"href":"http:\/\/klubmamgdynia.pl\/index.php\/wp-json\/wp\/v2\/comments?post=8983"}],"wp:featuredmedia":[{"embeddable":true,"href":"http:\/\/klubmamgdynia.pl\/index.php\/wp-json\/wp\/v2\/media\/8984"}],"wp:attachment":[{"href":"http:\/\/klubmamgdynia.pl\/index.php\/wp-json\/wp\/v2\/media?parent=8983"}],"wp:term":[{"taxonomy":"product_cat","embeddable":true,"href":"http:\/\/klubmamgdynia.pl\/index.php\/wp-json\/wp\/v2\/product_cat?post=8983"},{"taxonomy":"product_tag","embeddable":true,"href":"http:\/\/klubmamgdynia.pl\/index.php\/wp-json\/wp\/v2\/product_tag?post=8983"}],"curies":[{"name":"wp","href":"https:\/\/api.w.org\/{rel}","templated":true}]}}