{"id":8989,"date":"2019-01-28T13:32:56","date_gmt":"2019-01-28T12:32:56","guid":{"rendered":"http:\/\/klubmamgdynia.pl\/index.php\/produkt\/nuuroo-talerz-silikonowy-akila-koala-2-sztuki-mahon\/"},"modified":"2026-05-17T22:38:38","modified_gmt":"2026-05-17T20:38:38","slug":"nuuroo-talerz-silikonowy-akila-koala-2-sztuki-mahon","status":"publish","type":"product","link":"http:\/\/klubmamgdynia.pl\/index.php\/produkt\/nuuroo-talerz-silikonowy-akila-koala-2-sztuki-mahon\/","title":{"rendered":"Nuuroo Talerz Silikonowy Akila Koala 2 Sztuki Maho\u0144"},"content":{"rendered":"<p>Szczeg\u00f3\u0142y produktu: Uroczy talerz silikonowy z nuuroo jest wykonany z silikonu z certyfikatem LFGB, bez szkodliwych substancji chemicznych. Silikon jest mi\u0119kki i praktyczny Mo\u017cna go my\u0107 w zmywarce i nie st\u0142ucze si\u0119 po upadku na pod\u0142og\u0119 Dostarczane w wysokiej jako\u015bci, ekologicznym opakowaniu Materia\u0142 i wymiary: 100% silikon z certyfikatem LFGB. Wymiary: 19,5 x 17,5 x 5 cm Masa: 183 g Instrukcje dotycz\u0105ce przechowywania i piel\u0119gnacji: Silikon jest bezpieczny dla \u017cywno\u015bci, mo\u017cna go my\u0107 w zmywarce i u\u017cywa\u0107 w kuchence mikrofalowej. W zestawie: 2x Nuuroo P\u0142ytka silikonowa Akila, Maho\u0144<\/p>\n<h2>Nuuroo Talerz Silikonowy Akila Koala 2 Sztuki Maho\u0144 <\/h2>\n<p>olaf znaczenie imienia, trudne zagadki z odpowiedziami, star wars kolorowanki, nauka zegara zegar do druku, ozdoby wielkanocne z dzie\u0107mi, tupu tup po \u015bniegu tekst, test miko\u0142ajek, zgadywanki, kolorowanki lego ninjago, po\u0142\u0105cz kropki do druku \u0142atwe, prezent dla 19 latka, imie iwo, sentencje o przyja\u017ani, prezenty dla 7 latki, kolorowanka pikachu, kolorowanki lol do druku, ch\u0142opcy z placu broni &#8211; test z odpowiedziami, lol surprise kolorowanki, jeremi, prezent dla nastolatki, pieski<\/p>\n<p>yyyyy<\/p>\n<p>&nbsp;<\/p>\n","protected":false},"excerpt":{"rendered":"<p>Szczeg\u00f3\u0142y produktu: Uroczy talerz silikonowy z nuuroo jest wykonany z silikonu z certyfikatem LFGB, bez szkodliwych substancji chemicznych. Silikon jest mi\u0119kki i praktyczny Mo\u017cna go my\u0107 w zmywarce i nie st\u0142ucze si\u0119 po upadku na pod\u0142og\u0119 Dostarczane w wysokiej jako\u015bci, ekologicznym opakowaniu Materia\u0142 i wymiary: 100% silikon z certyfikatem LFGB. Wymiary: 19,5 x 17,5 x [&hellip;]<\/p>\n","protected":false},"featured_media":8990,"comment_status":"closed","ping_status":"open","template":"","meta":[],"product_cat":[215],"product_tag":[585,663,614,705,601],"class_list":["post-8989","product","type-product","status-publish","has-post-thumbnail","hentry","product_cat-naczynia-i-sztucce-dla-dzieci","product_tag-kolorowanki-dla-chlopcow","product_tag-kolorowanki-dla-dzieci-do-druku","product_tag-pia","product_tag-prezent-na-roczek-dla-chlopca","product_tag-zagadki-co-to-jest"],"_links":{"self":[{"href":"http:\/\/klubmamgdynia.pl\/index.php\/wp-json\/wp\/v2\/product\/8989","targetHints":{"allow":["GET"]}}],"collection":[{"href":"http:\/\/klubmamgdynia.pl\/index.php\/wp-json\/wp\/v2\/product"}],"about":[{"href":"http:\/\/klubmamgdynia.pl\/index.php\/wp-json\/wp\/v2\/types\/product"}],"replies":[{"embeddable":true,"href":"http:\/\/klubmamgdynia.pl\/index.php\/wp-json\/wp\/v2\/comments?post=8989"}],"wp:featuredmedia":[{"embeddable":true,"href":"http:\/\/klubmamgdynia.pl\/index.php\/wp-json\/wp\/v2\/media\/8990"}],"wp:attachment":[{"href":"http:\/\/klubmamgdynia.pl\/index.php\/wp-json\/wp\/v2\/media?parent=8989"}],"wp:term":[{"taxonomy":"product_cat","embeddable":true,"href":"http:\/\/klubmamgdynia.pl\/index.php\/wp-json\/wp\/v2\/product_cat?post=8989"},{"taxonomy":"product_tag","embeddable":true,"href":"http:\/\/klubmamgdynia.pl\/index.php\/wp-json\/wp\/v2\/product_tag?post=8989"}],"curies":[{"name":"wp","href":"https:\/\/api.w.org\/{rel}","templated":true}]}}